{"id":1006,"date":"2023-11-20T13:36:43","date_gmt":"2023-11-20T11:36:43","guid":{"rendered":"https:\/\/blackmusicfestival.com\/dee-dee-bridgewater-girona-jazz-project\/"},"modified":"2023-11-20T13:36:43","modified_gmt":"2023-11-20T11:36:43","slug":"dee-dee-bridgewater-girona-jazz-project","status":"publish","type":"tribe_events","link":"https:\/\/blackmusicfestival.com\/es\/dee-dee-bridgewater-girona-jazz-project\/","title":{"rendered":"Dee Dee Bridgewater &amp; Girona Jazz Project"},"content":{"rendered":"<p><iframe loading=\"lazy\" title=\"YouTube video player\" src=\"https:\/\/www.youtube.com\/embed\/fhlJKXA9quc?si=D673-STLiRfEenHb\" width=\"100%\" height=\"600\" frameborder=\"0\" allowfullscreen=\"allowfullscreen\"><span data-mce-type=\"bookmark\" style=\"display: inline-block; width: 0px; overflow: hidden; line-height: 0;\" class=\"mce_SELRES_start\"><\/span><\/iframe><\/p>\n<p>A lo largo de una carrera poli\u00e9drica, la ganadora de 3 premios Grammy Dee Dee Bridgewater ha ascendido al escal\u00f3n superior de las vocalistas, girando est\u00e1ndares de forma \u00fanica y dando intr\u00e9pidos saltos de fe reimaginando cl\u00e1sicos del jazz. Pionera sin miedo y guardiana de la tradici\u00f3n, su primera experiencia profesional fue como miembro de la legendaria Thad Jones\/Miel Louis Big Band. A lo largo de los a\u00f1os 70, actu\u00f3 con los maestros del jazz Max Roach, Sonny Rollins, Dexter Gordon y Dizzy Gillespie, entre otros. Con una carrera paralela al teatro musical, Bridgewater gan\u00f3 un premio Tony por su papel de \u00abGlinda\u00bb en The Wiz (1975).<\/p>\n<p>Como legado embajador de buena voluntad en la FAO de Naciones Unidas, Bridgewater defiende los esfuerzos globales en la lucha contra el hambre en el mundo. Bridgewater, maestra de jazz de NEA 2017, es galardonada con el premio ASCAP Champion, Doris Duke Artist (2018) y miembro del Memphis Music Hall of Fame (2019). Cofundadora y codirectora art\u00edstica de The Woodshed Network.<\/p>\n<p>Acompa\u00f1ada por la Girona Jazz Project Dee Dee Bridgewater nos ofrecer\u00e1 una revisi\u00f3n del proyecto Dee Dee&#8217;s Feathers que realiz\u00f3 con la New Orleans Jazz Orchestra y que fue aclamado por la cr\u00edtica.<\/p>\n","protected":false},"excerpt":{"rendered":"<p>A lo largo de una carrera poli\u00e9drica, la ganadora de 3 premios Grammy Dee Dee Bridgewater ha ascendido al escal\u00f3n superior de las vocalistas, girando est\u00e1ndares de forma \u00fanica y [&hellip;]<\/p>\n","protected":false},"author":3,"featured_media":794,"template":"","meta":{"_et_pb_use_builder":"off","_et_pb_old_content":"","_et_gb_content_width":"","_tribe_events_status":"","_tribe_events_status_reason":"","footnotes":""},"tags":[],"tribe_events_cat":[],"class_list":["post-1006","tribe_events","type-tribe_events","status-publish","has-post-thumbnail","hentry"],"yoast_head":"<!-- This site is optimized with the Yoast SEO plugin v26.3 - https:\/\/yoast.com\/wordpress\/plugins\/seo\/ -->\n<title>Dee Dee Bridgewater &amp; Girona Jazz Project - Black Music Festival<\/title>\n<meta name=\"robots\" content=\"index, follow, max-snippet:-1, max-image-preview:large, max-video-preview:-1\" \/>\n<link rel=\"canonical\" href=\"https:\/\/blackmusicfestival.com\/deedee\/\" \/>\n<meta property=\"og:locale\" content=\"es_ES\" \/>\n<meta property=\"og:type\" content=\"article\" \/>\n<meta property=\"og:title\" content=\"Dee Dee Bridgewater &amp; Girona Jazz Project - Black Music Festival\" \/>\n<meta property=\"og:description\" content=\"A lo largo de una carrera poli\u00e9drica, la ganadora de 3 premios Grammy Dee Dee Bridgewater ha ascendido al escal\u00f3n superior de las vocalistas, girando est\u00e1ndares de forma \u00fanica y [&hellip;]\" \/>\n<meta property=\"og:url\" content=\"https:\/\/blackmusicfestival.com\/deedee\/\" \/>\n<meta property=\"og:site_name\" content=\"Black Music Festival\" \/>\n<meta property=\"og:image\" content=\"https:\/\/blackmusicfestival.com\/wp-content\/uploads\/2023\/11\/DDB-by-Hernan-Rodriguez.jpeg\" \/>\n\t<meta property=\"og:image:width\" content=\"512\" \/>\n\t<meta property=\"og:image:height\" content=\"640\" \/>\n\t<meta property=\"og:image:type\" content=\"image\/jpeg\" \/>\n<meta name=\"twitter:card\" content=\"summary_large_image\" \/>\n<meta name=\"twitter:label1\" content=\"Tiempo de lectura\" \/>\n\t<meta name=\"twitter:data1\" content=\"1 minuto\" \/>\n<script type=\"application\/ld+json\" class=\"yoast-schema-graph\">{\"@context\":\"https:\/\/schema.org\",\"@graph\":[{\"@type\":\"WebPage\",\"@id\":\"https:\/\/blackmusicfestival.com\/deedee\/\",\"url\":\"https:\/\/blackmusicfestival.com\/deedee\/\",\"name\":\"Dee Dee Bridgewater &amp; Girona Jazz Project - Black Music Festival\",\"isPartOf\":{\"@id\":\"https:\/\/blackmusicfestival.com\/#website\"},\"primaryImageOfPage\":{\"@id\":\"https:\/\/blackmusicfestival.com\/deedee\/#primaryimage\"},\"image\":{\"@id\":\"https:\/\/blackmusicfestival.com\/deedee\/#primaryimage\"},\"thumbnailUrl\":\"https:\/\/blackmusicfestival.com\/wp-content\/uploads\/2023\/11\/DDB-by-Hernan-Rodriguez.jpeg\",\"datePublished\":\"2023-11-20T11:36:43+00:00\",\"breadcrumb\":{\"@id\":\"https:\/\/blackmusicfestival.com\/deedee\/#breadcrumb\"},\"inLanguage\":\"es\",\"potentialAction\":[{\"@type\":\"ReadAction\",\"target\":[\"https:\/\/blackmusicfestival.com\/deedee\/\"]}]},{\"@type\":\"ImageObject\",\"inLanguage\":\"es\",\"@id\":\"https:\/\/blackmusicfestival.com\/deedee\/#primaryimage\",\"url\":\"https:\/\/blackmusicfestival.com\/wp-content\/uploads\/2023\/11\/DDB-by-Hernan-Rodriguez.jpeg\",\"contentUrl\":\"https:\/\/blackmusicfestival.com\/wp-content\/uploads\/2023\/11\/DDB-by-Hernan-Rodriguez.jpeg\",\"width\":512,\"height\":640},{\"@type\":\"BreadcrumbList\",\"@id\":\"https:\/\/blackmusicfestival.com\/deedee\/#breadcrumb\",\"itemListElement\":[{\"@type\":\"ListItem\",\"position\":1,\"name\":\"Inici\",\"item\":\"https:\/\/blackmusicfestival.com\/\"},{\"@type\":\"ListItem\",\"position\":2,\"name\":\"Esdeveniments\",\"item\":\"https:\/\/blackmusicfestival.com\/events\/\"},{\"@type\":\"ListItem\",\"position\":3,\"name\":\"Dee Dee Bridgewater &amp; Girona Jazz Project\"}]},{\"@type\":\"WebSite\",\"@id\":\"https:\/\/blackmusicfestival.com\/#website\",\"url\":\"https:\/\/blackmusicfestival.com\/\",\"name\":\"Black Music Festival\",\"description\":\"El Festival de M\u00fasica Negra de Catalunya\",\"potentialAction\":[{\"@type\":\"SearchAction\",\"target\":{\"@type\":\"EntryPoint\",\"urlTemplate\":\"https:\/\/blackmusicfestival.com\/?s={search_term_string}\"},\"query-input\":{\"@type\":\"PropertyValueSpecification\",\"valueRequired\":true,\"valueName\":\"search_term_string\"}}],\"inLanguage\":\"es\"}]}<\/script>\n<!-- \/ Yoast SEO plugin. -->","yoast_head_json":{"title":"Dee Dee Bridgewater &amp; Girona Jazz Project - Black Music Festival","robots":{"index":"index","follow":"follow","max-snippet":"max-snippet:-1","max-image-preview":"max-image-preview:large","max-video-preview":"max-video-preview:-1"},"canonical":"https:\/\/blackmusicfestival.com\/deedee\/","og_locale":"es_ES","og_type":"article","og_title":"Dee Dee Bridgewater &amp; Girona Jazz Project - Black Music Festival","og_description":"A lo largo de una carrera poli\u00e9drica, la ganadora de 3 premios Grammy Dee Dee Bridgewater ha ascendido al escal\u00f3n superior de las vocalistas, girando est\u00e1ndares de forma \u00fanica y [&hellip;]","og_url":"https:\/\/blackmusicfestival.com\/deedee\/","og_site_name":"Black Music Festival","og_image":[{"width":512,"height":640,"url":"https:\/\/blackmusicfestival.com\/wp-content\/uploads\/2023\/11\/DDB-by-Hernan-Rodriguez.jpeg","type":"image\/jpeg"}],"twitter_card":"summary_large_image","twitter_misc":{"Tiempo de lectura":"1 minuto"},"schema":{"@context":"https:\/\/schema.org","@graph":[{"@type":"WebPage","@id":"https:\/\/blackmusicfestival.com\/deedee\/","url":"https:\/\/blackmusicfestival.com\/deedee\/","name":"Dee Dee Bridgewater &amp; Girona Jazz Project - Black Music Festival","isPartOf":{"@id":"https:\/\/blackmusicfestival.com\/#website"},"primaryImageOfPage":{"@id":"https:\/\/blackmusicfestival.com\/deedee\/#primaryimage"},"image":{"@id":"https:\/\/blackmusicfestival.com\/deedee\/#primaryimage"},"thumbnailUrl":"https:\/\/blackmusicfestival.com\/wp-content\/uploads\/2023\/11\/DDB-by-Hernan-Rodriguez.jpeg","datePublished":"2023-11-20T11:36:43+00:00","breadcrumb":{"@id":"https:\/\/blackmusicfestival.com\/deedee\/#breadcrumb"},"inLanguage":"es","potentialAction":[{"@type":"ReadAction","target":["https:\/\/blackmusicfestival.com\/deedee\/"]}]},{"@type":"ImageObject","inLanguage":"es","@id":"https:\/\/blackmusicfestival.com\/deedee\/#primaryimage","url":"https:\/\/blackmusicfestival.com\/wp-content\/uploads\/2023\/11\/DDB-by-Hernan-Rodriguez.jpeg","contentUrl":"https:\/\/blackmusicfestival.com\/wp-content\/uploads\/2023\/11\/DDB-by-Hernan-Rodriguez.jpeg","width":512,"height":640},{"@type":"BreadcrumbList","@id":"https:\/\/blackmusicfestival.com\/deedee\/#breadcrumb","itemListElement":[{"@type":"ListItem","position":1,"name":"Inici","item":"https:\/\/blackmusicfestival.com\/"},{"@type":"ListItem","position":2,"name":"Esdeveniments","item":"https:\/\/blackmusicfestival.com\/events\/"},{"@type":"ListItem","position":3,"name":"Dee Dee Bridgewater &amp; Girona Jazz Project"}]},{"@type":"WebSite","@id":"https:\/\/blackmusicfestival.com\/#website","url":"https:\/\/blackmusicfestival.com\/","name":"Black Music Festival","description":"El Festival de M\u00fasica Negra de Catalunya","potentialAction":[{"@type":"SearchAction","target":{"@type":"EntryPoint","urlTemplate":"https:\/\/blackmusicfestival.com\/?s={search_term_string}"},"query-input":{"@type":"PropertyValueSpecification","valueRequired":true,"valueName":"search_term_string"}}],"inLanguage":"es"}]}},"_links":{"self":[{"href":"https:\/\/blackmusicfestival.com\/es\/wp-json\/wp\/v2\/tribe_events\/1006","targetHints":{"allow":["GET"]}}],"collection":[{"href":"https:\/\/blackmusicfestival.com\/es\/wp-json\/wp\/v2\/tribe_events"}],"about":[{"href":"https:\/\/blackmusicfestival.com\/es\/wp-json\/wp\/v2\/types\/tribe_events"}],"author":[{"embeddable":true,"href":"https:\/\/blackmusicfestival.com\/es\/wp-json\/wp\/v2\/users\/3"}],"version-history":[{"count":0,"href":"https:\/\/blackmusicfestival.com\/es\/wp-json\/wp\/v2\/tribe_events\/1006\/revisions"}],"wp:featuredmedia":[{"embeddable":true,"href":"https:\/\/blackmusicfestival.com\/es\/wp-json\/wp\/v2\/media\/794"}],"wp:attachment":[{"href":"https:\/\/blackmusicfestival.com\/es\/wp-json\/wp\/v2\/media?parent=1006"}],"wp:term":[{"taxonomy":"post_tag","embeddable":true,"href":"https:\/\/blackmusicfestival.com\/es\/wp-json\/wp\/v2\/tags?post=1006"},{"taxonomy":"tribe_events_cat","embeddable":true,"href":"https:\/\/blackmusicfestival.com\/es\/wp-json\/wp\/v2\/tribe_events_cat?post=1006"}],"curies":[{"name":"wp","href":"https:\/\/api.w.org\/{rel}","templated":true}]}}

<p><iframe loading="lazy" title="YouTube video player" src="https://www.youtube.com/embed/fhlJKXA9quc?si=D673-STLiRfEenHb" width="100%" height="600" frameborder="0" allowfullscreen="allowfullscreen"><span data-mce-type="bookmark" style="display: inline-block; width: 0px; overflow: hidden; line-height: 0;" class="mce_SELRES_start"></span></iframe></p>
<p>A lo largo de una carrera poliédrica, la ganadora de 3 premios Grammy Dee Dee Bridgewater ha ascendido al escalón superior de las vocalistas, girando estándares de forma única y dando intrépidos saltos de fe reimaginando clásicos del jazz. Pionera sin miedo y guardiana de la tradición, su primera experiencia profesional fue como miembro de la legendaria Thad Jones/Miel Louis Big Band. A lo largo de los años 70, actuó con los maestros del jazz Max Roach, Sonny Rollins, Dexter Gordon y Dizzy Gillespie, entre otros. Con una carrera paralela al teatro musical, Bridgewater ganó un premio Tony por su papel de «Glinda» en The Wiz (1975).</p>
<p>Como legado embajador de buena voluntad en la FAO de Naciones Unidas, Bridgewater defiende los esfuerzos globales en la lucha contra el hambre en el mundo. Bridgewater, maestra de jazz de NEA 2017, es galardonada con el premio ASCAP Champion, Doris Duke Artist (2018) y miembro del Memphis Music Hall of Fame (2019). Cofundadora y codirectora artística de The Woodshed Network.</p>
<p>Acompañada por la Girona Jazz Project Dee Dee Bridgewater nos ofrecerá una revisión del proyecto Dee Dee&#8217;s Feathers que realizó con la New Orleans Jazz Orchestra y que fue aclamado por la crítica.</p>

<p>A lo largo de una carrera poliédrica, la ganadora de 3 premios Grammy Dee Dee Bridgewater ha ascendido al escalón superior de las vocalistas, girando estándares de forma única y [&hellip;]</p>

<!-- This site is optimized with the Yoast SEO plugin v26.3 - https://yoast.com/wordpress/plugins/seo/ -->
<title>Dee Dee Bridgewater &amp; Girona Jazz Project - Black Music Festival</title>
<meta name="robots" content="index, follow, max-snippet:-1, max-image-preview:large, max-video-preview:-1" />
<link rel="canonical" href="https://blackmusicfestival.com/deedee/" />
<meta property="og:locale" content="es_ES" />
<meta property="og:type" content="article" />
<meta property="og:title" content="Dee Dee Bridgewater &amp; Girona Jazz Project - Black Music Festival" />
<meta property="og:description" content="A lo largo de una carrera poliédrica, la ganadora de 3 premios Grammy Dee Dee Bridgewater ha ascendido al escalón superior de las vocalistas, girando estándares de forma única y [&hellip;]" />
<meta property="og:url" content="https://blackmusicfestival.com/deedee/" />
<meta property="og:site_name" content="Black Music Festival" />
<meta property="og:image" content="https://blackmusicfestival.com/wp-content/uploads/2023/11/DDB-by-Hernan-Rodriguez.jpeg" />
	<meta property="og:image:width" content="512" />
	<meta property="og:image:height" content="640" />
	<meta property="og:image:type" content="image/jpeg" />
<meta name="twitter:card" content="summary_large_image" />
<meta name="twitter:label1" content="Tiempo de lectura" />
	<meta name="twitter:data1" content="1 minuto" />
<script type="application/ld+json" class="yoast-schema-graph">{"@context":"https://schema.org","@graph":[{"@type":"WebPage","@id":"https://blackmusicfestival.com/deedee/","url":"https://blackmusicfestival.com/deedee/","name":"Dee Dee Bridgewater &amp; Girona Jazz Project - Black Music Festival","isPartOf":{"@id":"https://blackmusicfestival.com/#website"},"primaryImageOfPage":{"@id":"https://blackmusicfestival.com/deedee/#primaryimage"},"image":{"@id":"https://blackmusicfestival.com/deedee/#primaryimage"},"thumbnailUrl":"https://blackmusicfestival.com/wp-content/uploads/2023/11/DDB-by-Hernan-Rodriguez.jpeg","datePublished":"2023-11-20T11:36:43+00:00","breadcrumb":{"@id":"https://blackmusicfestival.com/deedee/#breadcrumb"},"inLanguage":"es","potentialAction":[{"@type":"ReadAction","target":["https://blackmusicfestival.com/deedee/"]}]},{"@type":"ImageObject","inLanguage":"es","@id":"https://blackmusicfestival.com/deedee/#primaryimage","url":"https://blackmusicfestival.com/wp-content/uploads/2023/11/DDB-by-Hernan-Rodriguez.jpeg","contentUrl":"https://blackmusicfestival.com/wp-content/uploads/2023/11/DDB-by-Hernan-Rodriguez.jpeg","width":512,"height":640},{"@type":"BreadcrumbList","@id":"https://blackmusicfestival.com/deedee/#breadcrumb","itemListElement":[{"@type":"ListItem","position":1,"name":"Inici","item":"https://blackmusicfestival.com/"},{"@type":"ListItem","position":2,"name":"Esdeveniments","item":"https://blackmusicfestival.com/events/"},{"@type":"ListItem","position":3,"name":"Dee Dee Bridgewater &amp; Girona Jazz Project"}]},{"@type":"WebSite","@id":"https://blackmusicfestival.com/#website","url":"https://blackmusicfestival.com/","name":"Black Music Festival","description":"El Festival de Música Negra de Catalunya","potentialAction":[{"@type":"SearchAction","target":{"@type":"EntryPoint","urlTemplate":"https://blackmusicfestival.com/?s={search_term_string}"},"query-input":{"@type":"PropertyValueSpecification","valueRequired":true,"valueName":"search_term_string"}}],"inLanguage":"es"}]}</script>
<!-- / Yoast SEO plugin. -->

A lo largo de una carrera poliédrica, la ganadora de 3 premios Grammy Dee Dee Bridgewater ha ascendido al escalón superior de las vocalistas, girando estándares de forma única y [&hellip;]

El Festival de Música Negra de Catalunya
