{"id":1022,"date":"2023-11-22T19:48:32","date_gmt":"2023-11-22T17:48:32","guid":{"rendered":"https:\/\/blackmusicfestival.com\/namina-2\/"},"modified":"2024-02-01T14:14:53","modified_gmt":"2024-02-01T12:14:53","slug":"namina-2","status":"publish","type":"tribe_events","link":"https:\/\/blackmusicfestival.com\/es\/namina-2\/","title":{"rendered":"Namina"},"content":{"rendered":"<p><iframe loading=\"lazy\" title=\"YouTube video player\" src=\"https:\/\/www.youtube.com\/embed\/LL5axZRahdA?si=3twLjvsynTwxdC_z\" width=\"100%\" height=\"600\" frameborder=\"0\" allowfullscreen=\"allowfullscreen\"><span data-mce-type=\"bookmark\" style=\"display: inline-block; width: 0px; overflow: hidden; line-height: 0;\" class=\"mce_SELRES_start\"><\/span><span data-mce-type=\"bookmark\" style=\"display: inline-block; width: 0px; overflow: hidden; line-height: 0;\" class=\"mce_SELRES_start\"><\/span><\/iframe><\/p>\n<p>Despu\u00e9s de girar un a\u00f1o presentando, Un Udol, el 4\u00ba disco de Namina, las buenas perspectivas han llevado a ampliar la banda y crecer sobre el escenario con m\u00fasica que formar\u00e1 parte de su nuevo disco, previsto para este 2024.<br \/>\nDel Amazonas al Mediterr\u00e1neo pasando por Mississipi y Nilo, Namina ofrece un viaje que bebe de las ra\u00edces y las transforma, donde el blues, la m\u00fasica Brasile\u00f1a y de M\u00e9xico y el jazz confluyen en un directo hipn\u00f3tico y una personalidad \u00fanica. M\u00fasica m\u00e1s all\u00e1 de etiquetas. Canciones propias, composiciones a cuatro manos y versiones llevadas al naminismo. <\/p>\n<p>&#8211; &#8211; &#8211; &#8211; &#8211; &#8211; &#8211; &#8211; &#8211; &#8211;<\/p>\n<p><iframe loading=\"lazy\" title=\"YouTube video player\" src=\"https:\/\/www.youtube.com\/embed\/vmzM-zEwnb0?si=CBT9LK2hZ7ilS_cH\" width=\"100%\" height=\"600\" frameborder=\"0\" allowfullscreen=\"allowfullscreen\"><span data-mce-type=\"bookmark\" style=\"display: inline-block; width: 0px; overflow: hidden; line-height: 0;\" class=\"mce_SELRES_start\"><\/span><\/iframe><\/p>\n<p>Este cantautor nacido en Brixton, ganador de varios premios, ha sido descrito como \u00abel mejor arm\u00f3nico de blues y reggae de Europa\u00bb. Despu\u00e9s de 30 a\u00f1os de Errol en la escena del blues underground londinense a\u00fan se puede encontrar tocando en solitario en Oxford Circus, adem\u00e1s de aparecer en festivales importantes y en giras europeas con su banda excepcional.  Su alma introspectiva y su rostro tranquilo desmienten al poderoso y apasionado int\u00e9rprete que es. El \u00faltimo disco de Errol, &#8216;Packing My Bags&#8217; con su fusi\u00f3n \u00fanica de estilos de blues; \u00abComo Chess Records meets Studio One\u00bb, le ha hecho ganar los elogios de la cr\u00edtica y ha llegado a un p\u00fablico internacional m\u00e1s amplio. Los espect\u00e1culos de este gran londinense son legendarios, espere bailar.<\/p>\n","protected":false},"excerpt":{"rendered":"<p>Despu\u00e9s de girar un a\u00f1o presentando, Un Udol, el 4\u00ba disco de Namina, las buenas perspectivas han llevado a ampliar la banda y crecer sobre el escenario con m\u00fasica que [&hellip;]<\/p>\n","protected":false},"author":3,"featured_media":900,"template":"","meta":{"_et_pb_use_builder":"","_et_pb_old_content":"","_et_gb_content_width":"","_tribe_events_status":"","_tribe_events_status_reason":"","footnotes":""},"tags":[],"tribe_events_cat":[72],"class_list":["post-1022","tribe_events","type-tribe_events","status-publish","has-post-thumbnail","hentry","tribe_events_cat-namina-es","cat_namina-es"],"yoast_head":"<!-- This site is optimized with the Yoast SEO plugin v26.3 - https:\/\/yoast.com\/wordpress\/plugins\/seo\/ -->\n<title>Namina - Black Music Festival<\/title>\n<meta name=\"robots\" content=\"index, follow, max-snippet:-1, max-image-preview:large, max-video-preview:-1\" \/>\n<link rel=\"canonical\" href=\"https:\/\/blackmusicfestival.com\/namina\/\" \/>\n<meta property=\"og:locale\" content=\"es_ES\" \/>\n<meta property=\"og:type\" content=\"article\" \/>\n<meta property=\"og:title\" content=\"Namina - Black Music Festival\" \/>\n<meta property=\"og:description\" content=\"Despu\u00e9s de girar un a\u00f1o presentando, Un Udol, el 4\u00ba disco de Namina, las buenas perspectivas han llevado a ampliar la banda y crecer sobre el escenario con m\u00fasica que [&hellip;]\" \/>\n<meta property=\"og:url\" content=\"https:\/\/blackmusicfestival.com\/namina\/\" \/>\n<meta property=\"og:site_name\" content=\"Black Music Festival\" \/>\n<meta property=\"article:modified_time\" content=\"2024-02-01T12:14:53+00:00\" \/>\n<meta property=\"og:image\" content=\"https:\/\/blackmusicfestival.com\/wp-content\/uploads\/2023\/11\/IMG_1498-scaled.jpg\" \/>\n\t<meta property=\"og:image:width\" content=\"2560\" \/>\n\t<meta property=\"og:image:height\" content=\"1920\" \/>\n\t<meta property=\"og:image:type\" content=\"image\/jpeg\" \/>\n<meta name=\"twitter:card\" content=\"summary_large_image\" \/>\n<meta name=\"twitter:label1\" content=\"Tiempo de lectura\" \/>\n\t<meta name=\"twitter:data1\" content=\"1 minuto\" \/>\n<script type=\"application\/ld+json\" class=\"yoast-schema-graph\">{\"@context\":\"https:\/\/schema.org\",\"@graph\":[{\"@type\":\"WebPage\",\"@id\":\"https:\/\/blackmusicfestival.com\/namina\/\",\"url\":\"https:\/\/blackmusicfestival.com\/namina\/\",\"name\":\"Namina - Black Music Festival\",\"isPartOf\":{\"@id\":\"https:\/\/blackmusicfestival.com\/#website\"},\"primaryImageOfPage\":{\"@id\":\"https:\/\/blackmusicfestival.com\/namina\/#primaryimage\"},\"image\":{\"@id\":\"https:\/\/blackmusicfestival.com\/namina\/#primaryimage\"},\"thumbnailUrl\":\"https:\/\/blackmusicfestival.com\/wp-content\/uploads\/2023\/11\/IMG_1498-scaled.jpg\",\"datePublished\":\"2023-11-22T17:48:32+00:00\",\"dateModified\":\"2024-02-01T12:14:53+00:00\",\"breadcrumb\":{\"@id\":\"https:\/\/blackmusicfestival.com\/namina\/#breadcrumb\"},\"inLanguage\":\"es\",\"potentialAction\":[{\"@type\":\"ReadAction\",\"target\":[\"https:\/\/blackmusicfestival.com\/namina\/\"]}]},{\"@type\":\"ImageObject\",\"inLanguage\":\"es\",\"@id\":\"https:\/\/blackmusicfestival.com\/namina\/#primaryimage\",\"url\":\"https:\/\/blackmusicfestival.com\/wp-content\/uploads\/2023\/11\/IMG_1498-scaled.jpg\",\"contentUrl\":\"https:\/\/blackmusicfestival.com\/wp-content\/uploads\/2023\/11\/IMG_1498-scaled.jpg\",\"width\":2560,\"height\":1920},{\"@type\":\"BreadcrumbList\",\"@id\":\"https:\/\/blackmusicfestival.com\/namina\/#breadcrumb\",\"itemListElement\":[{\"@type\":\"ListItem\",\"position\":1,\"name\":\"Inici\",\"item\":\"https:\/\/blackmusicfestival.com\/\"},{\"@type\":\"ListItem\",\"position\":2,\"name\":\"Esdeveniments\",\"item\":\"https:\/\/blackmusicfestival.com\/events\/\"},{\"@type\":\"ListItem\",\"position\":3,\"name\":\"Namina\"}]},{\"@type\":\"WebSite\",\"@id\":\"https:\/\/blackmusicfestival.com\/#website\",\"url\":\"https:\/\/blackmusicfestival.com\/\",\"name\":\"Black Music Festival\",\"description\":\"El Festival de M\u00fasica Negra de Catalunya\",\"potentialAction\":[{\"@type\":\"SearchAction\",\"target\":{\"@type\":\"EntryPoint\",\"urlTemplate\":\"https:\/\/blackmusicfestival.com\/?s={search_term_string}\"},\"query-input\":{\"@type\":\"PropertyValueSpecification\",\"valueRequired\":true,\"valueName\":\"search_term_string\"}}],\"inLanguage\":\"es\"}]}<\/script>\n<!-- \/ Yoast SEO plugin. -->","yoast_head_json":{"title":"Namina - Black Music Festival","robots":{"index":"index","follow":"follow","max-snippet":"max-snippet:-1","max-image-preview":"max-image-preview:large","max-video-preview":"max-video-preview:-1"},"canonical":"https:\/\/blackmusicfestival.com\/namina\/","og_locale":"es_ES","og_type":"article","og_title":"Namina - Black Music Festival","og_description":"Despu\u00e9s de girar un a\u00f1o presentando, Un Udol, el 4\u00ba disco de Namina, las buenas perspectivas han llevado a ampliar la banda y crecer sobre el escenario con m\u00fasica que [&hellip;]","og_url":"https:\/\/blackmusicfestival.com\/namina\/","og_site_name":"Black Music Festival","article_modified_time":"2024-02-01T12:14:53+00:00","og_image":[{"width":2560,"height":1920,"url":"https:\/\/blackmusicfestival.com\/wp-content\/uploads\/2023\/11\/IMG_1498-scaled.jpg","type":"image\/jpeg"}],"twitter_card":"summary_large_image","twitter_misc":{"Tiempo de lectura":"1 minuto"},"schema":{"@context":"https:\/\/schema.org","@graph":[{"@type":"WebPage","@id":"https:\/\/blackmusicfestival.com\/namina\/","url":"https:\/\/blackmusicfestival.com\/namina\/","name":"Namina - Black Music Festival","isPartOf":{"@id":"https:\/\/blackmusicfestival.com\/#website"},"primaryImageOfPage":{"@id":"https:\/\/blackmusicfestival.com\/namina\/#primaryimage"},"image":{"@id":"https:\/\/blackmusicfestival.com\/namina\/#primaryimage"},"thumbnailUrl":"https:\/\/blackmusicfestival.com\/wp-content\/uploads\/2023\/11\/IMG_1498-scaled.jpg","datePublished":"2023-11-22T17:48:32+00:00","dateModified":"2024-02-01T12:14:53+00:00","breadcrumb":{"@id":"https:\/\/blackmusicfestival.com\/namina\/#breadcrumb"},"inLanguage":"es","potentialAction":[{"@type":"ReadAction","target":["https:\/\/blackmusicfestival.com\/namina\/"]}]},{"@type":"ImageObject","inLanguage":"es","@id":"https:\/\/blackmusicfestival.com\/namina\/#primaryimage","url":"https:\/\/blackmusicfestival.com\/wp-content\/uploads\/2023\/11\/IMG_1498-scaled.jpg","contentUrl":"https:\/\/blackmusicfestival.com\/wp-content\/uploads\/2023\/11\/IMG_1498-scaled.jpg","width":2560,"height":1920},{"@type":"BreadcrumbList","@id":"https:\/\/blackmusicfestival.com\/namina\/#breadcrumb","itemListElement":[{"@type":"ListItem","position":1,"name":"Inici","item":"https:\/\/blackmusicfestival.com\/"},{"@type":"ListItem","position":2,"name":"Esdeveniments","item":"https:\/\/blackmusicfestival.com\/events\/"},{"@type":"ListItem","position":3,"name":"Namina"}]},{"@type":"WebSite","@id":"https:\/\/blackmusicfestival.com\/#website","url":"https:\/\/blackmusicfestival.com\/","name":"Black Music Festival","description":"El Festival de M\u00fasica Negra de Catalunya","potentialAction":[{"@type":"SearchAction","target":{"@type":"EntryPoint","urlTemplate":"https:\/\/blackmusicfestival.com\/?s={search_term_string}"},"query-input":{"@type":"PropertyValueSpecification","valueRequired":true,"valueName":"search_term_string"}}],"inLanguage":"es"}]}},"_links":{"self":[{"href":"https:\/\/blackmusicfestival.com\/es\/wp-json\/wp\/v2\/tribe_events\/1022","targetHints":{"allow":["GET"]}}],"collection":[{"href":"https:\/\/blackmusicfestival.com\/es\/wp-json\/wp\/v2\/tribe_events"}],"about":[{"href":"https:\/\/blackmusicfestival.com\/es\/wp-json\/wp\/v2\/types\/tribe_events"}],"author":[{"embeddable":true,"href":"https:\/\/blackmusicfestival.com\/es\/wp-json\/wp\/v2\/users\/3"}],"version-history":[{"count":1,"href":"https:\/\/blackmusicfestival.com\/es\/wp-json\/wp\/v2\/tribe_events\/1022\/revisions"}],"predecessor-version":[{"id":1097,"href":"https:\/\/blackmusicfestival.com\/es\/wp-json\/wp\/v2\/tribe_events\/1022\/revisions\/1097"}],"wp:featuredmedia":[{"embeddable":true,"href":"https:\/\/blackmusicfestival.com\/es\/wp-json\/wp\/v2\/media\/900"}],"wp:attachment":[{"href":"https:\/\/blackmusicfestival.com\/es\/wp-json\/wp\/v2\/media?parent=1022"}],"wp:term":[{"taxonomy":"post_tag","embeddable":true,"href":"https:\/\/blackmusicfestival.com\/es\/wp-json\/wp\/v2\/tags?post=1022"},{"taxonomy":"tribe_events_cat","embeddable":true,"href":"https:\/\/blackmusicfestival.com\/es\/wp-json\/wp\/v2\/tribe_events_cat?post=1022"}],"curies":[{"name":"wp","href":"https:\/\/api.w.org\/{rel}","templated":true}]}}

<p><iframe loading="lazy" title="YouTube video player" src="https://www.youtube.com/embed/LL5axZRahdA?si=3twLjvsynTwxdC_z" width="100%" height="600" frameborder="0" allowfullscreen="allowfullscreen"><span data-mce-type="bookmark" style="display: inline-block; width: 0px; overflow: hidden; line-height: 0;" class="mce_SELRES_start"></span><span data-mce-type="bookmark" style="display: inline-block; width: 0px; overflow: hidden; line-height: 0;" class="mce_SELRES_start"></span></iframe></p>
<p>Después de girar un año presentando, Un Udol, el 4º disco de Namina, las buenas perspectivas han llevado a ampliar la banda y crecer sobre el escenario con música que formará parte de su nuevo disco, previsto para este 2024.<br />
Del Amazonas al Mediterráneo pasando por Mississipi y Nilo, Namina ofrece un viaje que bebe de las raíces y las transforma, donde el blues, la música Brasileña y de México y el jazz confluyen en un directo hipnótico y una personalidad única. Música más allá de etiquetas. Canciones propias, composiciones a cuatro manos y versiones llevadas al naminismo. </p>
<p>&#8211; &#8211; &#8211; &#8211; &#8211; &#8211; &#8211; &#8211; &#8211; &#8211;</p>
<p><iframe loading="lazy" title="YouTube video player" src="https://www.youtube.com/embed/vmzM-zEwnb0?si=CBT9LK2hZ7ilS_cH" width="100%" height="600" frameborder="0" allowfullscreen="allowfullscreen"><span data-mce-type="bookmark" style="display: inline-block; width: 0px; overflow: hidden; line-height: 0;" class="mce_SELRES_start"></span></iframe></p>
<p>Este cantautor nacido en Brixton, ganador de varios premios, ha sido descrito como «el mejor armónico de blues y reggae de Europa». Después de 30 años de Errol en la escena del blues underground londinense aún se puede encontrar tocando en solitario en Oxford Circus, además de aparecer en festivales importantes y en giras europeas con su banda excepcional.  Su alma introspectiva y su rostro tranquilo desmienten al poderoso y apasionado intérprete que es. El último disco de Errol, &#8216;Packing My Bags&#8217; con su fusión única de estilos de blues; «Como Chess Records meets Studio One», le ha hecho ganar los elogios de la crítica y ha llegado a un público internacional más amplio. Los espectáculos de este gran londinense son legendarios, espere bailar.</p>

<p>Después de girar un año presentando, Un Udol, el 4º disco de Namina, las buenas perspectivas han llevado a ampliar la banda y crecer sobre el escenario con música que [&hellip;]</p>

<!-- This site is optimized with the Yoast SEO plugin v26.3 - https://yoast.com/wordpress/plugins/seo/ -->
<title>Namina - Black Music Festival</title>
<meta name="robots" content="index, follow, max-snippet:-1, max-image-preview:large, max-video-preview:-1" />
<link rel="canonical" href="https://blackmusicfestival.com/namina/" />
<meta property="og:locale" content="es_ES" />
<meta property="og:type" content="article" />
<meta property="og:title" content="Namina - Black Music Festival" />
<meta property="og:description" content="Después de girar un año presentando, Un Udol, el 4º disco de Namina, las buenas perspectivas han llevado a ampliar la banda y crecer sobre el escenario con música que [&hellip;]" />
<meta property="og:url" content="https://blackmusicfestival.com/namina/" />
<meta property="og:site_name" content="Black Music Festival" />
<meta property="article:modified_time" content="2024-02-01T12:14:53+00:00" />
<meta property="og:image" content="https://blackmusicfestival.com/wp-content/uploads/2023/11/IMG_1498-scaled.jpg" />
	<meta property="og:image:width" content="2560" />
	<meta property="og:image:height" content="1920" />
	<meta property="og:image:type" content="image/jpeg" />
<meta name="twitter:card" content="summary_large_image" />
<meta name="twitter:label1" content="Tiempo de lectura" />
	<meta name="twitter:data1" content="1 minuto" />
<script type="application/ld+json" class="yoast-schema-graph">{"@context":"https://schema.org","@graph":[{"@type":"WebPage","@id":"https://blackmusicfestival.com/namina/","url":"https://blackmusicfestival.com/namina/","name":"Namina - Black Music Festival","isPartOf":{"@id":"https://blackmusicfestival.com/#website"},"primaryImageOfPage":{"@id":"https://blackmusicfestival.com/namina/#primaryimage"},"image":{"@id":"https://blackmusicfestival.com/namina/#primaryimage"},"thumbnailUrl":"https://blackmusicfestival.com/wp-content/uploads/2023/11/IMG_1498-scaled.jpg","datePublished":"2023-11-22T17:48:32+00:00","dateModified":"2024-02-01T12:14:53+00:00","breadcrumb":{"@id":"https://blackmusicfestival.com/namina/#breadcrumb"},"inLanguage":"es","potentialAction":[{"@type":"ReadAction","target":["https://blackmusicfestival.com/namina/"]}]},{"@type":"ImageObject","inLanguage":"es","@id":"https://blackmusicfestival.com/namina/#primaryimage","url":"https://blackmusicfestival.com/wp-content/uploads/2023/11/IMG_1498-scaled.jpg","contentUrl":"https://blackmusicfestival.com/wp-content/uploads/2023/11/IMG_1498-scaled.jpg","width":2560,"height":1920},{"@type":"BreadcrumbList","@id":"https://blackmusicfestival.com/namina/#breadcrumb","itemListElement":[{"@type":"ListItem","position":1,"name":"Inici","item":"https://blackmusicfestival.com/"},{"@type":"ListItem","position":2,"name":"Esdeveniments","item":"https://blackmusicfestival.com/events/"},{"@type":"ListItem","position":3,"name":"Namina"}]},{"@type":"WebSite","@id":"https://blackmusicfestival.com/#website","url":"https://blackmusicfestival.com/","name":"Black Music Festival","description":"El Festival de Música Negra de Catalunya","potentialAction":[{"@type":"SearchAction","target":{"@type":"EntryPoint","urlTemplate":"https://blackmusicfestival.com/?s={search_term_string}"},"query-input":{"@type":"PropertyValueSpecification","valueRequired":true,"valueName":"search_term_string"}}],"inLanguage":"es"}]}</script>
<!-- / Yoast SEO plugin. -->

Después de girar un año presentando, Un Udol, el 4º disco de Namina, las buenas perspectivas han llevado a ampliar la banda y crecer sobre el escenario con música que [&hellip;]

El Festival de Música Negra de Catalunya
