{"id":1023,"date":"2023-11-09T14:35:49","date_gmt":"2023-11-09T12:35:49","guid":{"rendered":"https:\/\/blackmusicfestival.com\/giacomo-turra-the-funky-minutes\/"},"modified":"2023-11-29T15:49:00","modified_gmt":"2023-11-29T13:49:00","slug":"giacomo-turra-the-funky-minutes","status":"publish","type":"tribe_events","link":"https:\/\/blackmusicfestival.com\/es\/giacomo-turra-the-funky-minutes\/","title":{"rendered":"Giacomo Turra &amp; The Funky Minutes"},"content":{"rendered":"<p><iframe loading=\"lazy\" title=\"Crazy Slap Guitar Funky Riff 2022\" src=\"https:\/\/www.youtube.com\/embed\/2Ydv4xLpbtQ\" width=\"100%\" height=\"600\" frameborder=\"0\" allowfullscreen=\"allowfullscreen\"><span data-mce-type=\"bookmark\" style=\"display: inline-block; width: 0px; overflow: hidden; line-height: 0;\" class=\"mce_SELRES_start\"><\/span><span data-mce-type=\"bookmark\" style=\"display: inline-block; width: 0px; overflow: hidden; line-height: 0;\" class=\"mce_SELRES_start\"><\/span><span data-mce-type=\"bookmark\" style=\"display: inline-block; width: 0px; overflow: hidden; line-height: 0;\" class=\"mce_SELRES_start\"><\/span><\/iframe><\/p>\n<p>Giacomo Turra es un m\u00fasico italiano nacido en 1997.Intrigado por los vinilos de su padre, Giacomo empez\u00f3 a tocar la guitarra a los 13 a\u00f1os, aprendiendo a tocar a sus artistas favoritos como Stevie Wonder, George Benson y Herbie Hancock.<\/p>\n<p> En marzo de 2020, durante el confinamiento pand\u00e9mico, Giacomo empez\u00f3 a publicar v\u00eddeos en su cuenta de Instagram, convirti\u00e9ndose pronto en Artista de D&#8217;Angelico Guitars y ganando cientos de miles de seguidores. En julio de 2021, Giacomo lanz\u00f3 \u00abThe Groove Sessions\u00bb, una recopilaci\u00f3n de Funk y R&amp;B grabada con m\u00fasicos y cantantes reconocidos de todo el mundo como Brandon \u00abTAZ\u00bb Niederauer, Phoebe Katis, Jessica Burdeaux, George Collins y Augie Bello. El 12 de noviembre de 2021, Giacomo hizo su primer espect\u00e1culo internacional en el Para\u00edso de Amsterdam for the Soul Live frente a 2.500 personas.<\/p>\n<p>En diciembre de 2021, Matteo Dallape en la bater\u00eda, Francesco Dallago en el bajo y Anna Pollinari en la voz y las teclas se uni\u00f3 al proyecto como parte de la banda de Giacomo Turra. El 26 de agosto, Giacomo lanz\u00f3 su primer sencillo original \u00abGet Into The Groove\u00bb con Vokall Records. Al d\u00eda siguiente, Giacomo y su banda tocaron su espect\u00e1culo de debut, inauguraci\u00f3n para Joss Stone, Candy Dulfer y muchos m\u00e1s artistas en la edici\u00f3n de verano del Soul Live Festival en Pa\u00edses Bajos, frente a 5.000 personas. En noviembre de 2022, Giacomo y su banda hicieron su primera gira en Italia, con espect\u00e1culos agotados en Mil\u00e1n, Bolonia y Roma.<\/p>\n","protected":false},"excerpt":{"rendered":"<p>Giacomo Turra es un m\u00fasico italiano nacido en 1997.Intrigado por los vinilos de su padre, Giacomo empez\u00f3 a tocar la guitarra a los 13 a\u00f1os, aprendiendo a tocar a sus [&hellip;]<\/p>\n","protected":false},"author":3,"featured_media":865,"template":"","meta":{"_et_pb_use_builder":"","_et_pb_old_content":"","_et_gb_content_width":"","_tribe_events_status":"","_tribe_events_status_reason":"","footnotes":""},"tags":[],"tribe_events_cat":[],"class_list":["post-1023","tribe_events","type-tribe_events","status-publish","has-post-thumbnail","hentry"],"yoast_head":"<!-- This site is optimized with the Yoast SEO plugin v26.3 - https:\/\/yoast.com\/wordpress\/plugins\/seo\/ -->\n<title>Giacomo Turra &amp; The Funky Minutes - Black Music Festival<\/title>\n<meta name=\"robots\" content=\"index, follow, max-snippet:-1, max-image-preview:large, max-video-preview:-1\" \/>\n<link rel=\"canonical\" href=\"https:\/\/blackmusicfestival.com\/giacomo-turra\/\" \/>\n<meta property=\"og:locale\" content=\"es_ES\" \/>\n<meta property=\"og:type\" content=\"article\" \/>\n<meta property=\"og:title\" content=\"Giacomo Turra &amp; The Funky Minutes - Black Music Festival\" \/>\n<meta property=\"og:description\" content=\"Giacomo Turra es un m\u00fasico italiano nacido en 1997.Intrigado por los vinilos de su padre, Giacomo empez\u00f3 a tocar la guitarra a los 13 a\u00f1os, aprendiendo a tocar a sus [&hellip;]\" \/>\n<meta property=\"og:url\" content=\"https:\/\/blackmusicfestival.com\/giacomo-turra\/\" \/>\n<meta property=\"og:site_name\" content=\"Black Music Festival\" \/>\n<meta property=\"article:modified_time\" content=\"2023-11-29T13:49:00+00:00\" \/>\n<meta property=\"og:image\" content=\"https:\/\/blackmusicfestival.com\/wp-content\/uploads\/2023\/11\/Giacomo-Turra-2-scaled.jpg\" \/>\n\t<meta property=\"og:image:width\" content=\"2048\" \/>\n\t<meta property=\"og:image:height\" content=\"2560\" \/>\n\t<meta property=\"og:image:type\" content=\"image\/jpeg\" \/>\n<meta name=\"twitter:card\" content=\"summary_large_image\" \/>\n<meta name=\"twitter:label1\" content=\"Tiempo de lectura\" \/>\n\t<meta name=\"twitter:data1\" content=\"1 minuto\" \/>\n<script type=\"application\/ld+json\" class=\"yoast-schema-graph\">{\"@context\":\"https:\/\/schema.org\",\"@graph\":[{\"@type\":\"WebPage\",\"@id\":\"https:\/\/blackmusicfestival.com\/giacomo-turra\/\",\"url\":\"https:\/\/blackmusicfestival.com\/giacomo-turra\/\",\"name\":\"Giacomo Turra &amp; The Funky Minutes - Black Music Festival\",\"isPartOf\":{\"@id\":\"https:\/\/blackmusicfestival.com\/#website\"},\"primaryImageOfPage\":{\"@id\":\"https:\/\/blackmusicfestival.com\/giacomo-turra\/#primaryimage\"},\"image\":{\"@id\":\"https:\/\/blackmusicfestival.com\/giacomo-turra\/#primaryimage\"},\"thumbnailUrl\":\"https:\/\/blackmusicfestival.com\/wp-content\/uploads\/2023\/11\/Giacomo-Turra-2-scaled.jpg\",\"datePublished\":\"2023-11-09T12:35:49+00:00\",\"dateModified\":\"2023-11-29T13:49:00+00:00\",\"breadcrumb\":{\"@id\":\"https:\/\/blackmusicfestival.com\/giacomo-turra\/#breadcrumb\"},\"inLanguage\":\"es\",\"potentialAction\":[{\"@type\":\"ReadAction\",\"target\":[\"https:\/\/blackmusicfestival.com\/giacomo-turra\/\"]}]},{\"@type\":\"ImageObject\",\"inLanguage\":\"es\",\"@id\":\"https:\/\/blackmusicfestival.com\/giacomo-turra\/#primaryimage\",\"url\":\"https:\/\/blackmusicfestival.com\/wp-content\/uploads\/2023\/11\/Giacomo-Turra-2-scaled.jpg\",\"contentUrl\":\"https:\/\/blackmusicfestival.com\/wp-content\/uploads\/2023\/11\/Giacomo-Turra-2-scaled.jpg\",\"width\":2048,\"height\":2560},{\"@type\":\"BreadcrumbList\",\"@id\":\"https:\/\/blackmusicfestival.com\/giacomo-turra\/#breadcrumb\",\"itemListElement\":[{\"@type\":\"ListItem\",\"position\":1,\"name\":\"Inici\",\"item\":\"https:\/\/blackmusicfestival.com\/\"},{\"@type\":\"ListItem\",\"position\":2,\"name\":\"Esdeveniments\",\"item\":\"https:\/\/blackmusicfestival.com\/events\/\"},{\"@type\":\"ListItem\",\"position\":3,\"name\":\"Giacomo Turra &amp; The Funky Minutes\"}]},{\"@type\":\"WebSite\",\"@id\":\"https:\/\/blackmusicfestival.com\/#website\",\"url\":\"https:\/\/blackmusicfestival.com\/\",\"name\":\"Black Music Festival\",\"description\":\"El Festival de M\u00fasica Negra de Catalunya\",\"potentialAction\":[{\"@type\":\"SearchAction\",\"target\":{\"@type\":\"EntryPoint\",\"urlTemplate\":\"https:\/\/blackmusicfestival.com\/?s={search_term_string}\"},\"query-input\":{\"@type\":\"PropertyValueSpecification\",\"valueRequired\":true,\"valueName\":\"search_term_string\"}}],\"inLanguage\":\"es\"}]}<\/script>\n<!-- \/ Yoast SEO plugin. -->","yoast_head_json":{"title":"Giacomo Turra &amp; The Funky Minutes - Black Music Festival","robots":{"index":"index","follow":"follow","max-snippet":"max-snippet:-1","max-image-preview":"max-image-preview:large","max-video-preview":"max-video-preview:-1"},"canonical":"https:\/\/blackmusicfestival.com\/giacomo-turra\/","og_locale":"es_ES","og_type":"article","og_title":"Giacomo Turra &amp; The Funky Minutes - Black Music Festival","og_description":"Giacomo Turra es un m\u00fasico italiano nacido en 1997.Intrigado por los vinilos de su padre, Giacomo empez\u00f3 a tocar la guitarra a los 13 a\u00f1os, aprendiendo a tocar a sus [&hellip;]","og_url":"https:\/\/blackmusicfestival.com\/giacomo-turra\/","og_site_name":"Black Music Festival","article_modified_time":"2023-11-29T13:49:00+00:00","og_image":[{"width":2048,"height":2560,"url":"https:\/\/blackmusicfestival.com\/wp-content\/uploads\/2023\/11\/Giacomo-Turra-2-scaled.jpg","type":"image\/jpeg"}],"twitter_card":"summary_large_image","twitter_misc":{"Tiempo de lectura":"1 minuto"},"schema":{"@context":"https:\/\/schema.org","@graph":[{"@type":"WebPage","@id":"https:\/\/blackmusicfestival.com\/giacomo-turra\/","url":"https:\/\/blackmusicfestival.com\/giacomo-turra\/","name":"Giacomo Turra &amp; The Funky Minutes - Black Music Festival","isPartOf":{"@id":"https:\/\/blackmusicfestival.com\/#website"},"primaryImageOfPage":{"@id":"https:\/\/blackmusicfestival.com\/giacomo-turra\/#primaryimage"},"image":{"@id":"https:\/\/blackmusicfestival.com\/giacomo-turra\/#primaryimage"},"thumbnailUrl":"https:\/\/blackmusicfestival.com\/wp-content\/uploads\/2023\/11\/Giacomo-Turra-2-scaled.jpg","datePublished":"2023-11-09T12:35:49+00:00","dateModified":"2023-11-29T13:49:00+00:00","breadcrumb":{"@id":"https:\/\/blackmusicfestival.com\/giacomo-turra\/#breadcrumb"},"inLanguage":"es","potentialAction":[{"@type":"ReadAction","target":["https:\/\/blackmusicfestival.com\/giacomo-turra\/"]}]},{"@type":"ImageObject","inLanguage":"es","@id":"https:\/\/blackmusicfestival.com\/giacomo-turra\/#primaryimage","url":"https:\/\/blackmusicfestival.com\/wp-content\/uploads\/2023\/11\/Giacomo-Turra-2-scaled.jpg","contentUrl":"https:\/\/blackmusicfestival.com\/wp-content\/uploads\/2023\/11\/Giacomo-Turra-2-scaled.jpg","width":2048,"height":2560},{"@type":"BreadcrumbList","@id":"https:\/\/blackmusicfestival.com\/giacomo-turra\/#breadcrumb","itemListElement":[{"@type":"ListItem","position":1,"name":"Inici","item":"https:\/\/blackmusicfestival.com\/"},{"@type":"ListItem","position":2,"name":"Esdeveniments","item":"https:\/\/blackmusicfestival.com\/events\/"},{"@type":"ListItem","position":3,"name":"Giacomo Turra &amp; The Funky Minutes"}]},{"@type":"WebSite","@id":"https:\/\/blackmusicfestival.com\/#website","url":"https:\/\/blackmusicfestival.com\/","name":"Black Music Festival","description":"El Festival de M\u00fasica Negra de Catalunya","potentialAction":[{"@type":"SearchAction","target":{"@type":"EntryPoint","urlTemplate":"https:\/\/blackmusicfestival.com\/?s={search_term_string}"},"query-input":{"@type":"PropertyValueSpecification","valueRequired":true,"valueName":"search_term_string"}}],"inLanguage":"es"}]}},"_links":{"self":[{"href":"https:\/\/blackmusicfestival.com\/es\/wp-json\/wp\/v2\/tribe_events\/1023","targetHints":{"allow":["GET"]}}],"collection":[{"href":"https:\/\/blackmusicfestival.com\/es\/wp-json\/wp\/v2\/tribe_events"}],"about":[{"href":"https:\/\/blackmusicfestival.com\/es\/wp-json\/wp\/v2\/types\/tribe_events"}],"author":[{"embeddable":true,"href":"https:\/\/blackmusicfestival.com\/es\/wp-json\/wp\/v2\/users\/3"}],"version-history":[{"count":1,"href":"https:\/\/blackmusicfestival.com\/es\/wp-json\/wp\/v2\/tribe_events\/1023\/revisions"}],"predecessor-version":[{"id":1095,"href":"https:\/\/blackmusicfestival.com\/es\/wp-json\/wp\/v2\/tribe_events\/1023\/revisions\/1095"}],"wp:featuredmedia":[{"embeddable":true,"href":"https:\/\/blackmusicfestival.com\/es\/wp-json\/wp\/v2\/media\/865"}],"wp:attachment":[{"href":"https:\/\/blackmusicfestival.com\/es\/wp-json\/wp\/v2\/media?parent=1023"}],"wp:term":[{"taxonomy":"post_tag","embeddable":true,"href":"https:\/\/blackmusicfestival.com\/es\/wp-json\/wp\/v2\/tags?post=1023"},{"taxonomy":"tribe_events_cat","embeddable":true,"href":"https:\/\/blackmusicfestival.com\/es\/wp-json\/wp\/v2\/tribe_events_cat?post=1023"}],"curies":[{"name":"wp","href":"https:\/\/api.w.org\/{rel}","templated":true}]}}

<p><iframe loading="lazy" title="Crazy Slap Guitar Funky Riff 2022" src="https://www.youtube.com/embed/2Ydv4xLpbtQ" width="100%" height="600" frameborder="0" allowfullscreen="allowfullscreen"><span data-mce-type="bookmark" style="display: inline-block; width: 0px; overflow: hidden; line-height: 0;" class="mce_SELRES_start"></span><span data-mce-type="bookmark" style="display: inline-block; width: 0px; overflow: hidden; line-height: 0;" class="mce_SELRES_start"></span><span data-mce-type="bookmark" style="display: inline-block; width: 0px; overflow: hidden; line-height: 0;" class="mce_SELRES_start"></span></iframe></p>
<p>Giacomo Turra es un músico italiano nacido en 1997.Intrigado por los vinilos de su padre, Giacomo empezó a tocar la guitarra a los 13 años, aprendiendo a tocar a sus artistas favoritos como Stevie Wonder, George Benson y Herbie Hancock.</p>
<p> En marzo de 2020, durante el confinamiento pandémico, Giacomo empezó a publicar vídeos en su cuenta de Instagram, convirtiéndose pronto en Artista de D&#8217;Angelico Guitars y ganando cientos de miles de seguidores. En julio de 2021, Giacomo lanzó «The Groove Sessions», una recopilación de Funk y R&amp;B grabada con músicos y cantantes reconocidos de todo el mundo como Brandon «TAZ» Niederauer, Phoebe Katis, Jessica Burdeaux, George Collins y Augie Bello. El 12 de noviembre de 2021, Giacomo hizo su primer espectáculo internacional en el Paraíso de Amsterdam for the Soul Live frente a 2.500 personas.</p>
<p>En diciembre de 2021, Matteo Dallape en la batería, Francesco Dallago en el bajo y Anna Pollinari en la voz y las teclas se unió al proyecto como parte de la banda de Giacomo Turra. El 26 de agosto, Giacomo lanzó su primer sencillo original «Get Into The Groove» con Vokall Records. Al día siguiente, Giacomo y su banda tocaron su espectáculo de debut, inauguración para Joss Stone, Candy Dulfer y muchos más artistas en la edición de verano del Soul Live Festival en Países Bajos, frente a 5.000 personas. En noviembre de 2022, Giacomo y su banda hicieron su primera gira en Italia, con espectáculos agotados en Milán, Bolonia y Roma.</p>

<p>Giacomo Turra es un músico italiano nacido en 1997.Intrigado por los vinilos de su padre, Giacomo empezó a tocar la guitarra a los 13 años, aprendiendo a tocar a sus [&hellip;]</p>

<!-- This site is optimized with the Yoast SEO plugin v26.3 - https://yoast.com/wordpress/plugins/seo/ -->
<title>Giacomo Turra &amp; The Funky Minutes - Black Music Festival</title>
<meta name="robots" content="index, follow, max-snippet:-1, max-image-preview:large, max-video-preview:-1" />
<link rel="canonical" href="https://blackmusicfestival.com/giacomo-turra/" />
<meta property="og:locale" content="es_ES" />
<meta property="og:type" content="article" />
<meta property="og:title" content="Giacomo Turra &amp; The Funky Minutes - Black Music Festival" />
<meta property="og:description" content="Giacomo Turra es un músico italiano nacido en 1997.Intrigado por los vinilos de su padre, Giacomo empezó a tocar la guitarra a los 13 años, aprendiendo a tocar a sus [&hellip;]" />
<meta property="og:url" content="https://blackmusicfestival.com/giacomo-turra/" />
<meta property="og:site_name" content="Black Music Festival" />
<meta property="article:modified_time" content="2023-11-29T13:49:00+00:00" />
<meta property="og:image" content="https://blackmusicfestival.com/wp-content/uploads/2023/11/Giacomo-Turra-2-scaled.jpg" />
	<meta property="og:image:width" content="2048" />
	<meta property="og:image:height" content="2560" />
	<meta property="og:image:type" content="image/jpeg" />
<meta name="twitter:card" content="summary_large_image" />
<meta name="twitter:label1" content="Tiempo de lectura" />
	<meta name="twitter:data1" content="1 minuto" />
<script type="application/ld+json" class="yoast-schema-graph">{"@context":"https://schema.org","@graph":[{"@type":"WebPage","@id":"https://blackmusicfestival.com/giacomo-turra/","url":"https://blackmusicfestival.com/giacomo-turra/","name":"Giacomo Turra &amp; The Funky Minutes - Black Music Festival","isPartOf":{"@id":"https://blackmusicfestival.com/#website"},"primaryImageOfPage":{"@id":"https://blackmusicfestival.com/giacomo-turra/#primaryimage"},"image":{"@id":"https://blackmusicfestival.com/giacomo-turra/#primaryimage"},"thumbnailUrl":"https://blackmusicfestival.com/wp-content/uploads/2023/11/Giacomo-Turra-2-scaled.jpg","datePublished":"2023-11-09T12:35:49+00:00","dateModified":"2023-11-29T13:49:00+00:00","breadcrumb":{"@id":"https://blackmusicfestival.com/giacomo-turra/#breadcrumb"},"inLanguage":"es","potentialAction":[{"@type":"ReadAction","target":["https://blackmusicfestival.com/giacomo-turra/"]}]},{"@type":"ImageObject","inLanguage":"es","@id":"https://blackmusicfestival.com/giacomo-turra/#primaryimage","url":"https://blackmusicfestival.com/wp-content/uploads/2023/11/Giacomo-Turra-2-scaled.jpg","contentUrl":"https://blackmusicfestival.com/wp-content/uploads/2023/11/Giacomo-Turra-2-scaled.jpg","width":2048,"height":2560},{"@type":"BreadcrumbList","@id":"https://blackmusicfestival.com/giacomo-turra/#breadcrumb","itemListElement":[{"@type":"ListItem","position":1,"name":"Inici","item":"https://blackmusicfestival.com/"},{"@type":"ListItem","position":2,"name":"Esdeveniments","item":"https://blackmusicfestival.com/events/"},{"@type":"ListItem","position":3,"name":"Giacomo Turra &amp; The Funky Minutes"}]},{"@type":"WebSite","@id":"https://blackmusicfestival.com/#website","url":"https://blackmusicfestival.com/","name":"Black Music Festival","description":"El Festival de Música Negra de Catalunya","potentialAction":[{"@type":"SearchAction","target":{"@type":"EntryPoint","urlTemplate":"https://blackmusicfestival.com/?s={search_term_string}"},"query-input":{"@type":"PropertyValueSpecification","valueRequired":true,"valueName":"search_term_string"}}],"inLanguage":"es"}]}</script>
<!-- / Yoast SEO plugin. -->

Giacomo Turra es un músico italiano nacido en 1997.Intrigado por los vinilos de su padre, Giacomo empezó a tocar la guitarra a los 13 años, aprendiendo a tocar a sus [&hellip;]

El Festival de Música Negra de Catalunya
