{"id":1026,"date":"2023-11-22T20:11:28","date_gmt":"2023-11-22T18:11:28","guid":{"rendered":"https:\/\/blackmusicfestival.com\/the-kleejoss-band\/"},"modified":"2023-11-29T15:50:12","modified_gmt":"2023-11-29T13:50:12","slug":"the-kleejoss-band","status":"publish","type":"tribe_events","link":"https:\/\/blackmusicfestival.com\/es\/the-kleejoss-band\/","title":{"rendered":"The Kleejoss Band"},"content":{"rendered":"<p><iframe loading=\"lazy\" title=\"YouTube video player\" src=\"https:\/\/www.youtube.com\/embed\/EYcBdSww1X0?si=GT7v4Ws0cnEjR8nP\" width=\"100%\" height=\"600\" frameborder=\"0\" allowfullscreen=\"allowfullscreen\"><span data-mce-type=\"bookmark\" style=\"display: inline-block; width: 0px; overflow: hidden; line-height: 0;\" class=\"mce_SELRES_start\"><\/span><\/iframe><\/p>\n<p>\u00a1Un, dos, un, dos, tres, cua..! As\u00ed se suelen iniciar las canciones en un concierto de rock. Parece algo sencillo y repetitivo y sin embargo The Kleejoss Band sabe ofrecer algo diferente tras esas palabras. M\u00e1s all\u00e1 de su buen hacer en directo, premiado en varias ocasiones o de su facilidad para hacer grandes canciones, que llenan sus seis trabajos hasta la fecha, saben que no puede haber dos shows iguales. El objetivo es la sorpresa aunque ya los hayas visto antes. Te regalar\u00e1n repertorios diferentes, colaboraciones o incluso puede que termines subido al escenario cantando con ellos. Todo puede pasar en sus conciertos porque son animales que siguen su instinto y si el p\u00fablico es diferente en cada sitio \u00bfpor qu\u00e9 ofrecer cada noche lo mismo? The Kleejoss Band ya conoce \u00e9xitos y momentos duros, salas llenas y vac\u00edas, cambios de formaci\u00f3n y terremotos internos. Han vivido en 9 a\u00f1os lo que otros en 20 pero eso importa poco. Quiz\u00e1 un pasado glorioso aumente el cach\u00e9 de algunas bandas pero no est\u00e1n en esa batalla sino en la de conseguir llegar a tu casa. Conseguir que quieras volver poner su disco; volver a ver su directo porque no ser\u00e1 como la \u00faltima vez. Les importa tu respeto y la necesidad de sentirse orgullosos de lo que hacen. Escribir esa canci\u00f3n que quieres escuchar una y otra vez; regalarte una noche memorable. Todo lo que pas\u00f3 ya no importa, las canciones no esperan y est\u00e1n dispuestos a salir a por ellas. The Kleejoss Band tiene un a\u00f1o apasionante por delante, muchos shows y un nuevo disco en el horizonte. Como suelen decir, podr\u00edas perd\u00e9rtelos pero ser\u00e1s menos feliz. <\/p>\n","protected":false},"excerpt":{"rendered":"<p>\u00a1Un, dos, un, dos, tres, cua..! As\u00ed se suelen iniciar las canciones en un concierto de rock. Parece algo sencillo y repetitivo y sin embargo The Kleejoss Band sabe ofrecer [&hellip;]<\/p>\n","protected":false},"author":3,"featured_media":917,"template":"","meta":{"_et_pb_use_builder":"","_et_pb_old_content":"","_et_gb_content_width":"","_tribe_events_status":"","_tribe_events_status_reason":"","footnotes":""},"tags":[],"tribe_events_cat":[77],"class_list":["post-1026","tribe_events","type-tribe_events","status-publish","has-post-thumbnail","hentry","tribe_events_cat-the-klejoss-band-es","cat_the-klejoss-band-es"],"yoast_head":"<!-- This site is optimized with the Yoast SEO plugin v26.3 - https:\/\/yoast.com\/wordpress\/plugins\/seo\/ -->\n<title>The Kleejoss Band - Black Music Festival<\/title>\n<meta name=\"robots\" content=\"index, follow, max-snippet:-1, max-image-preview:large, max-video-preview:-1\" \/>\n<link rel=\"canonical\" href=\"https:\/\/blackmusicfestival.com\/the-klejoss-band\/\" \/>\n<meta property=\"og:locale\" content=\"es_ES\" \/>\n<meta property=\"og:type\" content=\"article\" \/>\n<meta property=\"og:title\" content=\"The Kleejoss Band - Black Music Festival\" \/>\n<meta property=\"og:description\" content=\"\u00a1Un, dos, un, dos, tres, cua..! As\u00ed se suelen iniciar las canciones en un concierto de rock. Parece algo sencillo y repetitivo y sin embargo The Kleejoss Band sabe ofrecer [&hellip;]\" \/>\n<meta property=\"og:url\" content=\"https:\/\/blackmusicfestival.com\/the-klejoss-band\/\" \/>\n<meta property=\"og:site_name\" content=\"Black Music Festival\" \/>\n<meta property=\"article:modified_time\" content=\"2023-11-29T13:50:12+00:00\" \/>\n<meta property=\"og:image\" content=\"https:\/\/blackmusicfestival.com\/wp-content\/uploads\/2023\/11\/The-Kleejoss-Band-Porvenir-Promo_Jaime-Oriz-02.jpg\" \/>\n\t<meta property=\"og:image:width\" content=\"2160\" \/>\n\t<meta property=\"og:image:height\" content=\"1442\" \/>\n\t<meta property=\"og:image:type\" content=\"image\/jpeg\" \/>\n<meta name=\"twitter:card\" content=\"summary_large_image\" \/>\n<meta name=\"twitter:label1\" content=\"Tiempo de lectura\" \/>\n\t<meta name=\"twitter:data1\" content=\"1 minuto\" \/>\n<script type=\"application\/ld+json\" class=\"yoast-schema-graph\">{\"@context\":\"https:\/\/schema.org\",\"@graph\":[{\"@type\":\"WebPage\",\"@id\":\"https:\/\/blackmusicfestival.com\/the-klejoss-band\/\",\"url\":\"https:\/\/blackmusicfestival.com\/the-klejoss-band\/\",\"name\":\"The Kleejoss Band - Black Music Festival\",\"isPartOf\":{\"@id\":\"https:\/\/blackmusicfestival.com\/#website\"},\"primaryImageOfPage\":{\"@id\":\"https:\/\/blackmusicfestival.com\/the-klejoss-band\/#primaryimage\"},\"image\":{\"@id\":\"https:\/\/blackmusicfestival.com\/the-klejoss-band\/#primaryimage\"},\"thumbnailUrl\":\"https:\/\/blackmusicfestival.com\/wp-content\/uploads\/2023\/11\/The-Kleejoss-Band-Porvenir-Promo_Jaime-Oriz-02.jpg\",\"datePublished\":\"2023-11-22T18:11:28+00:00\",\"dateModified\":\"2023-11-29T13:50:12+00:00\",\"breadcrumb\":{\"@id\":\"https:\/\/blackmusicfestival.com\/the-klejoss-band\/#breadcrumb\"},\"inLanguage\":\"es\",\"potentialAction\":[{\"@type\":\"ReadAction\",\"target\":[\"https:\/\/blackmusicfestival.com\/the-klejoss-band\/\"]}]},{\"@type\":\"ImageObject\",\"inLanguage\":\"es\",\"@id\":\"https:\/\/blackmusicfestival.com\/the-klejoss-band\/#primaryimage\",\"url\":\"https:\/\/blackmusicfestival.com\/wp-content\/uploads\/2023\/11\/The-Kleejoss-Band-Porvenir-Promo_Jaime-Oriz-02.jpg\",\"contentUrl\":\"https:\/\/blackmusicfestival.com\/wp-content\/uploads\/2023\/11\/The-Kleejoss-Band-Porvenir-Promo_Jaime-Oriz-02.jpg\",\"width\":2160,\"height\":1442},{\"@type\":\"BreadcrumbList\",\"@id\":\"https:\/\/blackmusicfestival.com\/the-klejoss-band\/#breadcrumb\",\"itemListElement\":[{\"@type\":\"ListItem\",\"position\":1,\"name\":\"Inici\",\"item\":\"https:\/\/blackmusicfestival.com\/\"},{\"@type\":\"ListItem\",\"position\":2,\"name\":\"Esdeveniments\",\"item\":\"https:\/\/blackmusicfestival.com\/events\/\"},{\"@type\":\"ListItem\",\"position\":3,\"name\":\"The Kleejoss Band\"}]},{\"@type\":\"WebSite\",\"@id\":\"https:\/\/blackmusicfestival.com\/#website\",\"url\":\"https:\/\/blackmusicfestival.com\/\",\"name\":\"Black Music Festival\",\"description\":\"El Festival de M\u00fasica Negra de Catalunya\",\"potentialAction\":[{\"@type\":\"SearchAction\",\"target\":{\"@type\":\"EntryPoint\",\"urlTemplate\":\"https:\/\/blackmusicfestival.com\/?s={search_term_string}\"},\"query-input\":{\"@type\":\"PropertyValueSpecification\",\"valueRequired\":true,\"valueName\":\"search_term_string\"}}],\"inLanguage\":\"es\"}]}<\/script>\n<!-- \/ Yoast SEO plugin. -->","yoast_head_json":{"title":"The Kleejoss Band - Black Music Festival","robots":{"index":"index","follow":"follow","max-snippet":"max-snippet:-1","max-image-preview":"max-image-preview:large","max-video-preview":"max-video-preview:-1"},"canonical":"https:\/\/blackmusicfestival.com\/the-klejoss-band\/","og_locale":"es_ES","og_type":"article","og_title":"The Kleejoss Band - Black Music Festival","og_description":"\u00a1Un, dos, un, dos, tres, cua..! As\u00ed se suelen iniciar las canciones en un concierto de rock. Parece algo sencillo y repetitivo y sin embargo The Kleejoss Band sabe ofrecer [&hellip;]","og_url":"https:\/\/blackmusicfestival.com\/the-klejoss-band\/","og_site_name":"Black Music Festival","article_modified_time":"2023-11-29T13:50:12+00:00","og_image":[{"width":2160,"height":1442,"url":"https:\/\/blackmusicfestival.com\/wp-content\/uploads\/2023\/11\/The-Kleejoss-Band-Porvenir-Promo_Jaime-Oriz-02.jpg","type":"image\/jpeg"}],"twitter_card":"summary_large_image","twitter_misc":{"Tiempo de lectura":"1 minuto"},"schema":{"@context":"https:\/\/schema.org","@graph":[{"@type":"WebPage","@id":"https:\/\/blackmusicfestival.com\/the-klejoss-band\/","url":"https:\/\/blackmusicfestival.com\/the-klejoss-band\/","name":"The Kleejoss Band - Black Music Festival","isPartOf":{"@id":"https:\/\/blackmusicfestival.com\/#website"},"primaryImageOfPage":{"@id":"https:\/\/blackmusicfestival.com\/the-klejoss-band\/#primaryimage"},"image":{"@id":"https:\/\/blackmusicfestival.com\/the-klejoss-band\/#primaryimage"},"thumbnailUrl":"https:\/\/blackmusicfestival.com\/wp-content\/uploads\/2023\/11\/The-Kleejoss-Band-Porvenir-Promo_Jaime-Oriz-02.jpg","datePublished":"2023-11-22T18:11:28+00:00","dateModified":"2023-11-29T13:50:12+00:00","breadcrumb":{"@id":"https:\/\/blackmusicfestival.com\/the-klejoss-band\/#breadcrumb"},"inLanguage":"es","potentialAction":[{"@type":"ReadAction","target":["https:\/\/blackmusicfestival.com\/the-klejoss-band\/"]}]},{"@type":"ImageObject","inLanguage":"es","@id":"https:\/\/blackmusicfestival.com\/the-klejoss-band\/#primaryimage","url":"https:\/\/blackmusicfestival.com\/wp-content\/uploads\/2023\/11\/The-Kleejoss-Band-Porvenir-Promo_Jaime-Oriz-02.jpg","contentUrl":"https:\/\/blackmusicfestival.com\/wp-content\/uploads\/2023\/11\/The-Kleejoss-Band-Porvenir-Promo_Jaime-Oriz-02.jpg","width":2160,"height":1442},{"@type":"BreadcrumbList","@id":"https:\/\/blackmusicfestival.com\/the-klejoss-band\/#breadcrumb","itemListElement":[{"@type":"ListItem","position":1,"name":"Inici","item":"https:\/\/blackmusicfestival.com\/"},{"@type":"ListItem","position":2,"name":"Esdeveniments","item":"https:\/\/blackmusicfestival.com\/events\/"},{"@type":"ListItem","position":3,"name":"The Kleejoss Band"}]},{"@type":"WebSite","@id":"https:\/\/blackmusicfestival.com\/#website","url":"https:\/\/blackmusicfestival.com\/","name":"Black Music Festival","description":"El Festival de M\u00fasica Negra de Catalunya","potentialAction":[{"@type":"SearchAction","target":{"@type":"EntryPoint","urlTemplate":"https:\/\/blackmusicfestival.com\/?s={search_term_string}"},"query-input":{"@type":"PropertyValueSpecification","valueRequired":true,"valueName":"search_term_string"}}],"inLanguage":"es"}]}},"_links":{"self":[{"href":"https:\/\/blackmusicfestival.com\/es\/wp-json\/wp\/v2\/tribe_events\/1026","targetHints":{"allow":["GET"]}}],"collection":[{"href":"https:\/\/blackmusicfestival.com\/es\/wp-json\/wp\/v2\/tribe_events"}],"about":[{"href":"https:\/\/blackmusicfestival.com\/es\/wp-json\/wp\/v2\/types\/tribe_events"}],"author":[{"embeddable":true,"href":"https:\/\/blackmusicfestival.com\/es\/wp-json\/wp\/v2\/users\/3"}],"version-history":[{"count":1,"href":"https:\/\/blackmusicfestival.com\/es\/wp-json\/wp\/v2\/tribe_events\/1026\/revisions"}],"predecessor-version":[{"id":1029,"href":"https:\/\/blackmusicfestival.com\/es\/wp-json\/wp\/v2\/tribe_events\/1026\/revisions\/1029"}],"wp:featuredmedia":[{"embeddable":true,"href":"https:\/\/blackmusicfestival.com\/es\/wp-json\/wp\/v2\/media\/917"}],"wp:attachment":[{"href":"https:\/\/blackmusicfestival.com\/es\/wp-json\/wp\/v2\/media?parent=1026"}],"wp:term":[{"taxonomy":"post_tag","embeddable":true,"href":"https:\/\/blackmusicfestival.com\/es\/wp-json\/wp\/v2\/tags?post=1026"},{"taxonomy":"tribe_events_cat","embeddable":true,"href":"https:\/\/blackmusicfestival.com\/es\/wp-json\/wp\/v2\/tribe_events_cat?post=1026"}],"curies":[{"name":"wp","href":"https:\/\/api.w.org\/{rel}","templated":true}]}}

<p><iframe loading="lazy" title="YouTube video player" src="https://www.youtube.com/embed/EYcBdSww1X0?si=GT7v4Ws0cnEjR8nP" width="100%" height="600" frameborder="0" allowfullscreen="allowfullscreen"><span data-mce-type="bookmark" style="display: inline-block; width: 0px; overflow: hidden; line-height: 0;" class="mce_SELRES_start"></span></iframe></p>
<p>¡Un, dos, un, dos, tres, cua..! Así se suelen iniciar las canciones en un concierto de rock. Parece algo sencillo y repetitivo y sin embargo The Kleejoss Band sabe ofrecer algo diferente tras esas palabras. Más allá de su buen hacer en directo, premiado en varias ocasiones o de su facilidad para hacer grandes canciones, que llenan sus seis trabajos hasta la fecha, saben que no puede haber dos shows iguales. El objetivo es la sorpresa aunque ya los hayas visto antes. Te regalarán repertorios diferentes, colaboraciones o incluso puede que termines subido al escenario cantando con ellos. Todo puede pasar en sus conciertos porque son animales que siguen su instinto y si el público es diferente en cada sitio ¿por qué ofrecer cada noche lo mismo? The Kleejoss Band ya conoce éxitos y momentos duros, salas llenas y vacías, cambios de formación y terremotos internos. Han vivido en 9 años lo que otros en 20 pero eso importa poco. Quizá un pasado glorioso aumente el caché de algunas bandas pero no están en esa batalla sino en la de conseguir llegar a tu casa. Conseguir que quieras volver poner su disco; volver a ver su directo porque no será como la última vez. Les importa tu respeto y la necesidad de sentirse orgullosos de lo que hacen. Escribir esa canción que quieres escuchar una y otra vez; regalarte una noche memorable. Todo lo que pasó ya no importa, las canciones no esperan y están dispuestos a salir a por ellas. The Kleejoss Band tiene un año apasionante por delante, muchos shows y un nuevo disco en el horizonte. Como suelen decir, podrías perdértelos pero serás menos feliz. </p>

<p>¡Un, dos, un, dos, tres, cua..! Así se suelen iniciar las canciones en un concierto de rock. Parece algo sencillo y repetitivo y sin embargo The Kleejoss Band sabe ofrecer [&hellip;]</p>

<!-- This site is optimized with the Yoast SEO plugin v26.3 - https://yoast.com/wordpress/plugins/seo/ -->
<title>The Kleejoss Band - Black Music Festival</title>
<meta name="robots" content="index, follow, max-snippet:-1, max-image-preview:large, max-video-preview:-1" />
<link rel="canonical" href="https://blackmusicfestival.com/the-klejoss-band/" />
<meta property="og:locale" content="es_ES" />
<meta property="og:type" content="article" />
<meta property="og:title" content="The Kleejoss Band - Black Music Festival" />
<meta property="og:description" content="¡Un, dos, un, dos, tres, cua..! Así se suelen iniciar las canciones en un concierto de rock. Parece algo sencillo y repetitivo y sin embargo The Kleejoss Band sabe ofrecer [&hellip;]" />
<meta property="og:url" content="https://blackmusicfestival.com/the-klejoss-band/" />
<meta property="og:site_name" content="Black Music Festival" />
<meta property="article:modified_time" content="2023-11-29T13:50:12+00:00" />
<meta property="og:image" content="https://blackmusicfestival.com/wp-content/uploads/2023/11/The-Kleejoss-Band-Porvenir-Promo_Jaime-Oriz-02.jpg" />
	<meta property="og:image:width" content="2160" />
	<meta property="og:image:height" content="1442" />
	<meta property="og:image:type" content="image/jpeg" />
<meta name="twitter:card" content="summary_large_image" />
<meta name="twitter:label1" content="Tiempo de lectura" />
	<meta name="twitter:data1" content="1 minuto" />
<script type="application/ld+json" class="yoast-schema-graph">{"@context":"https://schema.org","@graph":[{"@type":"WebPage","@id":"https://blackmusicfestival.com/the-klejoss-band/","url":"https://blackmusicfestival.com/the-klejoss-band/","name":"The Kleejoss Band - Black Music Festival","isPartOf":{"@id":"https://blackmusicfestival.com/#website"},"primaryImageOfPage":{"@id":"https://blackmusicfestival.com/the-klejoss-band/#primaryimage"},"image":{"@id":"https://blackmusicfestival.com/the-klejoss-band/#primaryimage"},"thumbnailUrl":"https://blackmusicfestival.com/wp-content/uploads/2023/11/The-Kleejoss-Band-Porvenir-Promo_Jaime-Oriz-02.jpg","datePublished":"2023-11-22T18:11:28+00:00","dateModified":"2023-11-29T13:50:12+00:00","breadcrumb":{"@id":"https://blackmusicfestival.com/the-klejoss-band/#breadcrumb"},"inLanguage":"es","potentialAction":[{"@type":"ReadAction","target":["https://blackmusicfestival.com/the-klejoss-band/"]}]},{"@type":"ImageObject","inLanguage":"es","@id":"https://blackmusicfestival.com/the-klejoss-band/#primaryimage","url":"https://blackmusicfestival.com/wp-content/uploads/2023/11/The-Kleejoss-Band-Porvenir-Promo_Jaime-Oriz-02.jpg","contentUrl":"https://blackmusicfestival.com/wp-content/uploads/2023/11/The-Kleejoss-Band-Porvenir-Promo_Jaime-Oriz-02.jpg","width":2160,"height":1442},{"@type":"BreadcrumbList","@id":"https://blackmusicfestival.com/the-klejoss-band/#breadcrumb","itemListElement":[{"@type":"ListItem","position":1,"name":"Inici","item":"https://blackmusicfestival.com/"},{"@type":"ListItem","position":2,"name":"Esdeveniments","item":"https://blackmusicfestival.com/events/"},{"@type":"ListItem","position":3,"name":"The Kleejoss Band"}]},{"@type":"WebSite","@id":"https://blackmusicfestival.com/#website","url":"https://blackmusicfestival.com/","name":"Black Music Festival","description":"El Festival de Música Negra de Catalunya","potentialAction":[{"@type":"SearchAction","target":{"@type":"EntryPoint","urlTemplate":"https://blackmusicfestival.com/?s={search_term_string}"},"query-input":{"@type":"PropertyValueSpecification","valueRequired":true,"valueName":"search_term_string"}}],"inLanguage":"es"}]}</script>
<!-- / Yoast SEO plugin. -->

¡Un, dos, un, dos, tres, cua..! Así se suelen iniciar las canciones en un concierto de rock. Parece algo sencillo y repetitivo y sin embargo The Kleejoss Band sabe ofrecer [&hellip;]

El Festival de Música Negra de Catalunya
