{"id":1316,"date":"2024-01-11T12:37:14","date_gmt":"2024-01-11T10:37:14","guid":{"rendered":"https:\/\/blackmusicfestival.com\/taller-de-brass-band-con-alvar-monfort-y-albert-costa\/"},"modified":"2024-01-11T12:37:14","modified_gmt":"2024-01-11T10:37:14","slug":"taller-de-brass-band-con-alvar-monfort-y-albert-costa","status":"publish","type":"tribe_events","link":"https:\/\/blackmusicfestival.com\/es\/taller-de-brass-band-con-alvar-monfort-y-albert-costa\/","title":{"rendered":"Taller de Brass Band con \u00c0lvar Monfort y Albert Costa"},"content":{"rendered":"<div class=\"wp-block-group\">\n<div class=\"wp-block-group__inner-container\">\n<h4>\u2013 <strong>Actos 10 aniversario Girona Marxing Band<\/strong> \u2013<\/h4>\n<p>\u00bfDe d\u00f3nde proviene la tradici\u00f3n de la brass band de New Orleans y c\u00f3mo ha influenciado a las brass bands modernas? \u00bfQu\u00e9 es una <em>second line<\/em> y qu\u00e9 funci\u00f3n social tiene? \u00bfCu\u00e1l es su repertorio m\u00e1s habitual y c\u00f3mo se toca? \u00bfCu\u00e1les son las caracter\u00edsticas b\u00e1sicas de la improvisaci\u00f3n en ese estilo?<\/p>\n<\/div>\n<\/div>\n<div class=\"wp-block-group\">\n<div class=\"wp-block-group__inner-container\">\n<p>Estas son algunas de las preguntas que intentaremos responder y desarrollar en este taller de brass band impartido por \u00c0lvar Monfort y Albert Costa, fundadores de <a href=\"https:\/\/open.spotify.com\/artist\/7nMM3u8bnwFtQxA2g0uNIv?si=cOGdD2R4R7Gt1rJCxTZ6rw\" target=\"_blank\" rel=\"noreferrer noopener\">Hip Horns Brass Collective<\/a>.<\/p>\n<p>En este taller trabajaremos con una formaci\u00f3n \u201ccl\u00e1sica\u201d de brass band moderna tipo Rebirth Brass Band o Hot 8 Brass Band: trompetas, trombones, sousaphone, bombo y caja. Estudiaremos y tocaremos un repertorio formado por algunos de los temas m\u00e1s conocidos de estas dos brass bands como <em>Feel Like Funkin&#8217; It Up, What&#8217;s My Nameo<\/em> <em>Do Watcha Wanna<\/em>.<\/p>\n<p>Este taller se enmarca en los actos de celebraci\u00f3n del d\u00e9cimo aniversario de la Girona Marxing Band, un proyecto pedag\u00f3gico de la escuela de m\u00fasica y artes esc\u00e9nicas La Moderna.<\/p>\n<\/div>\n<\/div>\n","protected":false},"excerpt":{"rendered":"<p>\u2013 Actos 10 aniversario Girona Marxing Band \u2013 \u00bfDe d\u00f3nde proviene la tradici\u00f3n de la brass band de New Orleans y c\u00f3mo ha influenciado a las brass bands modernas? \u00bfQu\u00e9 [&hellip;]<\/p>\n","protected":false},"author":3,"featured_media":1310,"template":"","meta":{"_et_pb_use_builder":"off","_et_pb_old_content":"","_et_gb_content_width":"","_tribe_events_status":"","_tribe_events_status_reason":"","footnotes":""},"tags":[],"tribe_events_cat":[],"class_list":["post-1316","tribe_events","type-tribe_events","status-publish","has-post-thumbnail","hentry"],"yoast_head":"<!-- This site is optimized with the Yoast SEO plugin v26.3 - https:\/\/yoast.com\/wordpress\/plugins\/seo\/ -->\n<title>Taller de Brass Band con \u00c0lvar Monfort y Albert Costa - Black Music Festival<\/title>\n<meta name=\"robots\" content=\"index, follow, max-snippet:-1, max-image-preview:large, max-video-preview:-1\" \/>\n<link rel=\"canonical\" href=\"https:\/\/blackmusicfestival.com\/brassband\/\" \/>\n<meta property=\"og:locale\" content=\"es_ES\" \/>\n<meta property=\"og:type\" content=\"article\" \/>\n<meta property=\"og:title\" content=\"Taller de Brass Band con \u00c0lvar Monfort y Albert Costa - Black Music Festival\" \/>\n<meta property=\"og:description\" content=\"\u2013 Actos 10 aniversario Girona Marxing Band \u2013 \u00bfDe d\u00f3nde proviene la tradici\u00f3n de la brass band de New Orleans y c\u00f3mo ha influenciado a las brass bands modernas? \u00bfQu\u00e9 [&hellip;]\" \/>\n<meta property=\"og:url\" content=\"https:\/\/blackmusicfestival.com\/brassband\/\" \/>\n<meta property=\"og:site_name\" content=\"Black Music Festival\" \/>\n<meta property=\"og:image\" content=\"https:\/\/blackmusicfestival.com\/wp-content\/uploads\/2024\/01\/Foto-Alvar-Monfort-i-Albert-Costa-scaled.jpg\" \/>\n\t<meta property=\"og:image:width\" content=\"2560\" \/>\n\t<meta property=\"og:image:height\" content=\"1920\" \/>\n\t<meta property=\"og:image:type\" content=\"image\/jpeg\" \/>\n<meta name=\"twitter:card\" content=\"summary_large_image\" \/>\n<meta name=\"twitter:label1\" content=\"Tiempo de lectura\" \/>\n\t<meta name=\"twitter:data1\" content=\"1 minuto\" \/>\n<script type=\"application\/ld+json\" class=\"yoast-schema-graph\">{\"@context\":\"https:\/\/schema.org\",\"@graph\":[{\"@type\":\"WebPage\",\"@id\":\"https:\/\/blackmusicfestival.com\/brassband\/\",\"url\":\"https:\/\/blackmusicfestival.com\/brassband\/\",\"name\":\"Taller de Brass Band con \u00c0lvar Monfort y Albert Costa - Black Music Festival\",\"isPartOf\":{\"@id\":\"https:\/\/blackmusicfestival.com\/#website\"},\"primaryImageOfPage\":{\"@id\":\"https:\/\/blackmusicfestival.com\/brassband\/#primaryimage\"},\"image\":{\"@id\":\"https:\/\/blackmusicfestival.com\/brassband\/#primaryimage\"},\"thumbnailUrl\":\"https:\/\/blackmusicfestival.com\/wp-content\/uploads\/2024\/01\/Foto-Alvar-Monfort-i-Albert-Costa-scaled.jpg\",\"datePublished\":\"2024-01-11T10:37:14+00:00\",\"breadcrumb\":{\"@id\":\"https:\/\/blackmusicfestival.com\/brassband\/#breadcrumb\"},\"inLanguage\":\"es\",\"potentialAction\":[{\"@type\":\"ReadAction\",\"target\":[\"https:\/\/blackmusicfestival.com\/brassband\/\"]}]},{\"@type\":\"ImageObject\",\"inLanguage\":\"es\",\"@id\":\"https:\/\/blackmusicfestival.com\/brassband\/#primaryimage\",\"url\":\"https:\/\/blackmusicfestival.com\/wp-content\/uploads\/2024\/01\/Foto-Alvar-Monfort-i-Albert-Costa-scaled.jpg\",\"contentUrl\":\"https:\/\/blackmusicfestival.com\/wp-content\/uploads\/2024\/01\/Foto-Alvar-Monfort-i-Albert-Costa-scaled.jpg\",\"width\":2560,\"height\":1920},{\"@type\":\"BreadcrumbList\",\"@id\":\"https:\/\/blackmusicfestival.com\/brassband\/#breadcrumb\",\"itemListElement\":[{\"@type\":\"ListItem\",\"position\":1,\"name\":\"Inici\",\"item\":\"https:\/\/blackmusicfestival.com\/\"},{\"@type\":\"ListItem\",\"position\":2,\"name\":\"Esdeveniments\",\"item\":\"https:\/\/blackmusicfestival.com\/events\/\"},{\"@type\":\"ListItem\",\"position\":3,\"name\":\"Taller de Brass Band con \u00c0lvar Monfort y Albert Costa\"}]},{\"@type\":\"WebSite\",\"@id\":\"https:\/\/blackmusicfestival.com\/#website\",\"url\":\"https:\/\/blackmusicfestival.com\/\",\"name\":\"Black Music Festival\",\"description\":\"El Festival de M\u00fasica Negra de Catalunya\",\"potentialAction\":[{\"@type\":\"SearchAction\",\"target\":{\"@type\":\"EntryPoint\",\"urlTemplate\":\"https:\/\/blackmusicfestival.com\/?s={search_term_string}\"},\"query-input\":{\"@type\":\"PropertyValueSpecification\",\"valueRequired\":true,\"valueName\":\"search_term_string\"}}],\"inLanguage\":\"es\"}]}<\/script>\n<!-- \/ Yoast SEO plugin. -->","yoast_head_json":{"title":"Taller de Brass Band con \u00c0lvar Monfort y Albert Costa - Black Music Festival","robots":{"index":"index","follow":"follow","max-snippet":"max-snippet:-1","max-image-preview":"max-image-preview:large","max-video-preview":"max-video-preview:-1"},"canonical":"https:\/\/blackmusicfestival.com\/brassband\/","og_locale":"es_ES","og_type":"article","og_title":"Taller de Brass Band con \u00c0lvar Monfort y Albert Costa - Black Music Festival","og_description":"\u2013 Actos 10 aniversario Girona Marxing Band \u2013 \u00bfDe d\u00f3nde proviene la tradici\u00f3n de la brass band de New Orleans y c\u00f3mo ha influenciado a las brass bands modernas? \u00bfQu\u00e9 [&hellip;]","og_url":"https:\/\/blackmusicfestival.com\/brassband\/","og_site_name":"Black Music Festival","og_image":[{"width":2560,"height":1920,"url":"https:\/\/blackmusicfestival.com\/wp-content\/uploads\/2024\/01\/Foto-Alvar-Monfort-i-Albert-Costa-scaled.jpg","type":"image\/jpeg"}],"twitter_card":"summary_large_image","twitter_misc":{"Tiempo de lectura":"1 minuto"},"schema":{"@context":"https:\/\/schema.org","@graph":[{"@type":"WebPage","@id":"https:\/\/blackmusicfestival.com\/brassband\/","url":"https:\/\/blackmusicfestival.com\/brassband\/","name":"Taller de Brass Band con \u00c0lvar Monfort y Albert Costa - Black Music Festival","isPartOf":{"@id":"https:\/\/blackmusicfestival.com\/#website"},"primaryImageOfPage":{"@id":"https:\/\/blackmusicfestival.com\/brassband\/#primaryimage"},"image":{"@id":"https:\/\/blackmusicfestival.com\/brassband\/#primaryimage"},"thumbnailUrl":"https:\/\/blackmusicfestival.com\/wp-content\/uploads\/2024\/01\/Foto-Alvar-Monfort-i-Albert-Costa-scaled.jpg","datePublished":"2024-01-11T10:37:14+00:00","breadcrumb":{"@id":"https:\/\/blackmusicfestival.com\/brassband\/#breadcrumb"},"inLanguage":"es","potentialAction":[{"@type":"ReadAction","target":["https:\/\/blackmusicfestival.com\/brassband\/"]}]},{"@type":"ImageObject","inLanguage":"es","@id":"https:\/\/blackmusicfestival.com\/brassband\/#primaryimage","url":"https:\/\/blackmusicfestival.com\/wp-content\/uploads\/2024\/01\/Foto-Alvar-Monfort-i-Albert-Costa-scaled.jpg","contentUrl":"https:\/\/blackmusicfestival.com\/wp-content\/uploads\/2024\/01\/Foto-Alvar-Monfort-i-Albert-Costa-scaled.jpg","width":2560,"height":1920},{"@type":"BreadcrumbList","@id":"https:\/\/blackmusicfestival.com\/brassband\/#breadcrumb","itemListElement":[{"@type":"ListItem","position":1,"name":"Inici","item":"https:\/\/blackmusicfestival.com\/"},{"@type":"ListItem","position":2,"name":"Esdeveniments","item":"https:\/\/blackmusicfestival.com\/events\/"},{"@type":"ListItem","position":3,"name":"Taller de Brass Band con \u00c0lvar Monfort y Albert Costa"}]},{"@type":"WebSite","@id":"https:\/\/blackmusicfestival.com\/#website","url":"https:\/\/blackmusicfestival.com\/","name":"Black Music Festival","description":"El Festival de M\u00fasica Negra de Catalunya","potentialAction":[{"@type":"SearchAction","target":{"@type":"EntryPoint","urlTemplate":"https:\/\/blackmusicfestival.com\/?s={search_term_string}"},"query-input":{"@type":"PropertyValueSpecification","valueRequired":true,"valueName":"search_term_string"}}],"inLanguage":"es"}]}},"_links":{"self":[{"href":"https:\/\/blackmusicfestival.com\/es\/wp-json\/wp\/v2\/tribe_events\/1316","targetHints":{"allow":["GET"]}}],"collection":[{"href":"https:\/\/blackmusicfestival.com\/es\/wp-json\/wp\/v2\/tribe_events"}],"about":[{"href":"https:\/\/blackmusicfestival.com\/es\/wp-json\/wp\/v2\/types\/tribe_events"}],"author":[{"embeddable":true,"href":"https:\/\/blackmusicfestival.com\/es\/wp-json\/wp\/v2\/users\/3"}],"version-history":[{"count":0,"href":"https:\/\/blackmusicfestival.com\/es\/wp-json\/wp\/v2\/tribe_events\/1316\/revisions"}],"wp:featuredmedia":[{"embeddable":true,"href":"https:\/\/blackmusicfestival.com\/es\/wp-json\/wp\/v2\/media\/1310"}],"wp:attachment":[{"href":"https:\/\/blackmusicfestival.com\/es\/wp-json\/wp\/v2\/media?parent=1316"}],"wp:term":[{"taxonomy":"post_tag","embeddable":true,"href":"https:\/\/blackmusicfestival.com\/es\/wp-json\/wp\/v2\/tags?post=1316"},{"taxonomy":"tribe_events_cat","embeddable":true,"href":"https:\/\/blackmusicfestival.com\/es\/wp-json\/wp\/v2\/tribe_events_cat?post=1316"}],"curies":[{"name":"wp","href":"https:\/\/api.w.org\/{rel}","templated":true}]}}

Taller de Brass Band con Àlvar Monfort y Albert Costa

<div class="wp-block-group">
<div class="wp-block-group__inner-container">
<h4>– <strong>Actos 10 aniversario Girona Marxing Band</strong> –</h4>
<p>¿De dónde proviene la tradición de la brass band de New Orleans y cómo ha influenciado a las brass bands modernas? ¿Qué es una <em>second line</em> y qué función social tiene? ¿Cuál es su repertorio más habitual y cómo se toca? ¿Cuáles son las características básicas de la improvisación en ese estilo?</p>
</div>
</div>
<div class="wp-block-group">
<div class="wp-block-group__inner-container">
<p>Estas son algunas de las preguntas que intentaremos responder y desarrollar en este taller de brass band impartido por Àlvar Monfort y Albert Costa, fundadores de <a href="https://open.spotify.com/artist/7nMM3u8bnwFtQxA2g0uNIv?si=cOGdD2R4R7Gt1rJCxTZ6rw" target="_blank" rel="noreferrer noopener">Hip Horns Brass Collective</a>.</p>
<p>En este taller trabajaremos con una formación “clásica” de brass band moderna tipo Rebirth Brass Band o Hot 8 Brass Band: trompetas, trombones, sousaphone, bombo y caja. Estudiaremos y tocaremos un repertorio formado por algunos de los temas más conocidos de estas dos brass bands como <em>Feel Like Funkin&#8217; It Up, What&#8217;s My Nameo</em> <em>Do Watcha Wanna</em>.</p>
<p>Este taller se enmarca en los actos de celebración del décimo aniversario de la Girona Marxing Band, un proyecto pedagógico de la escuela de música y artes escénicas La Moderna.</p>
</div>
</div>

<p>– Actos 10 aniversario Girona Marxing Band – ¿De dónde proviene la tradición de la brass band de New Orleans y cómo ha influenciado a las brass bands modernas? ¿Qué [&hellip;]</p>

<!-- This site is optimized with the Yoast SEO plugin v26.3 - https://yoast.com/wordpress/plugins/seo/ -->
<title>Taller de Brass Band con Àlvar Monfort y Albert Costa - Black Music Festival</title>
<meta name="robots" content="index, follow, max-snippet:-1, max-image-preview:large, max-video-preview:-1" />
<link rel="canonical" href="https://blackmusicfestival.com/brassband/" />
<meta property="og:locale" content="es_ES" />
<meta property="og:type" content="article" />
<meta property="og:title" content="Taller de Brass Band con Àlvar Monfort y Albert Costa - Black Music Festival" />
<meta property="og:description" content="– Actos 10 aniversario Girona Marxing Band – ¿De dónde proviene la tradición de la brass band de New Orleans y cómo ha influenciado a las brass bands modernas? ¿Qué [&hellip;]" />
<meta property="og:url" content="https://blackmusicfestival.com/brassband/" />
<meta property="og:site_name" content="Black Music Festival" />
<meta property="og:image" content="https://blackmusicfestival.com/wp-content/uploads/2024/01/Foto-Alvar-Monfort-i-Albert-Costa-scaled.jpg" />
	<meta property="og:image:width" content="2560" />
	<meta property="og:image:height" content="1920" />
	<meta property="og:image:type" content="image/jpeg" />
<meta name="twitter:card" content="summary_large_image" />
<meta name="twitter:label1" content="Tiempo de lectura" />
	<meta name="twitter:data1" content="1 minuto" />
<script type="application/ld+json" class="yoast-schema-graph">{"@context":"https://schema.org","@graph":[{"@type":"WebPage","@id":"https://blackmusicfestival.com/brassband/","url":"https://blackmusicfestival.com/brassband/","name":"Taller de Brass Band con Àlvar Monfort y Albert Costa - Black Music Festival","isPartOf":{"@id":"https://blackmusicfestival.com/#website"},"primaryImageOfPage":{"@id":"https://blackmusicfestival.com/brassband/#primaryimage"},"image":{"@id":"https://blackmusicfestival.com/brassband/#primaryimage"},"thumbnailUrl":"https://blackmusicfestival.com/wp-content/uploads/2024/01/Foto-Alvar-Monfort-i-Albert-Costa-scaled.jpg","datePublished":"2024-01-11T10:37:14+00:00","breadcrumb":{"@id":"https://blackmusicfestival.com/brassband/#breadcrumb"},"inLanguage":"es","potentialAction":[{"@type":"ReadAction","target":["https://blackmusicfestival.com/brassband/"]}]},{"@type":"ImageObject","inLanguage":"es","@id":"https://blackmusicfestival.com/brassband/#primaryimage","url":"https://blackmusicfestival.com/wp-content/uploads/2024/01/Foto-Alvar-Monfort-i-Albert-Costa-scaled.jpg","contentUrl":"https://blackmusicfestival.com/wp-content/uploads/2024/01/Foto-Alvar-Monfort-i-Albert-Costa-scaled.jpg","width":2560,"height":1920},{"@type":"BreadcrumbList","@id":"https://blackmusicfestival.com/brassband/#breadcrumb","itemListElement":[{"@type":"ListItem","position":1,"name":"Inici","item":"https://blackmusicfestival.com/"},{"@type":"ListItem","position":2,"name":"Esdeveniments","item":"https://blackmusicfestival.com/events/"},{"@type":"ListItem","position":3,"name":"Taller de Brass Band con Àlvar Monfort y Albert Costa"}]},{"@type":"WebSite","@id":"https://blackmusicfestival.com/#website","url":"https://blackmusicfestival.com/","name":"Black Music Festival","description":"El Festival de Música Negra de Catalunya","potentialAction":[{"@type":"SearchAction","target":{"@type":"EntryPoint","urlTemplate":"https://blackmusicfestival.com/?s={search_term_string}"},"query-input":{"@type":"PropertyValueSpecification","valueRequired":true,"valueName":"search_term_string"}}],"inLanguage":"es"}]}</script>
<!-- / Yoast SEO plugin. -->

Taller de Brass Band con Àlvar Monfort y Albert Costa - Black Music Festival

– Actos 10 aniversario Girona Marxing Band – ¿De dónde proviene la tradición de la brass band de New Orleans y cómo ha influenciado a las brass bands modernas? ¿Qué [&hellip;]

El Festival de Música Negra de Catalunya
