{"id":1902,"date":"2024-02-01T20:16:50","date_gmt":"2024-02-01T18:16:50","guid":{"rendered":"https:\/\/blackmusicfestival.com\/black-music-picnic\/"},"modified":"2024-02-01T20:16:50","modified_gmt":"2024-02-01T18:16:50","slug":"black-music-picnic","status":"publish","type":"tribe_events","link":"https:\/\/blackmusicfestival.com\/es\/black-music-picnic\/","title":{"rendered":"Black Music Picnic"},"content":{"rendered":"<p><iframe loading=\"lazy\" width=\"100%\" height=\"600\" src=\"https:\/\/www.youtube.com\/embed\/MYnlrk0kJdg?si=H6nKW6h8dHE_zYUO\" title=\"YouTube video player\" frameborder=\"0\" allow=\"accelerometer; autoplay; clipboard-write; encrypted-media; gyroscope; picture-in-picture; web-share\" allowfullscreen=\"\"><\/iframe><\/p>\n<p>FUNTASTIK es el nuevo show de Lali BeGood estrenado el 21 de julio en el Festival GREC de Barcelona. Un concierto con las nuevas canciones del disco hom\u00f3nimo y los hits de siempre donde el humor, la sorpresa y el JOC forman un engranaje perfecto para disfrutar de un espect\u00e1culo familiar y transversal. Porque los de Lali BeGood no han venido s\u00f3lo a tocar canciones&#8230; \u00a1han venido a JUGARLAS!<\/p>\n<p>&#8211; &#8211; &#8211; &#8211; &#8211; &#8211; &#8211; &#8211; &#8211; &#8211;<\/p>\n<p><iframe loading=\"lazy\" title=\"YouTube video player\" src=\"https:\/\/www.youtube.com\/embed\/DeFQ3LvmK6M?si=nyE7Gyb-6rrqbz6t\" width=\"100%\" height=\"600\" frameborder=\"0\" allowfullscreen=\"allowfullscreen\"><\/iframe><\/p>\n<p>La Black Music Big Band es la primera big band formativa centrada en los estilos del soul y el funk. Creada hace 6 a\u00f1os en comarcas gerundenses, ya ha grabado tres discos, dos de ellos en directo. Est\u00e1 formada por una treintena de chicas y chicos de entre 16 y 25 a\u00f1os, con la direcci\u00f3n musical de Adri\u00e0 Bauz\u00f3 y Nuri Mancebo en la parte vocal.<\/p>\n<p>Ha colaborado con artistas como Libert Fortuny, The Sey Sisters, Raynald Colom, David Mauricio, Nito Figueras, Paula Grande y V\u00edctor Branch.<\/p>\n<p>La Black Music Big Band es un proyecto educativo de la Fundaci\u00f3n Casa de la M\u00fasica de las Comarcas Gerundenses y el Black Music Festival que ya ha presentado su directo en escenarios destacados de nuestra casa como la Sala Apolo, el Auditori de Girona, l &#8216;Auditorio de Banyoles, el Auditorio Espacio Ter de Torroella de Montgr\u00ed, Sala La Mirona, y festivales como el Black Music Festival, el Emergente, el Festival de Campllong, el Festival \u00cdtaca, entre otros muchos.<\/p>\n<p>&#8211; &#8211; &#8211; &#8211; &#8211; &#8211; &#8211; &#8211; &#8211; &#8211;<\/p>\n<p><iframe loading=\"lazy\" title=\"YouTube video player\" src=\"https:\/\/www.youtube.com\/embed\/g_QaZhLjg9A?si=30KNpK8eFkZubdbC\" width=\"100%\" height=\"600\" frameborder=\"0\" allowfullscreen=\"allowfullscreen\"><span data-mce-type=\"bookmark\" style=\"display: inline-block; width: 0px; overflow: hidden; line-height: 0;\" class=\"mce_SELRES_start\"><\/span><\/iframe><\/p>\n<p>Las Karamba se funda en el a\u00f1o 2018 en el seno de las calles de Barcelona, \u200b\u200bentre el caos, el tr\u00e1fico, la ciudad y el estr\u00e9s, a la necesidad de adquirir fuerzas, combatir miedos y cambiar la forma de vivir. Nace de la empat\u00eda entre seis historias de vida. Historias de migraciones, herencias musicales, y maternidades subversivas y diversas, con la intenci\u00f3n de perseguir sue\u00f1os, experimentar el potencial y la sensibilidad, reivindicar el papel de la mujer, del compromiso con la m\u00fasica. Una mezcla multicultural entre Venezuela, Cuba, Espa\u00f1a y Argentina: fusi\u00f3n de sue\u00f1o, chachacha, salsa, timba, rape y m\u00fasica urbana.<\/p>\n","protected":false},"excerpt":{"rendered":"<p>+ Las Karamba<br \/>\n+ Black Music Big Band<br \/>\n+ Lali BeGood<\/p>\n","protected":false},"author":3,"featured_media":1763,"template":"","meta":{"_et_pb_use_builder":"off","_et_pb_old_content":"","_et_gb_content_width":"","_tribe_events_status":"","_tribe_events_status_reason":"","footnotes":""},"tags":[],"tribe_events_cat":[169],"class_list":["post-1902","tribe_events","type-tribe_events","status-publish","has-post-thumbnail","hentry","tribe_events_cat-black-music-picnic-es","cat_black-music-picnic-es"],"yoast_head":"<!-- This site is optimized with the Yoast SEO plugin v26.3 - https:\/\/yoast.com\/wordpress\/plugins\/seo\/ -->\n<title>Black Music Picnic - Black Music Festival<\/title>\n<meta name=\"robots\" content=\"index, follow, max-snippet:-1, max-image-preview:large, max-video-preview:-1\" \/>\n<link rel=\"canonical\" href=\"https:\/\/blackmusicfestival.com\/picnic\/\" \/>\n<meta property=\"og:locale\" content=\"es_ES\" \/>\n<meta property=\"og:type\" content=\"article\" \/>\n<meta property=\"og:title\" content=\"Black Music Picnic - Black Music Festival\" \/>\n<meta property=\"og:description\" content=\"+ Las Karamba + Black Music Big Band + Lali BeGood\" \/>\n<meta property=\"og:url\" content=\"https:\/\/blackmusicfestival.com\/picnic\/\" \/>\n<meta property=\"og:site_name\" content=\"Black Music Festival\" \/>\n<meta property=\"og:image\" content=\"https:\/\/blackmusicfestival.com\/wp-content\/uploads\/2024\/02\/Logo-Picnic-1.jpeg\" \/>\n\t<meta property=\"og:image:width\" content=\"600\" \/>\n\t<meta property=\"og:image:height\" content=\"400\" \/>\n\t<meta property=\"og:image:type\" content=\"image\/jpeg\" \/>\n<meta name=\"twitter:card\" content=\"summary_large_image\" \/>\n<meta name=\"twitter:label1\" content=\"Tiempo de lectura\" \/>\n\t<meta name=\"twitter:data1\" content=\"2 minutos\" \/>\n<script type=\"application\/ld+json\" class=\"yoast-schema-graph\">{\"@context\":\"https:\/\/schema.org\",\"@graph\":[{\"@type\":\"WebPage\",\"@id\":\"https:\/\/blackmusicfestival.com\/picnic\/\",\"url\":\"https:\/\/blackmusicfestival.com\/picnic\/\",\"name\":\"Black Music Picnic - Black Music Festival\",\"isPartOf\":{\"@id\":\"https:\/\/blackmusicfestival.com\/#website\"},\"primaryImageOfPage\":{\"@id\":\"https:\/\/blackmusicfestival.com\/picnic\/#primaryimage\"},\"image\":{\"@id\":\"https:\/\/blackmusicfestival.com\/picnic\/#primaryimage\"},\"thumbnailUrl\":\"https:\/\/blackmusicfestival.com\/wp-content\/uploads\/2024\/02\/Logo-Picnic-1.jpeg\",\"datePublished\":\"2024-02-01T18:16:50+00:00\",\"breadcrumb\":{\"@id\":\"https:\/\/blackmusicfestival.com\/picnic\/#breadcrumb\"},\"inLanguage\":\"es\",\"potentialAction\":[{\"@type\":\"ReadAction\",\"target\":[\"https:\/\/blackmusicfestival.com\/picnic\/\"]}]},{\"@type\":\"ImageObject\",\"inLanguage\":\"es\",\"@id\":\"https:\/\/blackmusicfestival.com\/picnic\/#primaryimage\",\"url\":\"https:\/\/blackmusicfestival.com\/wp-content\/uploads\/2024\/02\/Logo-Picnic-1.jpeg\",\"contentUrl\":\"https:\/\/blackmusicfestival.com\/wp-content\/uploads\/2024\/02\/Logo-Picnic-1.jpeg\",\"width\":600,\"height\":400},{\"@type\":\"BreadcrumbList\",\"@id\":\"https:\/\/blackmusicfestival.com\/picnic\/#breadcrumb\",\"itemListElement\":[{\"@type\":\"ListItem\",\"position\":1,\"name\":\"Inici\",\"item\":\"https:\/\/blackmusicfestival.com\/\"},{\"@type\":\"ListItem\",\"position\":2,\"name\":\"Esdeveniments\",\"item\":\"https:\/\/blackmusicfestival.com\/events\/\"},{\"@type\":\"ListItem\",\"position\":3,\"name\":\"Black Music Picnic\"}]},{\"@type\":\"WebSite\",\"@id\":\"https:\/\/blackmusicfestival.com\/#website\",\"url\":\"https:\/\/blackmusicfestival.com\/\",\"name\":\"Black Music Festival\",\"description\":\"El Festival de M\u00fasica Negra de Catalunya\",\"potentialAction\":[{\"@type\":\"SearchAction\",\"target\":{\"@type\":\"EntryPoint\",\"urlTemplate\":\"https:\/\/blackmusicfestival.com\/?s={search_term_string}\"},\"query-input\":{\"@type\":\"PropertyValueSpecification\",\"valueRequired\":true,\"valueName\":\"search_term_string\"}}],\"inLanguage\":\"es\"}]}<\/script>\n<!-- \/ Yoast SEO plugin. -->","yoast_head_json":{"title":"Black Music Picnic - Black Music Festival","robots":{"index":"index","follow":"follow","max-snippet":"max-snippet:-1","max-image-preview":"max-image-preview:large","max-video-preview":"max-video-preview:-1"},"canonical":"https:\/\/blackmusicfestival.com\/picnic\/","og_locale":"es_ES","og_type":"article","og_title":"Black Music Picnic - Black Music Festival","og_description":"+ Las Karamba + Black Music Big Band + Lali BeGood","og_url":"https:\/\/blackmusicfestival.com\/picnic\/","og_site_name":"Black Music Festival","og_image":[{"width":600,"height":400,"url":"https:\/\/blackmusicfestival.com\/wp-content\/uploads\/2024\/02\/Logo-Picnic-1.jpeg","type":"image\/jpeg"}],"twitter_card":"summary_large_image","twitter_misc":{"Tiempo de lectura":"2 minutos"},"schema":{"@context":"https:\/\/schema.org","@graph":[{"@type":"WebPage","@id":"https:\/\/blackmusicfestival.com\/picnic\/","url":"https:\/\/blackmusicfestival.com\/picnic\/","name":"Black Music Picnic - Black Music Festival","isPartOf":{"@id":"https:\/\/blackmusicfestival.com\/#website"},"primaryImageOfPage":{"@id":"https:\/\/blackmusicfestival.com\/picnic\/#primaryimage"},"image":{"@id":"https:\/\/blackmusicfestival.com\/picnic\/#primaryimage"},"thumbnailUrl":"https:\/\/blackmusicfestival.com\/wp-content\/uploads\/2024\/02\/Logo-Picnic-1.jpeg","datePublished":"2024-02-01T18:16:50+00:00","breadcrumb":{"@id":"https:\/\/blackmusicfestival.com\/picnic\/#breadcrumb"},"inLanguage":"es","potentialAction":[{"@type":"ReadAction","target":["https:\/\/blackmusicfestival.com\/picnic\/"]}]},{"@type":"ImageObject","inLanguage":"es","@id":"https:\/\/blackmusicfestival.com\/picnic\/#primaryimage","url":"https:\/\/blackmusicfestival.com\/wp-content\/uploads\/2024\/02\/Logo-Picnic-1.jpeg","contentUrl":"https:\/\/blackmusicfestival.com\/wp-content\/uploads\/2024\/02\/Logo-Picnic-1.jpeg","width":600,"height":400},{"@type":"BreadcrumbList","@id":"https:\/\/blackmusicfestival.com\/picnic\/#breadcrumb","itemListElement":[{"@type":"ListItem","position":1,"name":"Inici","item":"https:\/\/blackmusicfestival.com\/"},{"@type":"ListItem","position":2,"name":"Esdeveniments","item":"https:\/\/blackmusicfestival.com\/events\/"},{"@type":"ListItem","position":3,"name":"Black Music Picnic"}]},{"@type":"WebSite","@id":"https:\/\/blackmusicfestival.com\/#website","url":"https:\/\/blackmusicfestival.com\/","name":"Black Music Festival","description":"El Festival de M\u00fasica Negra de Catalunya","potentialAction":[{"@type":"SearchAction","target":{"@type":"EntryPoint","urlTemplate":"https:\/\/blackmusicfestival.com\/?s={search_term_string}"},"query-input":{"@type":"PropertyValueSpecification","valueRequired":true,"valueName":"search_term_string"}}],"inLanguage":"es"}]}},"_links":{"self":[{"href":"https:\/\/blackmusicfestival.com\/es\/wp-json\/wp\/v2\/tribe_events\/1902","targetHints":{"allow":["GET"]}}],"collection":[{"href":"https:\/\/blackmusicfestival.com\/es\/wp-json\/wp\/v2\/tribe_events"}],"about":[{"href":"https:\/\/blackmusicfestival.com\/es\/wp-json\/wp\/v2\/types\/tribe_events"}],"author":[{"embeddable":true,"href":"https:\/\/blackmusicfestival.com\/es\/wp-json\/wp\/v2\/users\/3"}],"version-history":[{"count":0,"href":"https:\/\/blackmusicfestival.com\/es\/wp-json\/wp\/v2\/tribe_events\/1902\/revisions"}],"wp:featuredmedia":[{"embeddable":true,"href":"https:\/\/blackmusicfestival.com\/es\/wp-json\/wp\/v2\/media\/1763"}],"wp:attachment":[{"href":"https:\/\/blackmusicfestival.com\/es\/wp-json\/wp\/v2\/media?parent=1902"}],"wp:term":[{"taxonomy":"post_tag","embeddable":true,"href":"https:\/\/blackmusicfestival.com\/es\/wp-json\/wp\/v2\/tags?post=1902"},{"taxonomy":"tribe_events_cat","embeddable":true,"href":"https:\/\/blackmusicfestival.com\/es\/wp-json\/wp\/v2\/tribe_events_cat?post=1902"}],"curies":[{"name":"wp","href":"https:\/\/api.w.org\/{rel}","templated":true}]}}

<p><iframe loading="lazy" width="100%" height="600" src="https://www.youtube.com/embed/MYnlrk0kJdg?si=H6nKW6h8dHE_zYUO" title="YouTube video player" frameborder="0" allow="accelerometer; autoplay; clipboard-write; encrypted-media; gyroscope; picture-in-picture; web-share" allowfullscreen=""></iframe></p>
<p>FUNTASTIK es el nuevo show de Lali BeGood estrenado el 21 de julio en el Festival GREC de Barcelona. Un concierto con las nuevas canciones del disco homónimo y los hits de siempre donde el humor, la sorpresa y el JOC forman un engranaje perfecto para disfrutar de un espectáculo familiar y transversal. Porque los de Lali BeGood no han venido sólo a tocar canciones&#8230; ¡han venido a JUGARLAS!</p>
<p>&#8211; &#8211; &#8211; &#8211; &#8211; &#8211; &#8211; &#8211; &#8211; &#8211;</p>
<p><iframe loading="lazy" title="YouTube video player" src="https://www.youtube.com/embed/DeFQ3LvmK6M?si=nyE7Gyb-6rrqbz6t" width="100%" height="600" frameborder="0" allowfullscreen="allowfullscreen"></iframe></p>
<p>La Black Music Big Band es la primera big band formativa centrada en los estilos del soul y el funk. Creada hace 6 años en comarcas gerundenses, ya ha grabado tres discos, dos de ellos en directo. Está formada por una treintena de chicas y chicos de entre 16 y 25 años, con la dirección musical de Adrià Bauzó y Nuri Mancebo en la parte vocal.</p>
<p>Ha colaborado con artistas como Libert Fortuny, The Sey Sisters, Raynald Colom, David Mauricio, Nito Figueras, Paula Grande y Víctor Branch.</p>
<p>La Black Music Big Band es un proyecto educativo de la Fundación Casa de la Música de las Comarcas Gerundenses y el Black Music Festival que ya ha presentado su directo en escenarios destacados de nuestra casa como la Sala Apolo, el Auditori de Girona, l &#8216;Auditorio de Banyoles, el Auditorio Espacio Ter de Torroella de Montgrí, Sala La Mirona, y festivales como el Black Music Festival, el Emergente, el Festival de Campllong, el Festival Ítaca, entre otros muchos.</p>
<p>&#8211; &#8211; &#8211; &#8211; &#8211; &#8211; &#8211; &#8211; &#8211; &#8211;</p>
<p><iframe loading="lazy" title="YouTube video player" src="https://www.youtube.com/embed/g_QaZhLjg9A?si=30KNpK8eFkZubdbC" width="100%" height="600" frameborder="0" allowfullscreen="allowfullscreen"><span data-mce-type="bookmark" style="display: inline-block; width: 0px; overflow: hidden; line-height: 0;" class="mce_SELRES_start"></span></iframe></p>
<p>Las Karamba se funda en el año 2018 en el seno de las calles de Barcelona, ​​entre el caos, el tráfico, la ciudad y el estrés, a la necesidad de adquirir fuerzas, combatir miedos y cambiar la forma de vivir. Nace de la empatía entre seis historias de vida. Historias de migraciones, herencias musicales, y maternidades subversivas y diversas, con la intención de perseguir sueños, experimentar el potencial y la sensibilidad, reivindicar el papel de la mujer, del compromiso con la música. Una mezcla multicultural entre Venezuela, Cuba, España y Argentina: fusión de sueño, chachacha, salsa, timba, rape y música urbana.</p>

<!-- This site is optimized with the Yoast SEO plugin v26.3 - https://yoast.com/wordpress/plugins/seo/ -->
<title>Black Music Picnic - Black Music Festival</title>
<meta name="robots" content="index, follow, max-snippet:-1, max-image-preview:large, max-video-preview:-1" />
<link rel="canonical" href="https://blackmusicfestival.com/picnic/" />
<meta property="og:locale" content="es_ES" />
<meta property="og:type" content="article" />
<meta property="og:title" content="Black Music Picnic - Black Music Festival" />
<meta property="og:description" content="+ Las Karamba + Black Music Big Band + Lali BeGood" />
<meta property="og:url" content="https://blackmusicfestival.com/picnic/" />
<meta property="og:site_name" content="Black Music Festival" />
<meta property="og:image" content="https://blackmusicfestival.com/wp-content/uploads/2024/02/Logo-Picnic-1.jpeg" />
	<meta property="og:image:width" content="600" />
	<meta property="og:image:height" content="400" />
	<meta property="og:image:type" content="image/jpeg" />
<meta name="twitter:card" content="summary_large_image" />
<meta name="twitter:label1" content="Tiempo de lectura" />
	<meta name="twitter:data1" content="2 minutos" />
<script type="application/ld+json" class="yoast-schema-graph">{"@context":"https://schema.org","@graph":[{"@type":"WebPage","@id":"https://blackmusicfestival.com/picnic/","url":"https://blackmusicfestival.com/picnic/","name":"Black Music Picnic - Black Music Festival","isPartOf":{"@id":"https://blackmusicfestival.com/#website"},"primaryImageOfPage":{"@id":"https://blackmusicfestival.com/picnic/#primaryimage"},"image":{"@id":"https://blackmusicfestival.com/picnic/#primaryimage"},"thumbnailUrl":"https://blackmusicfestival.com/wp-content/uploads/2024/02/Logo-Picnic-1.jpeg","datePublished":"2024-02-01T18:16:50+00:00","breadcrumb":{"@id":"https://blackmusicfestival.com/picnic/#breadcrumb"},"inLanguage":"es","potentialAction":[{"@type":"ReadAction","target":["https://blackmusicfestival.com/picnic/"]}]},{"@type":"ImageObject","inLanguage":"es","@id":"https://blackmusicfestival.com/picnic/#primaryimage","url":"https://blackmusicfestival.com/wp-content/uploads/2024/02/Logo-Picnic-1.jpeg","contentUrl":"https://blackmusicfestival.com/wp-content/uploads/2024/02/Logo-Picnic-1.jpeg","width":600,"height":400},{"@type":"BreadcrumbList","@id":"https://blackmusicfestival.com/picnic/#breadcrumb","itemListElement":[{"@type":"ListItem","position":1,"name":"Inici","item":"https://blackmusicfestival.com/"},{"@type":"ListItem","position":2,"name":"Esdeveniments","item":"https://blackmusicfestival.com/events/"},{"@type":"ListItem","position":3,"name":"Black Music Picnic"}]},{"@type":"WebSite","@id":"https://blackmusicfestival.com/#website","url":"https://blackmusicfestival.com/","name":"Black Music Festival","description":"El Festival de Música Negra de Catalunya","potentialAction":[{"@type":"SearchAction","target":{"@type":"EntryPoint","urlTemplate":"https://blackmusicfestival.com/?s={search_term_string}"},"query-input":{"@type":"PropertyValueSpecification","valueRequired":true,"valueName":"search_term_string"}}],"inLanguage":"es"}]}</script>
<!-- / Yoast SEO plugin. -->

El Festival de Música Negra de Catalunya
