{"id":2034,"date":"2024-11-06T11:40:16","date_gmt":"2024-11-06T09:40:16","guid":{"rendered":"https:\/\/blackmusicfestival.com\/nf-soul-station\/"},"modified":"2024-11-28T11:50:21","modified_gmt":"2024-11-28T09:50:21","slug":"nf-soul-station","status":"publish","type":"tribe_events","link":"https:\/\/blackmusicfestival.com\/es\/nf-soul-station\/","title":{"rendered":"NF Soul Station"},"content":{"rendered":"<p><iframe loading=\"lazy\" width=\"100%\" height=\"500\" src=\"https:\/\/www.youtube.com\/embed\/7p9ZJC6YYxE?si=8T9JjuXQMp7WW_fK\" title=\"YouTube video player\" frameborder=\"0\" allow=\"accelerometer; autoplay; clipboard-write; encrypted-media; gyroscope; picture-in-picture; web-share\" referrerpolicy=\"strict-origin-when-cross-origin\" allowfullscreen><\/iframe><\/p>\n<p>El colectivo Naci\u00f3n Funk presenta su banda de soul furioso, nacida de la interacci\u00f3n entre m\u00fasicos provenientes de la escena soul, funk, jazz y hip hop catalana.<\/p>\n<p>Lalo L\u00f3pez ha reunido a una familia musical para reivindicar el southern soul de sellos como Stax o Hi-fi y el sonido crudo de Willie Mitchell, Syl Johnson u O.V. Wright, cuando a finales de los 60 el g\u00e9nero comenzaba a recibir la influencia del funk.<\/p>\n<p>El resultado es un show de ritmo trepidante lleno de momentos emocionantes y dram\u00e1ticos, y que contar\u00e1 esta vez con la imponente voz y presencia de Jonathan Herrero (A Contrablues, Rambalaya).<\/p>\n<p>M\u00e1s que un concierto, una declaraci\u00f3n de amor a una \u00e9poca y una forma de entender la m\u00fasica.<\/p>\n","protected":false},"excerpt":{"rendered":"<p>+ Vincen Garc\u00eda<\/p>\n","protected":false},"author":3,"featured_media":2032,"template":"","meta":{"_et_pb_use_builder":"","_et_pb_old_content":"","_et_gb_content_width":"","_tribe_events_status":"","_tribe_events_status_reason":"","footnotes":""},"tags":[],"tribe_events_cat":[],"class_list":["post-2034","tribe_events","type-tribe_events","status-publish","has-post-thumbnail","hentry"],"yoast_head":"<!-- This site is optimized with the Yoast SEO plugin v26.3 - https:\/\/yoast.com\/wordpress\/plugins\/seo\/ -->\n<title>NF Soul Station - Black Music Festival<\/title>\n<meta name=\"robots\" content=\"index, follow, max-snippet:-1, max-image-preview:large, max-video-preview:-1\" \/>\n<link rel=\"canonical\" href=\"https:\/\/blackmusicfestival.com\/nfsoulstation\/\" \/>\n<meta property=\"og:locale\" content=\"es_ES\" \/>\n<meta property=\"og:type\" content=\"article\" \/>\n<meta property=\"og:title\" content=\"NF Soul Station - Black Music Festival\" \/>\n<meta property=\"og:description\" content=\"+ Vincen Garc\u00eda\" \/>\n<meta property=\"og:url\" content=\"https:\/\/blackmusicfestival.com\/nfsoulstation\/\" \/>\n<meta property=\"og:site_name\" content=\"Black Music Festival\" \/>\n<meta property=\"article:modified_time\" content=\"2024-11-28T09:50:21+00:00\" \/>\n<meta property=\"og:image\" content=\"https:\/\/blackmusicfestival.com\/wp-content\/uploads\/2024\/11\/IMG_2466-scaled.jpg\" \/>\n\t<meta property=\"og:image:width\" content=\"2560\" \/>\n\t<meta property=\"og:image:height\" content=\"1920\" \/>\n\t<meta property=\"og:image:type\" content=\"image\/jpeg\" \/>\n<meta name=\"twitter:card\" content=\"summary_large_image\" \/>\n<meta name=\"twitter:label1\" content=\"Tiempo de lectura\" \/>\n\t<meta name=\"twitter:data1\" content=\"1 minuto\" \/>\n<script type=\"application\/ld+json\" class=\"yoast-schema-graph\">{\"@context\":\"https:\/\/schema.org\",\"@graph\":[{\"@type\":\"WebPage\",\"@id\":\"https:\/\/blackmusicfestival.com\/nfsoulstation\/\",\"url\":\"https:\/\/blackmusicfestival.com\/nfsoulstation\/\",\"name\":\"NF Soul Station - Black Music Festival\",\"isPartOf\":{\"@id\":\"https:\/\/blackmusicfestival.com\/#website\"},\"primaryImageOfPage\":{\"@id\":\"https:\/\/blackmusicfestival.com\/nfsoulstation\/#primaryimage\"},\"image\":{\"@id\":\"https:\/\/blackmusicfestival.com\/nfsoulstation\/#primaryimage\"},\"thumbnailUrl\":\"https:\/\/blackmusicfestival.com\/wp-content\/uploads\/2024\/11\/IMG_2466-scaled.jpg\",\"datePublished\":\"2024-11-06T09:40:16+00:00\",\"dateModified\":\"2024-11-28T09:50:21+00:00\",\"breadcrumb\":{\"@id\":\"https:\/\/blackmusicfestival.com\/nfsoulstation\/#breadcrumb\"},\"inLanguage\":\"es\",\"potentialAction\":[{\"@type\":\"ReadAction\",\"target\":[\"https:\/\/blackmusicfestival.com\/nfsoulstation\/\"]}]},{\"@type\":\"ImageObject\",\"inLanguage\":\"es\",\"@id\":\"https:\/\/blackmusicfestival.com\/nfsoulstation\/#primaryimage\",\"url\":\"https:\/\/blackmusicfestival.com\/wp-content\/uploads\/2024\/11\/IMG_2466-scaled.jpg\",\"contentUrl\":\"https:\/\/blackmusicfestival.com\/wp-content\/uploads\/2024\/11\/IMG_2466-scaled.jpg\",\"width\":2560,\"height\":1920},{\"@type\":\"BreadcrumbList\",\"@id\":\"https:\/\/blackmusicfestival.com\/nfsoulstation\/#breadcrumb\",\"itemListElement\":[{\"@type\":\"ListItem\",\"position\":1,\"name\":\"Inici\",\"item\":\"https:\/\/blackmusicfestival.com\/\"},{\"@type\":\"ListItem\",\"position\":2,\"name\":\"Esdeveniments\",\"item\":\"https:\/\/blackmusicfestival.com\/events\/\"},{\"@type\":\"ListItem\",\"position\":3,\"name\":\"NF Soul Station\"}]},{\"@type\":\"WebSite\",\"@id\":\"https:\/\/blackmusicfestival.com\/#website\",\"url\":\"https:\/\/blackmusicfestival.com\/\",\"name\":\"Black Music Festival\",\"description\":\"El Festival de M\u00fasica Negra de Catalunya\",\"potentialAction\":[{\"@type\":\"SearchAction\",\"target\":{\"@type\":\"EntryPoint\",\"urlTemplate\":\"https:\/\/blackmusicfestival.com\/?s={search_term_string}\"},\"query-input\":{\"@type\":\"PropertyValueSpecification\",\"valueRequired\":true,\"valueName\":\"search_term_string\"}}],\"inLanguage\":\"es\"}]}<\/script>\n<!-- \/ Yoast SEO plugin. -->","yoast_head_json":{"title":"NF Soul Station - Black Music Festival","robots":{"index":"index","follow":"follow","max-snippet":"max-snippet:-1","max-image-preview":"max-image-preview:large","max-video-preview":"max-video-preview:-1"},"canonical":"https:\/\/blackmusicfestival.com\/nfsoulstation\/","og_locale":"es_ES","og_type":"article","og_title":"NF Soul Station - Black Music Festival","og_description":"+ Vincen Garc\u00eda","og_url":"https:\/\/blackmusicfestival.com\/nfsoulstation\/","og_site_name":"Black Music Festival","article_modified_time":"2024-11-28T09:50:21+00:00","og_image":[{"width":2560,"height":1920,"url":"https:\/\/blackmusicfestival.com\/wp-content\/uploads\/2024\/11\/IMG_2466-scaled.jpg","type":"image\/jpeg"}],"twitter_card":"summary_large_image","twitter_misc":{"Tiempo de lectura":"1 minuto"},"schema":{"@context":"https:\/\/schema.org","@graph":[{"@type":"WebPage","@id":"https:\/\/blackmusicfestival.com\/nfsoulstation\/","url":"https:\/\/blackmusicfestival.com\/nfsoulstation\/","name":"NF Soul Station - Black Music Festival","isPartOf":{"@id":"https:\/\/blackmusicfestival.com\/#website"},"primaryImageOfPage":{"@id":"https:\/\/blackmusicfestival.com\/nfsoulstation\/#primaryimage"},"image":{"@id":"https:\/\/blackmusicfestival.com\/nfsoulstation\/#primaryimage"},"thumbnailUrl":"https:\/\/blackmusicfestival.com\/wp-content\/uploads\/2024\/11\/IMG_2466-scaled.jpg","datePublished":"2024-11-06T09:40:16+00:00","dateModified":"2024-11-28T09:50:21+00:00","breadcrumb":{"@id":"https:\/\/blackmusicfestival.com\/nfsoulstation\/#breadcrumb"},"inLanguage":"es","potentialAction":[{"@type":"ReadAction","target":["https:\/\/blackmusicfestival.com\/nfsoulstation\/"]}]},{"@type":"ImageObject","inLanguage":"es","@id":"https:\/\/blackmusicfestival.com\/nfsoulstation\/#primaryimage","url":"https:\/\/blackmusicfestival.com\/wp-content\/uploads\/2024\/11\/IMG_2466-scaled.jpg","contentUrl":"https:\/\/blackmusicfestival.com\/wp-content\/uploads\/2024\/11\/IMG_2466-scaled.jpg","width":2560,"height":1920},{"@type":"BreadcrumbList","@id":"https:\/\/blackmusicfestival.com\/nfsoulstation\/#breadcrumb","itemListElement":[{"@type":"ListItem","position":1,"name":"Inici","item":"https:\/\/blackmusicfestival.com\/"},{"@type":"ListItem","position":2,"name":"Esdeveniments","item":"https:\/\/blackmusicfestival.com\/events\/"},{"@type":"ListItem","position":3,"name":"NF Soul Station"}]},{"@type":"WebSite","@id":"https:\/\/blackmusicfestival.com\/#website","url":"https:\/\/blackmusicfestival.com\/","name":"Black Music Festival","description":"El Festival de M\u00fasica Negra de Catalunya","potentialAction":[{"@type":"SearchAction","target":{"@type":"EntryPoint","urlTemplate":"https:\/\/blackmusicfestival.com\/?s={search_term_string}"},"query-input":{"@type":"PropertyValueSpecification","valueRequired":true,"valueName":"search_term_string"}}],"inLanguage":"es"}]}},"_links":{"self":[{"href":"https:\/\/blackmusicfestival.com\/es\/wp-json\/wp\/v2\/tribe_events\/2034","targetHints":{"allow":["GET"]}}],"collection":[{"href":"https:\/\/blackmusicfestival.com\/es\/wp-json\/wp\/v2\/tribe_events"}],"about":[{"href":"https:\/\/blackmusicfestival.com\/es\/wp-json\/wp\/v2\/types\/tribe_events"}],"author":[{"embeddable":true,"href":"https:\/\/blackmusicfestival.com\/es\/wp-json\/wp\/v2\/users\/3"}],"version-history":[{"count":1,"href":"https:\/\/blackmusicfestival.com\/es\/wp-json\/wp\/v2\/tribe_events\/2034\/revisions"}],"predecessor-version":[{"id":2157,"href":"https:\/\/blackmusicfestival.com\/es\/wp-json\/wp\/v2\/tribe_events\/2034\/revisions\/2157"}],"wp:featuredmedia":[{"embeddable":true,"href":"https:\/\/blackmusicfestival.com\/es\/wp-json\/wp\/v2\/media\/2032"}],"wp:attachment":[{"href":"https:\/\/blackmusicfestival.com\/es\/wp-json\/wp\/v2\/media?parent=2034"}],"wp:term":[{"taxonomy":"post_tag","embeddable":true,"href":"https:\/\/blackmusicfestival.com\/es\/wp-json\/wp\/v2\/tags?post=2034"},{"taxonomy":"tribe_events_cat","embeddable":true,"href":"https:\/\/blackmusicfestival.com\/es\/wp-json\/wp\/v2\/tribe_events_cat?post=2034"}],"curies":[{"name":"wp","href":"https:\/\/api.w.org\/{rel}","templated":true}]}}

<p><iframe loading="lazy" width="100%" height="500" src="https://www.youtube.com/embed/7p9ZJC6YYxE?si=8T9JjuXQMp7WW_fK" title="YouTube video player" frameborder="0" allow="accelerometer; autoplay; clipboard-write; encrypted-media; gyroscope; picture-in-picture; web-share" referrerpolicy="strict-origin-when-cross-origin" allowfullscreen></iframe></p>
<p>El colectivo Nación Funk presenta su banda de soul furioso, nacida de la interacción entre músicos provenientes de la escena soul, funk, jazz y hip hop catalana.</p>
<p>Lalo López ha reunido a una familia musical para reivindicar el southern soul de sellos como Stax o Hi-fi y el sonido crudo de Willie Mitchell, Syl Johnson u O.V. Wright, cuando a finales de los 60 el género comenzaba a recibir la influencia del funk.</p>
<p>El resultado es un show de ritmo trepidante lleno de momentos emocionantes y dramáticos, y que contará esta vez con la imponente voz y presencia de Jonathan Herrero (A Contrablues, Rambalaya).</p>
<p>Más que un concierto, una declaración de amor a una época y una forma de entender la música.</p>

<p>+ Vincen García</p>

<!-- This site is optimized with the Yoast SEO plugin v26.3 - https://yoast.com/wordpress/plugins/seo/ -->
<title>NF Soul Station - Black Music Festival</title>
<meta name="robots" content="index, follow, max-snippet:-1, max-image-preview:large, max-video-preview:-1" />
<link rel="canonical" href="https://blackmusicfestival.com/nfsoulstation/" />
<meta property="og:locale" content="es_ES" />
<meta property="og:type" content="article" />
<meta property="og:title" content="NF Soul Station - Black Music Festival" />
<meta property="og:description" content="+ Vincen García" />
<meta property="og:url" content="https://blackmusicfestival.com/nfsoulstation/" />
<meta property="og:site_name" content="Black Music Festival" />
<meta property="article:modified_time" content="2024-11-28T09:50:21+00:00" />
<meta property="og:image" content="https://blackmusicfestival.com/wp-content/uploads/2024/11/IMG_2466-scaled.jpg" />
	<meta property="og:image:width" content="2560" />
	<meta property="og:image:height" content="1920" />
	<meta property="og:image:type" content="image/jpeg" />
<meta name="twitter:card" content="summary_large_image" />
<meta name="twitter:label1" content="Tiempo de lectura" />
	<meta name="twitter:data1" content="1 minuto" />
<script type="application/ld+json" class="yoast-schema-graph">{"@context":"https://schema.org","@graph":[{"@type":"WebPage","@id":"https://blackmusicfestival.com/nfsoulstation/","url":"https://blackmusicfestival.com/nfsoulstation/","name":"NF Soul Station - Black Music Festival","isPartOf":{"@id":"https://blackmusicfestival.com/#website"},"primaryImageOfPage":{"@id":"https://blackmusicfestival.com/nfsoulstation/#primaryimage"},"image":{"@id":"https://blackmusicfestival.com/nfsoulstation/#primaryimage"},"thumbnailUrl":"https://blackmusicfestival.com/wp-content/uploads/2024/11/IMG_2466-scaled.jpg","datePublished":"2024-11-06T09:40:16+00:00","dateModified":"2024-11-28T09:50:21+00:00","breadcrumb":{"@id":"https://blackmusicfestival.com/nfsoulstation/#breadcrumb"},"inLanguage":"es","potentialAction":[{"@type":"ReadAction","target":["https://blackmusicfestival.com/nfsoulstation/"]}]},{"@type":"ImageObject","inLanguage":"es","@id":"https://blackmusicfestival.com/nfsoulstation/#primaryimage","url":"https://blackmusicfestival.com/wp-content/uploads/2024/11/IMG_2466-scaled.jpg","contentUrl":"https://blackmusicfestival.com/wp-content/uploads/2024/11/IMG_2466-scaled.jpg","width":2560,"height":1920},{"@type":"BreadcrumbList","@id":"https://blackmusicfestival.com/nfsoulstation/#breadcrumb","itemListElement":[{"@type":"ListItem","position":1,"name":"Inici","item":"https://blackmusicfestival.com/"},{"@type":"ListItem","position":2,"name":"Esdeveniments","item":"https://blackmusicfestival.com/events/"},{"@type":"ListItem","position":3,"name":"NF Soul Station"}]},{"@type":"WebSite","@id":"https://blackmusicfestival.com/#website","url":"https://blackmusicfestival.com/","name":"Black Music Festival","description":"El Festival de Música Negra de Catalunya","potentialAction":[{"@type":"SearchAction","target":{"@type":"EntryPoint","urlTemplate":"https://blackmusicfestival.com/?s={search_term_string}"},"query-input":{"@type":"PropertyValueSpecification","valueRequired":true,"valueName":"search_term_string"}}],"inLanguage":"es"}]}</script>
<!-- / Yoast SEO plugin. -->

+ Vincen García

El Festival de Música Negra de Catalunya
