{"id":2141,"date":"2024-11-14T12:07:51","date_gmt":"2024-11-14T10:07:51","guid":{"rendered":"https:\/\/blackmusicfestival.com\/rudymentari\/"},"modified":"2024-12-02T12:26:07","modified_gmt":"2024-12-02T10:26:07","slug":"rudymentari","status":"publish","type":"tribe_events","link":"https:\/\/blackmusicfestival.com\/es\/rudymentari\/","title":{"rendered":"Rudymentari"},"content":{"rendered":"<p><iframe loading=\"lazy\" width=\"100%\" height=\"500\" src=\"https:\/\/www.youtube.com\/embed\/B9M-hnUhRqU?si=LPN-CnHIYffdmr-y\" title=\"YouTube video player\" frameborder=\"0\" allow=\"accelerometer; autoplay; clipboard-write; encrypted-media; gyroscope; picture-in-picture; web-share\" referrerpolicy=\"strict-origin-when-cross-origin\" allowfullscreen><\/iframe><\/p>\n<p>Rudymentari es el nombre art\u00edstico de Guillem Llorens, artista menorqu\u00edn y uno de los nombres referentes de la escena Reggae del territorio balear y catal\u00e1n. En tan s\u00f3lo un par de a\u00f1os, Rudymentari ha llamado la atenci\u00f3n de salas y festivales estatales con este proyecto musical nacido en las Islas Baleares. Destacan sus actuaciones en la Acampada Jove y en el Nowa Reggae adem\u00e1s de varias actuaciones que le han llevado por todos los Pa\u00edses Catalanes, Madrid y Catalu\u00f1a Norte durante los \u00faltimos dos a\u00f1os.<\/p>\n<p>&#8211; &#8211; &#8211; &#8211; &#8211; &#8211; &#8211; &#8211; &#8211; &#8211;<\/p>\n<p><iframe loading=\"lazy\" width=\"100%\" height=\"500\" src=\"https:\/\/www.youtube.com\/embed\/FO8P8HnpciY?si=pvBRn72djMI5vBXn\" title=\"YouTube video player\" frameborder=\"0\" allow=\"accelerometer; autoplay; clipboard-write; encrypted-media; gyroscope; picture-in-picture; web-share\" referrerpolicy=\"strict-origin-when-cross-origin\" allowfullscreen><\/iframe><\/p>\n<p>Drop Collective es un proyecto de 10 m\u00fasicos iniciado en 2016 en Barcelona. La gran escena jazz\u00edstica de la ciudad les llev\u00f3 a coincidir con ellos durante sus estudios superiores, ya descubrir intereses comunes en la b\u00fasqueda de sonoridades que incorporaran elementos del Jazz tradicional y ritmos jamaicanos. Desde entonces, siguen explorando nuevos sonidos, haciendo uso de una secci\u00f3n de viento con una aproximaci\u00f3n jazz\u00edstica y con una s\u00f3lida secci\u00f3n r\u00edtmica, con la incorporaci\u00f3n de recursos estil\u00edsticos y efectos provenientes de la m\u00fasica Reggae y Dub. A todos estos elementos se suma la voz, que interpreta melod\u00edas y letras que hablan de amor, libertad y respeto.<\/p>\n<p>La versatilidad del Jazz y el groove de los ritmos jamaicanos son la combinaci\u00f3n que caracteriza a su m\u00fasica, complementando la escucha con un poderoso directo enfocado a disfrutar y bailar.<\/p>\n","protected":false},"excerpt":{"rendered":"<p>+ Drop Collective<\/p>\n","protected":false},"author":3,"featured_media":2080,"template":"","meta":{"_et_pb_use_builder":"","_et_pb_old_content":"","_et_gb_content_width":"","_tribe_events_status":"","_tribe_events_status_reason":"","footnotes":""},"tags":[],"tribe_events_cat":[214],"class_list":["post-2141","tribe_events","type-tribe_events","status-publish","has-post-thumbnail","hentry","tribe_events_cat-rudymentari-es","cat_rudymentari-es"],"yoast_head":"<!-- This site is optimized with the Yoast SEO plugin v26.3 - https:\/\/yoast.com\/wordpress\/plugins\/seo\/ -->\n<title>Rudymentari - Black Music Festival<\/title>\n<meta name=\"robots\" content=\"index, follow, max-snippet:-1, max-image-preview:large, max-video-preview:-1\" \/>\n<link rel=\"canonical\" href=\"https:\/\/blackmusicfestival.com\/es\/rudymentari\/\" \/>\n<meta property=\"og:locale\" content=\"es_ES\" \/>\n<meta property=\"og:type\" content=\"article\" \/>\n<meta property=\"og:title\" content=\"Rudymentari - Black Music Festival\" \/>\n<meta property=\"og:description\" content=\"+ Drop Collective\" \/>\n<meta property=\"og:url\" content=\"https:\/\/blackmusicfestival.com\/es\/rudymentari\/\" \/>\n<meta property=\"og:site_name\" content=\"Black Music Festival\" \/>\n<meta property=\"article:modified_time\" content=\"2024-12-02T10:26:07+00:00\" \/>\n<meta property=\"og:image\" content=\"https:\/\/blackmusicfestival.com\/wp-content\/uploads\/2024\/11\/Foto-Rudymentari-1-scaled.jpg\" \/>\n\t<meta property=\"og:image:width\" content=\"2560\" \/>\n\t<meta property=\"og:image:height\" content=\"1707\" \/>\n\t<meta property=\"og:image:type\" content=\"image\/jpeg\" \/>\n<meta name=\"twitter:card\" content=\"summary_large_image\" \/>\n<meta name=\"twitter:label1\" content=\"Tiempo de lectura\" \/>\n\t<meta name=\"twitter:data1\" content=\"1 minuto\" \/>\n<script type=\"application\/ld+json\" class=\"yoast-schema-graph\">{\"@context\":\"https:\/\/schema.org\",\"@graph\":[{\"@type\":\"WebPage\",\"@id\":\"https:\/\/blackmusicfestival.com\/es\/rudymentari\/\",\"url\":\"https:\/\/blackmusicfestival.com\/es\/rudymentari\/\",\"name\":\"Rudymentari - Black Music Festival\",\"isPartOf\":{\"@id\":\"https:\/\/blackmusicfestival.com\/#website\"},\"primaryImageOfPage\":{\"@id\":\"https:\/\/blackmusicfestival.com\/es\/rudymentari\/#primaryimage\"},\"image\":{\"@id\":\"https:\/\/blackmusicfestival.com\/es\/rudymentari\/#primaryimage\"},\"thumbnailUrl\":\"https:\/\/blackmusicfestival.com\/wp-content\/uploads\/2024\/11\/Foto-Rudymentari-1-scaled.jpg\",\"datePublished\":\"2024-11-14T10:07:51+00:00\",\"dateModified\":\"2024-12-02T10:26:07+00:00\",\"breadcrumb\":{\"@id\":\"https:\/\/blackmusicfestival.com\/es\/rudymentari\/#breadcrumb\"},\"inLanguage\":\"es\",\"potentialAction\":[{\"@type\":\"ReadAction\",\"target\":[\"https:\/\/blackmusicfestival.com\/es\/rudymentari\/\"]}]},{\"@type\":\"ImageObject\",\"inLanguage\":\"es\",\"@id\":\"https:\/\/blackmusicfestival.com\/es\/rudymentari\/#primaryimage\",\"url\":\"https:\/\/blackmusicfestival.com\/wp-content\/uploads\/2024\/11\/Foto-Rudymentari-1-scaled.jpg\",\"contentUrl\":\"https:\/\/blackmusicfestival.com\/wp-content\/uploads\/2024\/11\/Foto-Rudymentari-1-scaled.jpg\",\"width\":2560,\"height\":1707},{\"@type\":\"BreadcrumbList\",\"@id\":\"https:\/\/blackmusicfestival.com\/es\/rudymentari\/#breadcrumb\",\"itemListElement\":[{\"@type\":\"ListItem\",\"position\":1,\"name\":\"Inici\",\"item\":\"https:\/\/blackmusicfestival.com\/\"},{\"@type\":\"ListItem\",\"position\":2,\"name\":\"Esdeveniments\",\"item\":\"https:\/\/blackmusicfestival.com\/events\/\"},{\"@type\":\"ListItem\",\"position\":3,\"name\":\"Rudymentari\"}]},{\"@type\":\"WebSite\",\"@id\":\"https:\/\/blackmusicfestival.com\/#website\",\"url\":\"https:\/\/blackmusicfestival.com\/\",\"name\":\"Black Music Festival\",\"description\":\"El Festival de M\u00fasica Negra de Catalunya\",\"potentialAction\":[{\"@type\":\"SearchAction\",\"target\":{\"@type\":\"EntryPoint\",\"urlTemplate\":\"https:\/\/blackmusicfestival.com\/?s={search_term_string}\"},\"query-input\":{\"@type\":\"PropertyValueSpecification\",\"valueRequired\":true,\"valueName\":\"search_term_string\"}}],\"inLanguage\":\"es\"}]}<\/script>\n<!-- \/ Yoast SEO plugin. -->","yoast_head_json":{"title":"Rudymentari - Black Music Festival","robots":{"index":"index","follow":"follow","max-snippet":"max-snippet:-1","max-image-preview":"max-image-preview:large","max-video-preview":"max-video-preview:-1"},"canonical":"https:\/\/blackmusicfestival.com\/es\/rudymentari\/","og_locale":"es_ES","og_type":"article","og_title":"Rudymentari - Black Music Festival","og_description":"+ Drop Collective","og_url":"https:\/\/blackmusicfestival.com\/es\/rudymentari\/","og_site_name":"Black Music Festival","article_modified_time":"2024-12-02T10:26:07+00:00","og_image":[{"width":2560,"height":1707,"url":"https:\/\/blackmusicfestival.com\/wp-content\/uploads\/2024\/11\/Foto-Rudymentari-1-scaled.jpg","type":"image\/jpeg"}],"twitter_card":"summary_large_image","twitter_misc":{"Tiempo de lectura":"1 minuto"},"schema":{"@context":"https:\/\/schema.org","@graph":[{"@type":"WebPage","@id":"https:\/\/blackmusicfestival.com\/es\/rudymentari\/","url":"https:\/\/blackmusicfestival.com\/es\/rudymentari\/","name":"Rudymentari - Black Music Festival","isPartOf":{"@id":"https:\/\/blackmusicfestival.com\/#website"},"primaryImageOfPage":{"@id":"https:\/\/blackmusicfestival.com\/es\/rudymentari\/#primaryimage"},"image":{"@id":"https:\/\/blackmusicfestival.com\/es\/rudymentari\/#primaryimage"},"thumbnailUrl":"https:\/\/blackmusicfestival.com\/wp-content\/uploads\/2024\/11\/Foto-Rudymentari-1-scaled.jpg","datePublished":"2024-11-14T10:07:51+00:00","dateModified":"2024-12-02T10:26:07+00:00","breadcrumb":{"@id":"https:\/\/blackmusicfestival.com\/es\/rudymentari\/#breadcrumb"},"inLanguage":"es","potentialAction":[{"@type":"ReadAction","target":["https:\/\/blackmusicfestival.com\/es\/rudymentari\/"]}]},{"@type":"ImageObject","inLanguage":"es","@id":"https:\/\/blackmusicfestival.com\/es\/rudymentari\/#primaryimage","url":"https:\/\/blackmusicfestival.com\/wp-content\/uploads\/2024\/11\/Foto-Rudymentari-1-scaled.jpg","contentUrl":"https:\/\/blackmusicfestival.com\/wp-content\/uploads\/2024\/11\/Foto-Rudymentari-1-scaled.jpg","width":2560,"height":1707},{"@type":"BreadcrumbList","@id":"https:\/\/blackmusicfestival.com\/es\/rudymentari\/#breadcrumb","itemListElement":[{"@type":"ListItem","position":1,"name":"Inici","item":"https:\/\/blackmusicfestival.com\/"},{"@type":"ListItem","position":2,"name":"Esdeveniments","item":"https:\/\/blackmusicfestival.com\/events\/"},{"@type":"ListItem","position":3,"name":"Rudymentari"}]},{"@type":"WebSite","@id":"https:\/\/blackmusicfestival.com\/#website","url":"https:\/\/blackmusicfestival.com\/","name":"Black Music Festival","description":"El Festival de M\u00fasica Negra de Catalunya","potentialAction":[{"@type":"SearchAction","target":{"@type":"EntryPoint","urlTemplate":"https:\/\/blackmusicfestival.com\/?s={search_term_string}"},"query-input":{"@type":"PropertyValueSpecification","valueRequired":true,"valueName":"search_term_string"}}],"inLanguage":"es"}]}},"_links":{"self":[{"href":"https:\/\/blackmusicfestival.com\/es\/wp-json\/wp\/v2\/tribe_events\/2141","targetHints":{"allow":["GET"]}}],"collection":[{"href":"https:\/\/blackmusicfestival.com\/es\/wp-json\/wp\/v2\/tribe_events"}],"about":[{"href":"https:\/\/blackmusicfestival.com\/es\/wp-json\/wp\/v2\/types\/tribe_events"}],"author":[{"embeddable":true,"href":"https:\/\/blackmusicfestival.com\/es\/wp-json\/wp\/v2\/users\/3"}],"version-history":[{"count":1,"href":"https:\/\/blackmusicfestival.com\/es\/wp-json\/wp\/v2\/tribe_events\/2141\/revisions"}],"predecessor-version":[{"id":2147,"href":"https:\/\/blackmusicfestival.com\/es\/wp-json\/wp\/v2\/tribe_events\/2141\/revisions\/2147"}],"wp:featuredmedia":[{"embeddable":true,"href":"https:\/\/blackmusicfestival.com\/es\/wp-json\/wp\/v2\/media\/2080"}],"wp:attachment":[{"href":"https:\/\/blackmusicfestival.com\/es\/wp-json\/wp\/v2\/media?parent=2141"}],"wp:term":[{"taxonomy":"post_tag","embeddable":true,"href":"https:\/\/blackmusicfestival.com\/es\/wp-json\/wp\/v2\/tags?post=2141"},{"taxonomy":"tribe_events_cat","embeddable":true,"href":"https:\/\/blackmusicfestival.com\/es\/wp-json\/wp\/v2\/tribe_events_cat?post=2141"}],"curies":[{"name":"wp","href":"https:\/\/api.w.org\/{rel}","templated":true}]}}

<p><iframe loading="lazy" width="100%" height="500" src="https://www.youtube.com/embed/B9M-hnUhRqU?si=LPN-CnHIYffdmr-y" title="YouTube video player" frameborder="0" allow="accelerometer; autoplay; clipboard-write; encrypted-media; gyroscope; picture-in-picture; web-share" referrerpolicy="strict-origin-when-cross-origin" allowfullscreen></iframe></p>
<p>Rudymentari es el nombre artístico de Guillem Llorens, artista menorquín y uno de los nombres referentes de la escena Reggae del territorio balear y catalán. En tan sólo un par de años, Rudymentari ha llamado la atención de salas y festivales estatales con este proyecto musical nacido en las Islas Baleares. Destacan sus actuaciones en la Acampada Jove y en el Nowa Reggae además de varias actuaciones que le han llevado por todos los Países Catalanes, Madrid y Cataluña Norte durante los últimos dos años.</p>
<p>&#8211; &#8211; &#8211; &#8211; &#8211; &#8211; &#8211; &#8211; &#8211; &#8211;</p>
<p><iframe loading="lazy" width="100%" height="500" src="https://www.youtube.com/embed/FO8P8HnpciY?si=pvBRn72djMI5vBXn" title="YouTube video player" frameborder="0" allow="accelerometer; autoplay; clipboard-write; encrypted-media; gyroscope; picture-in-picture; web-share" referrerpolicy="strict-origin-when-cross-origin" allowfullscreen></iframe></p>
<p>Drop Collective es un proyecto de 10 músicos iniciado en 2016 en Barcelona. La gran escena jazzística de la ciudad les llevó a coincidir con ellos durante sus estudios superiores, ya descubrir intereses comunes en la búsqueda de sonoridades que incorporaran elementos del Jazz tradicional y ritmos jamaicanos. Desde entonces, siguen explorando nuevos sonidos, haciendo uso de una sección de viento con una aproximación jazzística y con una sólida sección rítmica, con la incorporación de recursos estilísticos y efectos provenientes de la música Reggae y Dub. A todos estos elementos se suma la voz, que interpreta melodías y letras que hablan de amor, libertad y respeto.</p>
<p>La versatilidad del Jazz y el groove de los ritmos jamaicanos son la combinación que caracteriza a su música, complementando la escucha con un poderoso directo enfocado a disfrutar y bailar.</p>

<!-- This site is optimized with the Yoast SEO plugin v26.3 - https://yoast.com/wordpress/plugins/seo/ -->
<title>Rudymentari - Black Music Festival</title>
<meta name="robots" content="index, follow, max-snippet:-1, max-image-preview:large, max-video-preview:-1" />
<link rel="canonical" href="https://blackmusicfestival.com/es/rudymentari/" />
<meta property="og:locale" content="es_ES" />
<meta property="og:type" content="article" />
<meta property="og:title" content="Rudymentari - Black Music Festival" />
<meta property="og:description" content="+ Drop Collective" />
<meta property="og:url" content="https://blackmusicfestival.com/es/rudymentari/" />
<meta property="og:site_name" content="Black Music Festival" />
<meta property="article:modified_time" content="2024-12-02T10:26:07+00:00" />
<meta property="og:image" content="https://blackmusicfestival.com/wp-content/uploads/2024/11/Foto-Rudymentari-1-scaled.jpg" />
	<meta property="og:image:width" content="2560" />
	<meta property="og:image:height" content="1707" />
	<meta property="og:image:type" content="image/jpeg" />
<meta name="twitter:card" content="summary_large_image" />
<meta name="twitter:label1" content="Tiempo de lectura" />
	<meta name="twitter:data1" content="1 minuto" />
<script type="application/ld+json" class="yoast-schema-graph">{"@context":"https://schema.org","@graph":[{"@type":"WebPage","@id":"https://blackmusicfestival.com/es/rudymentari/","url":"https://blackmusicfestival.com/es/rudymentari/","name":"Rudymentari - Black Music Festival","isPartOf":{"@id":"https://blackmusicfestival.com/#website"},"primaryImageOfPage":{"@id":"https://blackmusicfestival.com/es/rudymentari/#primaryimage"},"image":{"@id":"https://blackmusicfestival.com/es/rudymentari/#primaryimage"},"thumbnailUrl":"https://blackmusicfestival.com/wp-content/uploads/2024/11/Foto-Rudymentari-1-scaled.jpg","datePublished":"2024-11-14T10:07:51+00:00","dateModified":"2024-12-02T10:26:07+00:00","breadcrumb":{"@id":"https://blackmusicfestival.com/es/rudymentari/#breadcrumb"},"inLanguage":"es","potentialAction":[{"@type":"ReadAction","target":["https://blackmusicfestival.com/es/rudymentari/"]}]},{"@type":"ImageObject","inLanguage":"es","@id":"https://blackmusicfestival.com/es/rudymentari/#primaryimage","url":"https://blackmusicfestival.com/wp-content/uploads/2024/11/Foto-Rudymentari-1-scaled.jpg","contentUrl":"https://blackmusicfestival.com/wp-content/uploads/2024/11/Foto-Rudymentari-1-scaled.jpg","width":2560,"height":1707},{"@type":"BreadcrumbList","@id":"https://blackmusicfestival.com/es/rudymentari/#breadcrumb","itemListElement":[{"@type":"ListItem","position":1,"name":"Inici","item":"https://blackmusicfestival.com/"},{"@type":"ListItem","position":2,"name":"Esdeveniments","item":"https://blackmusicfestival.com/events/"},{"@type":"ListItem","position":3,"name":"Rudymentari"}]},{"@type":"WebSite","@id":"https://blackmusicfestival.com/#website","url":"https://blackmusicfestival.com/","name":"Black Music Festival","description":"El Festival de Música Negra de Catalunya","potentialAction":[{"@type":"SearchAction","target":{"@type":"EntryPoint","urlTemplate":"https://blackmusicfestival.com/?s={search_term_string}"},"query-input":{"@type":"PropertyValueSpecification","valueRequired":true,"valueName":"search_term_string"}}],"inLanguage":"es"}]}</script>
<!-- / Yoast SEO plugin. -->

El Festival de Música Negra de Catalunya
