{"id":2251,"date":"2024-12-11T18:31:50","date_gmt":"2024-12-11T16:31:50","guid":{"rendered":"https:\/\/blackmusicfestival.com\/petit-break\/"},"modified":"2025-01-24T13:54:39","modified_gmt":"2025-01-24T11:54:39","slug":"petit-break","status":"publish","type":"tribe_events","link":"https:\/\/blackmusicfestival.com\/es\/petit-break\/","title":{"rendered":"Petit Break"},"content":{"rendered":"<p>Espect\u00e1culo participativo de hip-hop para chicos mayores de 3 a\u00f1os.<\/p>\n<p>El t\u00edtulo Petit Break es un homenaje a la pel\u00edcula estadounidense Breakdance de 1984, dirigida por Joel Silberg que es una de las pel\u00edculas que han contribuido a la propagaci\u00f3n internacional del b-boying, el popping o el locking.<\/p>\n<p>Una descarga de energ\u00eda positiva, de hip hop y funk mediterr\u00e1neo de la mano de una de las compa\u00f1\u00edas de danza urbana m\u00e1s reconocida de nuestro pa\u00eds.<\/p>\n","protected":false},"excerpt":{"rendered":"<p>Espect\u00e1culo participativo de hip-hop para chicos mayores de 3 a\u00f1os. El t\u00edtulo Petit Break es un homenaje a la pel\u00edcula estadounidense Breakdance de 1984, dirigida por Joel Silberg que es [&hellip;]<\/p>\n","protected":false},"author":3,"featured_media":2246,"template":"","meta":{"_et_pb_use_builder":"","_et_pb_old_content":"","_et_gb_content_width":"","_tribe_events_status":"","_tribe_events_status_reason":"","footnotes":""},"tags":[],"tribe_events_cat":[],"class_list":["post-2251","tribe_events","type-tribe_events","status-publish","has-post-thumbnail","hentry"],"yoast_head":"<!-- This site is optimized with the Yoast SEO plugin v26.3 - https:\/\/yoast.com\/wordpress\/plugins\/seo\/ -->\n<title>Petit Break - Black Music Festival<\/title>\n<meta name=\"robots\" content=\"index, follow, max-snippet:-1, max-image-preview:large, max-video-preview:-1\" \/>\n<link rel=\"canonical\" href=\"https:\/\/blackmusicfestival.com\/es\/petit-break\/\" \/>\n<meta property=\"og:locale\" content=\"es_ES\" \/>\n<meta property=\"og:type\" content=\"article\" \/>\n<meta property=\"og:title\" content=\"Petit Break - Black Music Festival\" \/>\n<meta property=\"og:description\" content=\"Espect\u00e1culo participativo de hip-hop para chicos mayores de 3 a\u00f1os. El t\u00edtulo Petit Break es un homenaje a la pel\u00edcula estadounidense Breakdance de 1984, dirigida por Joel Silberg que es [&hellip;]\" \/>\n<meta property=\"og:url\" content=\"https:\/\/blackmusicfestival.com\/es\/petit-break\/\" \/>\n<meta property=\"og:site_name\" content=\"Black Music Festival\" \/>\n<meta property=\"article:modified_time\" content=\"2025-01-24T11:54:39+00:00\" \/>\n<meta property=\"og:image\" content=\"https:\/\/blackmusicfestival.com\/wp-content\/uploads\/2024\/12\/22-Petit-break-0-scaled.jpg\" \/>\n\t<meta property=\"og:image:width\" content=\"1707\" \/>\n\t<meta property=\"og:image:height\" content=\"2560\" \/>\n\t<meta property=\"og:image:type\" content=\"image\/jpeg\" \/>\n<meta name=\"twitter:card\" content=\"summary_large_image\" \/>\n<script type=\"application\/ld+json\" class=\"yoast-schema-graph\">{\"@context\":\"https:\/\/schema.org\",\"@graph\":[{\"@type\":\"WebPage\",\"@id\":\"https:\/\/blackmusicfestival.com\/es\/petit-break\/\",\"url\":\"https:\/\/blackmusicfestival.com\/es\/petit-break\/\",\"name\":\"Petit Break - Black Music Festival\",\"isPartOf\":{\"@id\":\"https:\/\/blackmusicfestival.com\/#website\"},\"primaryImageOfPage\":{\"@id\":\"https:\/\/blackmusicfestival.com\/es\/petit-break\/#primaryimage\"},\"image\":{\"@id\":\"https:\/\/blackmusicfestival.com\/es\/petit-break\/#primaryimage\"},\"thumbnailUrl\":\"https:\/\/blackmusicfestival.com\/wp-content\/uploads\/2024\/12\/22-Petit-break-0-scaled.jpg\",\"datePublished\":\"2024-12-11T16:31:50+00:00\",\"dateModified\":\"2025-01-24T11:54:39+00:00\",\"breadcrumb\":{\"@id\":\"https:\/\/blackmusicfestival.com\/es\/petit-break\/#breadcrumb\"},\"inLanguage\":\"es\",\"potentialAction\":[{\"@type\":\"ReadAction\",\"target\":[\"https:\/\/blackmusicfestival.com\/es\/petit-break\/\"]}]},{\"@type\":\"ImageObject\",\"inLanguage\":\"es\",\"@id\":\"https:\/\/blackmusicfestival.com\/es\/petit-break\/#primaryimage\",\"url\":\"https:\/\/blackmusicfestival.com\/wp-content\/uploads\/2024\/12\/22-Petit-break-0-scaled.jpg\",\"contentUrl\":\"https:\/\/blackmusicfestival.com\/wp-content\/uploads\/2024\/12\/22-Petit-break-0-scaled.jpg\",\"width\":1707,\"height\":2560},{\"@type\":\"BreadcrumbList\",\"@id\":\"https:\/\/blackmusicfestival.com\/es\/petit-break\/#breadcrumb\",\"itemListElement\":[{\"@type\":\"ListItem\",\"position\":1,\"name\":\"Inici\",\"item\":\"https:\/\/blackmusicfestival.com\/\"},{\"@type\":\"ListItem\",\"position\":2,\"name\":\"Esdeveniments\",\"item\":\"https:\/\/blackmusicfestival.com\/events\/\"},{\"@type\":\"ListItem\",\"position\":3,\"name\":\"Petit Break\"}]},{\"@type\":\"WebSite\",\"@id\":\"https:\/\/blackmusicfestival.com\/#website\",\"url\":\"https:\/\/blackmusicfestival.com\/\",\"name\":\"Black Music Festival\",\"description\":\"El Festival de M\u00fasica Negra de Catalunya\",\"potentialAction\":[{\"@type\":\"SearchAction\",\"target\":{\"@type\":\"EntryPoint\",\"urlTemplate\":\"https:\/\/blackmusicfestival.com\/?s={search_term_string}\"},\"query-input\":{\"@type\":\"PropertyValueSpecification\",\"valueRequired\":true,\"valueName\":\"search_term_string\"}}],\"inLanguage\":\"es\"}]}<\/script>\n<!-- \/ Yoast SEO plugin. -->","yoast_head_json":{"title":"Petit Break - Black Music Festival","robots":{"index":"index","follow":"follow","max-snippet":"max-snippet:-1","max-image-preview":"max-image-preview:large","max-video-preview":"max-video-preview:-1"},"canonical":"https:\/\/blackmusicfestival.com\/es\/petit-break\/","og_locale":"es_ES","og_type":"article","og_title":"Petit Break - Black Music Festival","og_description":"Espect\u00e1culo participativo de hip-hop para chicos mayores de 3 a\u00f1os. El t\u00edtulo Petit Break es un homenaje a la pel\u00edcula estadounidense Breakdance de 1984, dirigida por Joel Silberg que es [&hellip;]","og_url":"https:\/\/blackmusicfestival.com\/es\/petit-break\/","og_site_name":"Black Music Festival","article_modified_time":"2025-01-24T11:54:39+00:00","og_image":[{"width":1707,"height":2560,"url":"https:\/\/blackmusicfestival.com\/wp-content\/uploads\/2024\/12\/22-Petit-break-0-scaled.jpg","type":"image\/jpeg"}],"twitter_card":"summary_large_image","schema":{"@context":"https:\/\/schema.org","@graph":[{"@type":"WebPage","@id":"https:\/\/blackmusicfestival.com\/es\/petit-break\/","url":"https:\/\/blackmusicfestival.com\/es\/petit-break\/","name":"Petit Break - Black Music Festival","isPartOf":{"@id":"https:\/\/blackmusicfestival.com\/#website"},"primaryImageOfPage":{"@id":"https:\/\/blackmusicfestival.com\/es\/petit-break\/#primaryimage"},"image":{"@id":"https:\/\/blackmusicfestival.com\/es\/petit-break\/#primaryimage"},"thumbnailUrl":"https:\/\/blackmusicfestival.com\/wp-content\/uploads\/2024\/12\/22-Petit-break-0-scaled.jpg","datePublished":"2024-12-11T16:31:50+00:00","dateModified":"2025-01-24T11:54:39+00:00","breadcrumb":{"@id":"https:\/\/blackmusicfestival.com\/es\/petit-break\/#breadcrumb"},"inLanguage":"es","potentialAction":[{"@type":"ReadAction","target":["https:\/\/blackmusicfestival.com\/es\/petit-break\/"]}]},{"@type":"ImageObject","inLanguage":"es","@id":"https:\/\/blackmusicfestival.com\/es\/petit-break\/#primaryimage","url":"https:\/\/blackmusicfestival.com\/wp-content\/uploads\/2024\/12\/22-Petit-break-0-scaled.jpg","contentUrl":"https:\/\/blackmusicfestival.com\/wp-content\/uploads\/2024\/12\/22-Petit-break-0-scaled.jpg","width":1707,"height":2560},{"@type":"BreadcrumbList","@id":"https:\/\/blackmusicfestival.com\/es\/petit-break\/#breadcrumb","itemListElement":[{"@type":"ListItem","position":1,"name":"Inici","item":"https:\/\/blackmusicfestival.com\/"},{"@type":"ListItem","position":2,"name":"Esdeveniments","item":"https:\/\/blackmusicfestival.com\/events\/"},{"@type":"ListItem","position":3,"name":"Petit Break"}]},{"@type":"WebSite","@id":"https:\/\/blackmusicfestival.com\/#website","url":"https:\/\/blackmusicfestival.com\/","name":"Black Music Festival","description":"El Festival de M\u00fasica Negra de Catalunya","potentialAction":[{"@type":"SearchAction","target":{"@type":"EntryPoint","urlTemplate":"https:\/\/blackmusicfestival.com\/?s={search_term_string}"},"query-input":{"@type":"PropertyValueSpecification","valueRequired":true,"valueName":"search_term_string"}}],"inLanguage":"es"}]}},"_links":{"self":[{"href":"https:\/\/blackmusicfestival.com\/es\/wp-json\/wp\/v2\/tribe_events\/2251","targetHints":{"allow":["GET"]}}],"collection":[{"href":"https:\/\/blackmusicfestival.com\/es\/wp-json\/wp\/v2\/tribe_events"}],"about":[{"href":"https:\/\/blackmusicfestival.com\/es\/wp-json\/wp\/v2\/types\/tribe_events"}],"author":[{"embeddable":true,"href":"https:\/\/blackmusicfestival.com\/es\/wp-json\/wp\/v2\/users\/3"}],"version-history":[{"count":1,"href":"https:\/\/blackmusicfestival.com\/es\/wp-json\/wp\/v2\/tribe_events\/2251\/revisions"}],"predecessor-version":[{"id":2390,"href":"https:\/\/blackmusicfestival.com\/es\/wp-json\/wp\/v2\/tribe_events\/2251\/revisions\/2390"}],"wp:featuredmedia":[{"embeddable":true,"href":"https:\/\/blackmusicfestival.com\/es\/wp-json\/wp\/v2\/media\/2246"}],"wp:attachment":[{"href":"https:\/\/blackmusicfestival.com\/es\/wp-json\/wp\/v2\/media?parent=2251"}],"wp:term":[{"taxonomy":"post_tag","embeddable":true,"href":"https:\/\/blackmusicfestival.com\/es\/wp-json\/wp\/v2\/tags?post=2251"},{"taxonomy":"tribe_events_cat","embeddable":true,"href":"https:\/\/blackmusicfestival.com\/es\/wp-json\/wp\/v2\/tribe_events_cat?post=2251"}],"curies":[{"name":"wp","href":"https:\/\/api.w.org\/{rel}","templated":true}]}}

<p>Espectáculo participativo de hip-hop para chicos mayores de 3 años.</p>
<p>El título Petit Break es un homenaje a la película estadounidense Breakdance de 1984, dirigida por Joel Silberg que es una de las películas que han contribuido a la propagación internacional del b-boying, el popping o el locking.</p>
<p>Una descarga de energía positiva, de hip hop y funk mediterráneo de la mano de una de las compañías de danza urbana más reconocida de nuestro país.</p>

<p>Espectáculo participativo de hip-hop para chicos mayores de 3 años. El título Petit Break es un homenaje a la película estadounidense Breakdance de 1984, dirigida por Joel Silberg que es [&hellip;]</p>

<!-- This site is optimized with the Yoast SEO plugin v26.3 - https://yoast.com/wordpress/plugins/seo/ -->
<title>Petit Break - Black Music Festival</title>
<meta name="robots" content="index, follow, max-snippet:-1, max-image-preview:large, max-video-preview:-1" />
<link rel="canonical" href="https://blackmusicfestival.com/es/petit-break/" />
<meta property="og:locale" content="es_ES" />
<meta property="og:type" content="article" />
<meta property="og:title" content="Petit Break - Black Music Festival" />
<meta property="og:description" content="Espectáculo participativo de hip-hop para chicos mayores de 3 años. El título Petit Break es un homenaje a la película estadounidense Breakdance de 1984, dirigida por Joel Silberg que es [&hellip;]" />
<meta property="og:url" content="https://blackmusicfestival.com/es/petit-break/" />
<meta property="og:site_name" content="Black Music Festival" />
<meta property="article:modified_time" content="2025-01-24T11:54:39+00:00" />
<meta property="og:image" content="https://blackmusicfestival.com/wp-content/uploads/2024/12/22-Petit-break-0-scaled.jpg" />
	<meta property="og:image:width" content="1707" />
	<meta property="og:image:height" content="2560" />
	<meta property="og:image:type" content="image/jpeg" />
<meta name="twitter:card" content="summary_large_image" />
<script type="application/ld+json" class="yoast-schema-graph">{"@context":"https://schema.org","@graph":[{"@type":"WebPage","@id":"https://blackmusicfestival.com/es/petit-break/","url":"https://blackmusicfestival.com/es/petit-break/","name":"Petit Break - Black Music Festival","isPartOf":{"@id":"https://blackmusicfestival.com/#website"},"primaryImageOfPage":{"@id":"https://blackmusicfestival.com/es/petit-break/#primaryimage"},"image":{"@id":"https://blackmusicfestival.com/es/petit-break/#primaryimage"},"thumbnailUrl":"https://blackmusicfestival.com/wp-content/uploads/2024/12/22-Petit-break-0-scaled.jpg","datePublished":"2024-12-11T16:31:50+00:00","dateModified":"2025-01-24T11:54:39+00:00","breadcrumb":{"@id":"https://blackmusicfestival.com/es/petit-break/#breadcrumb"},"inLanguage":"es","potentialAction":[{"@type":"ReadAction","target":["https://blackmusicfestival.com/es/petit-break/"]}]},{"@type":"ImageObject","inLanguage":"es","@id":"https://blackmusicfestival.com/es/petit-break/#primaryimage","url":"https://blackmusicfestival.com/wp-content/uploads/2024/12/22-Petit-break-0-scaled.jpg","contentUrl":"https://blackmusicfestival.com/wp-content/uploads/2024/12/22-Petit-break-0-scaled.jpg","width":1707,"height":2560},{"@type":"BreadcrumbList","@id":"https://blackmusicfestival.com/es/petit-break/#breadcrumb","itemListElement":[{"@type":"ListItem","position":1,"name":"Inici","item":"https://blackmusicfestival.com/"},{"@type":"ListItem","position":2,"name":"Esdeveniments","item":"https://blackmusicfestival.com/events/"},{"@type":"ListItem","position":3,"name":"Petit Break"}]},{"@type":"WebSite","@id":"https://blackmusicfestival.com/#website","url":"https://blackmusicfestival.com/","name":"Black Music Festival","description":"El Festival de Música Negra de Catalunya","potentialAction":[{"@type":"SearchAction","target":{"@type":"EntryPoint","urlTemplate":"https://blackmusicfestival.com/?s={search_term_string}"},"query-input":{"@type":"PropertyValueSpecification","valueRequired":true,"valueName":"search_term_string"}}],"inLanguage":"es"}]}</script>
<!-- / Yoast SEO plugin. -->

Espectáculo participativo de hip-hop para chicos mayores de 3 años. El título Petit Break es un homenaje a la película estadounidense Breakdance de 1984, dirigida por Joel Silberg que es [&hellip;]

El Festival de Música Negra de Catalunya
