{"id":2436,"date":"2025-01-22T13:27:11","date_gmt":"2025-01-22T11:27:11","guid":{"rendered":"https:\/\/blackmusicfestival.com\/sobreviure-a-lincendi\/"},"modified":"2025-01-22T13:27:11","modified_gmt":"2025-01-22T11:27:11","slug":"sobreviure-a-lincendi","status":"publish","type":"tribe_events","link":"https:\/\/blackmusicfestival.com\/es\/sobreviure-a-lincendi\/","title":{"rendered":"Sobreviure a l&#8217;incendi"},"content":{"rendered":"<p><iframe loading=\"lazy\" width=\"100%\" height=\"500\" src=\"https:\/\/www.youtube.com\/embed\/QJRKilUurlY?si=7rw5huzkbC55FZQC\" title=\"YouTube video player\" frameborder=\"0\" allow=\"accelerometer; autoplay; clipboard-write; encrypted-media; gyroscope; picture-in-picture; web-share\" referrerpolicy=\"strict-origin-when-cross-origin\" allowfullscreen><\/iframe><\/p>\n<p>Este verano el colectivo musical valenciano de rap, rock, ska y ritmos electr\u00f3nicos ZOO se desped\u00eda del p\u00fablico despu\u00e9s de 10 a\u00f1os de carrera, en lo m\u00e1s alto de su popularidad. Este documental explica las razones de la disoluci\u00f3n, las claves del \u00e9xito y el mayor peso del legado del grupo que ha dado la m\u00fasica en valenciano. A trav\u00e9s de entrevistas, material de archivo e im\u00e1genes de los hist\u00f3ricos conciertos en el Palau Sant Jordi, en el WiZink Center y en su Gandia natal, nos adentramos en el contexto familiar, social y cultural de uno de los grupos que mejor ha sabido hacer una m\u00fasica popular y masiva combinando mensaje social, poes\u00eda y festividad.<\/p>\n","protected":false},"excerpt":{"rendered":"<p>Este verano el colectivo musical valenciano de rap, rock, ska y ritmos electr\u00f3nicos ZOO se desped\u00eda del p\u00fablico despu\u00e9s de 10 a\u00f1os de carrera, en lo m\u00e1s alto de su [&hellip;]<\/p>\n","protected":false},"author":3,"featured_media":2344,"template":"","meta":{"_et_pb_use_builder":"off","_et_pb_old_content":"","_et_gb_content_width":"","_tribe_events_status":"","_tribe_events_status_reason":"","footnotes":""},"tags":[],"tribe_events_cat":[],"class_list":["post-2436","tribe_events","type-tribe_events","status-publish","has-post-thumbnail","hentry"],"yoast_head":"<!-- This site is optimized with the Yoast SEO plugin v26.3 - https:\/\/yoast.com\/wordpress\/plugins\/seo\/ -->\n<title>Sobreviure a l&#039;incendi - Black Music Festival<\/title>\n<meta name=\"robots\" content=\"index, follow, max-snippet:-1, max-image-preview:large, max-video-preview:-1\" \/>\n<link rel=\"canonical\" href=\"https:\/\/blackmusicfestival.com\/sobreviure\/\" \/>\n<meta property=\"og:locale\" content=\"es_ES\" \/>\n<meta property=\"og:type\" content=\"article\" \/>\n<meta property=\"og:title\" content=\"Sobreviure a l&#039;incendi - Black Music Festival\" \/>\n<meta property=\"og:description\" content=\"Este verano el colectivo musical valenciano de rap, rock, ska y ritmos electr\u00f3nicos ZOO se desped\u00eda del p\u00fablico despu\u00e9s de 10 a\u00f1os de carrera, en lo m\u00e1s alto de su [&hellip;]\" \/>\n<meta property=\"og:url\" content=\"https:\/\/blackmusicfestival.com\/sobreviure\/\" \/>\n<meta property=\"og:site_name\" content=\"Black Music Festival\" \/>\n<meta property=\"og:image\" content=\"https:\/\/blackmusicfestival.com\/wp-content\/uploads\/2025\/01\/zoo_sobreviure_a_l_incendi-875474058-large.jpg\" \/>\n\t<meta property=\"og:image:width\" content=\"300\" \/>\n\t<meta property=\"og:image:height\" content=\"428\" \/>\n\t<meta property=\"og:image:type\" content=\"image\/jpeg\" \/>\n<meta name=\"twitter:card\" content=\"summary_large_image\" \/>\n<meta name=\"twitter:label1\" content=\"Tiempo de lectura\" \/>\n\t<meta name=\"twitter:data1\" content=\"1 minuto\" \/>\n<script type=\"application\/ld+json\" class=\"yoast-schema-graph\">{\"@context\":\"https:\/\/schema.org\",\"@graph\":[{\"@type\":\"WebPage\",\"@id\":\"https:\/\/blackmusicfestival.com\/sobreviure\/\",\"url\":\"https:\/\/blackmusicfestival.com\/sobreviure\/\",\"name\":\"Sobreviure a l'incendi - Black Music Festival\",\"isPartOf\":{\"@id\":\"https:\/\/blackmusicfestival.com\/#website\"},\"primaryImageOfPage\":{\"@id\":\"https:\/\/blackmusicfestival.com\/sobreviure\/#primaryimage\"},\"image\":{\"@id\":\"https:\/\/blackmusicfestival.com\/sobreviure\/#primaryimage\"},\"thumbnailUrl\":\"https:\/\/blackmusicfestival.com\/wp-content\/uploads\/2025\/01\/zoo_sobreviure_a_l_incendi-875474058-large.jpg\",\"datePublished\":\"2025-01-22T11:27:11+00:00\",\"breadcrumb\":{\"@id\":\"https:\/\/blackmusicfestival.com\/sobreviure\/#breadcrumb\"},\"inLanguage\":\"es\",\"potentialAction\":[{\"@type\":\"ReadAction\",\"target\":[\"https:\/\/blackmusicfestival.com\/sobreviure\/\"]}]},{\"@type\":\"ImageObject\",\"inLanguage\":\"es\",\"@id\":\"https:\/\/blackmusicfestival.com\/sobreviure\/#primaryimage\",\"url\":\"https:\/\/blackmusicfestival.com\/wp-content\/uploads\/2025\/01\/zoo_sobreviure_a_l_incendi-875474058-large.jpg\",\"contentUrl\":\"https:\/\/blackmusicfestival.com\/wp-content\/uploads\/2025\/01\/zoo_sobreviure_a_l_incendi-875474058-large.jpg\",\"width\":300,\"height\":428},{\"@type\":\"BreadcrumbList\",\"@id\":\"https:\/\/blackmusicfestival.com\/sobreviure\/#breadcrumb\",\"itemListElement\":[{\"@type\":\"ListItem\",\"position\":1,\"name\":\"Inici\",\"item\":\"https:\/\/blackmusicfestival.com\/\"},{\"@type\":\"ListItem\",\"position\":2,\"name\":\"Esdeveniments\",\"item\":\"https:\/\/blackmusicfestival.com\/events\/\"},{\"@type\":\"ListItem\",\"position\":3,\"name\":\"Sobreviure a l&#8217;incendi\"}]},{\"@type\":\"WebSite\",\"@id\":\"https:\/\/blackmusicfestival.com\/#website\",\"url\":\"https:\/\/blackmusicfestival.com\/\",\"name\":\"Black Music Festival\",\"description\":\"El Festival de M\u00fasica Negra de Catalunya\",\"potentialAction\":[{\"@type\":\"SearchAction\",\"target\":{\"@type\":\"EntryPoint\",\"urlTemplate\":\"https:\/\/blackmusicfestival.com\/?s={search_term_string}\"},\"query-input\":{\"@type\":\"PropertyValueSpecification\",\"valueRequired\":true,\"valueName\":\"search_term_string\"}}],\"inLanguage\":\"es\"}]}<\/script>\n<!-- \/ Yoast SEO plugin. -->","yoast_head_json":{"title":"Sobreviure a l'incendi - Black Music Festival","robots":{"index":"index","follow":"follow","max-snippet":"max-snippet:-1","max-image-preview":"max-image-preview:large","max-video-preview":"max-video-preview:-1"},"canonical":"https:\/\/blackmusicfestival.com\/sobreviure\/","og_locale":"es_ES","og_type":"article","og_title":"Sobreviure a l'incendi - Black Music Festival","og_description":"Este verano el colectivo musical valenciano de rap, rock, ska y ritmos electr\u00f3nicos ZOO se desped\u00eda del p\u00fablico despu\u00e9s de 10 a\u00f1os de carrera, en lo m\u00e1s alto de su [&hellip;]","og_url":"https:\/\/blackmusicfestival.com\/sobreviure\/","og_site_name":"Black Music Festival","og_image":[{"width":300,"height":428,"url":"https:\/\/blackmusicfestival.com\/wp-content\/uploads\/2025\/01\/zoo_sobreviure_a_l_incendi-875474058-large.jpg","type":"image\/jpeg"}],"twitter_card":"summary_large_image","twitter_misc":{"Tiempo de lectura":"1 minuto"},"schema":{"@context":"https:\/\/schema.org","@graph":[{"@type":"WebPage","@id":"https:\/\/blackmusicfestival.com\/sobreviure\/","url":"https:\/\/blackmusicfestival.com\/sobreviure\/","name":"Sobreviure a l'incendi - Black Music Festival","isPartOf":{"@id":"https:\/\/blackmusicfestival.com\/#website"},"primaryImageOfPage":{"@id":"https:\/\/blackmusicfestival.com\/sobreviure\/#primaryimage"},"image":{"@id":"https:\/\/blackmusicfestival.com\/sobreviure\/#primaryimage"},"thumbnailUrl":"https:\/\/blackmusicfestival.com\/wp-content\/uploads\/2025\/01\/zoo_sobreviure_a_l_incendi-875474058-large.jpg","datePublished":"2025-01-22T11:27:11+00:00","breadcrumb":{"@id":"https:\/\/blackmusicfestival.com\/sobreviure\/#breadcrumb"},"inLanguage":"es","potentialAction":[{"@type":"ReadAction","target":["https:\/\/blackmusicfestival.com\/sobreviure\/"]}]},{"@type":"ImageObject","inLanguage":"es","@id":"https:\/\/blackmusicfestival.com\/sobreviure\/#primaryimage","url":"https:\/\/blackmusicfestival.com\/wp-content\/uploads\/2025\/01\/zoo_sobreviure_a_l_incendi-875474058-large.jpg","contentUrl":"https:\/\/blackmusicfestival.com\/wp-content\/uploads\/2025\/01\/zoo_sobreviure_a_l_incendi-875474058-large.jpg","width":300,"height":428},{"@type":"BreadcrumbList","@id":"https:\/\/blackmusicfestival.com\/sobreviure\/#breadcrumb","itemListElement":[{"@type":"ListItem","position":1,"name":"Inici","item":"https:\/\/blackmusicfestival.com\/"},{"@type":"ListItem","position":2,"name":"Esdeveniments","item":"https:\/\/blackmusicfestival.com\/events\/"},{"@type":"ListItem","position":3,"name":"Sobreviure a l&#8217;incendi"}]},{"@type":"WebSite","@id":"https:\/\/blackmusicfestival.com\/#website","url":"https:\/\/blackmusicfestival.com\/","name":"Black Music Festival","description":"El Festival de M\u00fasica Negra de Catalunya","potentialAction":[{"@type":"SearchAction","target":{"@type":"EntryPoint","urlTemplate":"https:\/\/blackmusicfestival.com\/?s={search_term_string}"},"query-input":{"@type":"PropertyValueSpecification","valueRequired":true,"valueName":"search_term_string"}}],"inLanguage":"es"}]}},"_links":{"self":[{"href":"https:\/\/blackmusicfestival.com\/es\/wp-json\/wp\/v2\/tribe_events\/2436","targetHints":{"allow":["GET"]}}],"collection":[{"href":"https:\/\/blackmusicfestival.com\/es\/wp-json\/wp\/v2\/tribe_events"}],"about":[{"href":"https:\/\/blackmusicfestival.com\/es\/wp-json\/wp\/v2\/types\/tribe_events"}],"author":[{"embeddable":true,"href":"https:\/\/blackmusicfestival.com\/es\/wp-json\/wp\/v2\/users\/3"}],"version-history":[{"count":0,"href":"https:\/\/blackmusicfestival.com\/es\/wp-json\/wp\/v2\/tribe_events\/2436\/revisions"}],"wp:featuredmedia":[{"embeddable":true,"href":"https:\/\/blackmusicfestival.com\/es\/wp-json\/wp\/v2\/media\/2344"}],"wp:attachment":[{"href":"https:\/\/blackmusicfestival.com\/es\/wp-json\/wp\/v2\/media?parent=2436"}],"wp:term":[{"taxonomy":"post_tag","embeddable":true,"href":"https:\/\/blackmusicfestival.com\/es\/wp-json\/wp\/v2\/tags?post=2436"},{"taxonomy":"tribe_events_cat","embeddable":true,"href":"https:\/\/blackmusicfestival.com\/es\/wp-json\/wp\/v2\/tribe_events_cat?post=2436"}],"curies":[{"name":"wp","href":"https:\/\/api.w.org\/{rel}","templated":true}]}}

<p><iframe loading="lazy" width="100%" height="500" src="https://www.youtube.com/embed/QJRKilUurlY?si=7rw5huzkbC55FZQC" title="YouTube video player" frameborder="0" allow="accelerometer; autoplay; clipboard-write; encrypted-media; gyroscope; picture-in-picture; web-share" referrerpolicy="strict-origin-when-cross-origin" allowfullscreen></iframe></p>
<p>Este verano el colectivo musical valenciano de rap, rock, ska y ritmos electrónicos ZOO se despedía del público después de 10 años de carrera, en lo más alto de su popularidad. Este documental explica las razones de la disolución, las claves del éxito y el mayor peso del legado del grupo que ha dado la música en valenciano. A través de entrevistas, material de archivo e imágenes de los históricos conciertos en el Palau Sant Jordi, en el WiZink Center y en su Gandia natal, nos adentramos en el contexto familiar, social y cultural de uno de los grupos que mejor ha sabido hacer una música popular y masiva combinando mensaje social, poesía y festividad.</p>

<p>Este verano el colectivo musical valenciano de rap, rock, ska y ritmos electrónicos ZOO se despedía del público después de 10 años de carrera, en lo más alto de su [&hellip;]</p>

<!-- This site is optimized with the Yoast SEO plugin v26.3 - https://yoast.com/wordpress/plugins/seo/ -->
<title>Sobreviure a l&#039;incendi - Black Music Festival</title>
<meta name="robots" content="index, follow, max-snippet:-1, max-image-preview:large, max-video-preview:-1" />
<link rel="canonical" href="https://blackmusicfestival.com/sobreviure/" />
<meta property="og:locale" content="es_ES" />
<meta property="og:type" content="article" />
<meta property="og:title" content="Sobreviure a l&#039;incendi - Black Music Festival" />
<meta property="og:description" content="Este verano el colectivo musical valenciano de rap, rock, ska y ritmos electrónicos ZOO se despedía del público después de 10 años de carrera, en lo más alto de su [&hellip;]" />
<meta property="og:url" content="https://blackmusicfestival.com/sobreviure/" />
<meta property="og:site_name" content="Black Music Festival" />
<meta property="og:image" content="https://blackmusicfestival.com/wp-content/uploads/2025/01/zoo_sobreviure_a_l_incendi-875474058-large.jpg" />
	<meta property="og:image:width" content="300" />
	<meta property="og:image:height" content="428" />
	<meta property="og:image:type" content="image/jpeg" />
<meta name="twitter:card" content="summary_large_image" />
<meta name="twitter:label1" content="Tiempo de lectura" />
	<meta name="twitter:data1" content="1 minuto" />
<script type="application/ld+json" class="yoast-schema-graph">{"@context":"https://schema.org","@graph":[{"@type":"WebPage","@id":"https://blackmusicfestival.com/sobreviure/","url":"https://blackmusicfestival.com/sobreviure/","name":"Sobreviure a l'incendi - Black Music Festival","isPartOf":{"@id":"https://blackmusicfestival.com/#website"},"primaryImageOfPage":{"@id":"https://blackmusicfestival.com/sobreviure/#primaryimage"},"image":{"@id":"https://blackmusicfestival.com/sobreviure/#primaryimage"},"thumbnailUrl":"https://blackmusicfestival.com/wp-content/uploads/2025/01/zoo_sobreviure_a_l_incendi-875474058-large.jpg","datePublished":"2025-01-22T11:27:11+00:00","breadcrumb":{"@id":"https://blackmusicfestival.com/sobreviure/#breadcrumb"},"inLanguage":"es","potentialAction":[{"@type":"ReadAction","target":["https://blackmusicfestival.com/sobreviure/"]}]},{"@type":"ImageObject","inLanguage":"es","@id":"https://blackmusicfestival.com/sobreviure/#primaryimage","url":"https://blackmusicfestival.com/wp-content/uploads/2025/01/zoo_sobreviure_a_l_incendi-875474058-large.jpg","contentUrl":"https://blackmusicfestival.com/wp-content/uploads/2025/01/zoo_sobreviure_a_l_incendi-875474058-large.jpg","width":300,"height":428},{"@type":"BreadcrumbList","@id":"https://blackmusicfestival.com/sobreviure/#breadcrumb","itemListElement":[{"@type":"ListItem","position":1,"name":"Inici","item":"https://blackmusicfestival.com/"},{"@type":"ListItem","position":2,"name":"Esdeveniments","item":"https://blackmusicfestival.com/events/"},{"@type":"ListItem","position":3,"name":"Sobreviure a l&#8217;incendi"}]},{"@type":"WebSite","@id":"https://blackmusicfestival.com/#website","url":"https://blackmusicfestival.com/","name":"Black Music Festival","description":"El Festival de Música Negra de Catalunya","potentialAction":[{"@type":"SearchAction","target":{"@type":"EntryPoint","urlTemplate":"https://blackmusicfestival.com/?s={search_term_string}"},"query-input":{"@type":"PropertyValueSpecification","valueRequired":true,"valueName":"search_term_string"}}],"inLanguage":"es"}]}</script>
<!-- / Yoast SEO plugin. -->

Este verano el colectivo musical valenciano de rap, rock, ska y ritmos electrónicos ZOO se despedía del público después de 10 años de carrera, en lo más alto de su [&hellip;]

El Festival de Música Negra de Catalunya
