{"id":2439,"date":"2025-01-21T14:14:11","date_gmt":"2025-01-21T12:14:11","guid":{"rendered":"https:\/\/blackmusicfestival.com\/the-swing-cats\/"},"modified":"2025-01-21T14:14:11","modified_gmt":"2025-01-21T12:14:11","slug":"the-swing-cats","status":"publish","type":"tribe_events","link":"https:\/\/blackmusicfestival.com\/es\/the-swing-cats\/","title":{"rendered":"The Swing Cats"},"content":{"rendered":"<p><iframe loading=\"lazy\" width=\"100%\" height=\"500\" src=\"https:\/\/www.youtube.com\/embed\/ZfkDCPz1KnY?si=SJLhNmkaJyTipSFG\" title=\"YouTube video player\" frameborder=\"0\" allow=\"accelerometer; autoplay; clipboard-write; encrypted-media; gyroscope; picture-in-picture; web-share\" referrerpolicy=\"strict-origin-when-cross-origin\" allowfullscreen><\/iframe><\/p>\n<p>The Swing Cats representan una de las propuestas vocales m\u00e1s vers\u00e1tiles y seductoras que han aparecido en el panorama jazz\u00edstico del pa\u00eds, evocando las grandes voces y compositores de jazz de los a\u00f1os 30 y 40 del siglo pasado, como Billie Holiday, Ella Fitzgerald, Duke Ellington, George Gershwin e incluso Chet Baker.<\/p>\n<p>El concierto tendr\u00e1 servicio de bar a cargo de Oncolliga Fornells.<\/p>\n","protected":false},"excerpt":{"rendered":"<p>The Swing Cats representan una de las propuestas vocales m\u00e1s vers\u00e1tiles y seductoras que han aparecido en el panorama jazz\u00edstico del pa\u00eds, evocando las grandes voces y compositores de jazz [&hellip;]<\/p>\n","protected":false},"author":3,"featured_media":2316,"template":"","meta":{"_et_pb_use_builder":"","_et_pb_old_content":"","_et_gb_content_width":"","_tribe_events_status":"","_tribe_events_status_reason":"","footnotes":""},"tags":[],"tribe_events_cat":[271],"class_list":["post-2439","tribe_events","type-tribe_events","status-publish","has-post-thumbnail","hentry","tribe_events_cat-theswingcats-es","cat_theswingcats-es"],"yoast_head":"<!-- This site is optimized with the Yoast SEO plugin v26.3 - https:\/\/yoast.com\/wordpress\/plugins\/seo\/ -->\n<title>The Swing Cats - Black Music Festival<\/title>\n<meta name=\"robots\" content=\"index, follow, max-snippet:-1, max-image-preview:large, max-video-preview:-1\" \/>\n<link rel=\"canonical\" href=\"https:\/\/blackmusicfestival.com\/theswingcats\/\" \/>\n<meta property=\"og:locale\" content=\"es_ES\" \/>\n<meta property=\"og:type\" content=\"article\" \/>\n<meta property=\"og:title\" content=\"The Swing Cats - Black Music Festival\" \/>\n<meta property=\"og:description\" content=\"The Swing Cats representan una de las propuestas vocales m\u00e1s vers\u00e1tiles y seductoras que han aparecido en el panorama jazz\u00edstico del pa\u00eds, evocando las grandes voces y compositores de jazz [&hellip;]\" \/>\n<meta property=\"og:url\" content=\"https:\/\/blackmusicfestival.com\/theswingcats\/\" \/>\n<meta property=\"og:site_name\" content=\"Black Music Festival\" \/>\n<meta property=\"og:image\" content=\"https:\/\/blackmusicfestival.com\/wp-content\/uploads\/2025\/01\/P1220646-scaled.jpeg\" \/>\n\t<meta property=\"og:image:width\" content=\"2560\" \/>\n\t<meta property=\"og:image:height\" content=\"1920\" \/>\n\t<meta property=\"og:image:type\" content=\"image\/jpeg\" \/>\n<meta name=\"twitter:card\" content=\"summary_large_image\" \/>\n<script type=\"application\/ld+json\" class=\"yoast-schema-graph\">{\"@context\":\"https:\/\/schema.org\",\"@graph\":[{\"@type\":\"WebPage\",\"@id\":\"https:\/\/blackmusicfestival.com\/theswingcats\/\",\"url\":\"https:\/\/blackmusicfestival.com\/theswingcats\/\",\"name\":\"The Swing Cats - Black Music Festival\",\"isPartOf\":{\"@id\":\"https:\/\/blackmusicfestival.com\/#website\"},\"primaryImageOfPage\":{\"@id\":\"https:\/\/blackmusicfestival.com\/theswingcats\/#primaryimage\"},\"image\":{\"@id\":\"https:\/\/blackmusicfestival.com\/theswingcats\/#primaryimage\"},\"thumbnailUrl\":\"https:\/\/blackmusicfestival.com\/wp-content\/uploads\/2025\/01\/P1220646-scaled.jpeg\",\"datePublished\":\"2025-01-21T12:14:11+00:00\",\"breadcrumb\":{\"@id\":\"https:\/\/blackmusicfestival.com\/theswingcats\/#breadcrumb\"},\"inLanguage\":\"es\",\"potentialAction\":[{\"@type\":\"ReadAction\",\"target\":[\"https:\/\/blackmusicfestival.com\/theswingcats\/\"]}]},{\"@type\":\"ImageObject\",\"inLanguage\":\"es\",\"@id\":\"https:\/\/blackmusicfestival.com\/theswingcats\/#primaryimage\",\"url\":\"https:\/\/blackmusicfestival.com\/wp-content\/uploads\/2025\/01\/P1220646-scaled.jpeg\",\"contentUrl\":\"https:\/\/blackmusicfestival.com\/wp-content\/uploads\/2025\/01\/P1220646-scaled.jpeg\",\"width\":2560,\"height\":1920,\"caption\":\"OLYMPUS DIGITAL CAMERA\"},{\"@type\":\"BreadcrumbList\",\"@id\":\"https:\/\/blackmusicfestival.com\/theswingcats\/#breadcrumb\",\"itemListElement\":[{\"@type\":\"ListItem\",\"position\":1,\"name\":\"Inici\",\"item\":\"https:\/\/blackmusicfestival.com\/\"},{\"@type\":\"ListItem\",\"position\":2,\"name\":\"Esdeveniments\",\"item\":\"https:\/\/blackmusicfestival.com\/events\/\"},{\"@type\":\"ListItem\",\"position\":3,\"name\":\"The Swing Cats\"}]},{\"@type\":\"WebSite\",\"@id\":\"https:\/\/blackmusicfestival.com\/#website\",\"url\":\"https:\/\/blackmusicfestival.com\/\",\"name\":\"Black Music Festival\",\"description\":\"El Festival de M\u00fasica Negra de Catalunya\",\"potentialAction\":[{\"@type\":\"SearchAction\",\"target\":{\"@type\":\"EntryPoint\",\"urlTemplate\":\"https:\/\/blackmusicfestival.com\/?s={search_term_string}\"},\"query-input\":{\"@type\":\"PropertyValueSpecification\",\"valueRequired\":true,\"valueName\":\"search_term_string\"}}],\"inLanguage\":\"es\"}]}<\/script>\n<!-- \/ Yoast SEO plugin. -->","yoast_head_json":{"title":"The Swing Cats - Black Music Festival","robots":{"index":"index","follow":"follow","max-snippet":"max-snippet:-1","max-image-preview":"max-image-preview:large","max-video-preview":"max-video-preview:-1"},"canonical":"https:\/\/blackmusicfestival.com\/theswingcats\/","og_locale":"es_ES","og_type":"article","og_title":"The Swing Cats - Black Music Festival","og_description":"The Swing Cats representan una de las propuestas vocales m\u00e1s vers\u00e1tiles y seductoras que han aparecido en el panorama jazz\u00edstico del pa\u00eds, evocando las grandes voces y compositores de jazz [&hellip;]","og_url":"https:\/\/blackmusicfestival.com\/theswingcats\/","og_site_name":"Black Music Festival","og_image":[{"width":2560,"height":1920,"url":"https:\/\/blackmusicfestival.com\/wp-content\/uploads\/2025\/01\/P1220646-scaled.jpeg","type":"image\/jpeg"}],"twitter_card":"summary_large_image","schema":{"@context":"https:\/\/schema.org","@graph":[{"@type":"WebPage","@id":"https:\/\/blackmusicfestival.com\/theswingcats\/","url":"https:\/\/blackmusicfestival.com\/theswingcats\/","name":"The Swing Cats - Black Music Festival","isPartOf":{"@id":"https:\/\/blackmusicfestival.com\/#website"},"primaryImageOfPage":{"@id":"https:\/\/blackmusicfestival.com\/theswingcats\/#primaryimage"},"image":{"@id":"https:\/\/blackmusicfestival.com\/theswingcats\/#primaryimage"},"thumbnailUrl":"https:\/\/blackmusicfestival.com\/wp-content\/uploads\/2025\/01\/P1220646-scaled.jpeg","datePublished":"2025-01-21T12:14:11+00:00","breadcrumb":{"@id":"https:\/\/blackmusicfestival.com\/theswingcats\/#breadcrumb"},"inLanguage":"es","potentialAction":[{"@type":"ReadAction","target":["https:\/\/blackmusicfestival.com\/theswingcats\/"]}]},{"@type":"ImageObject","inLanguage":"es","@id":"https:\/\/blackmusicfestival.com\/theswingcats\/#primaryimage","url":"https:\/\/blackmusicfestival.com\/wp-content\/uploads\/2025\/01\/P1220646-scaled.jpeg","contentUrl":"https:\/\/blackmusicfestival.com\/wp-content\/uploads\/2025\/01\/P1220646-scaled.jpeg","width":2560,"height":1920,"caption":"OLYMPUS DIGITAL CAMERA"},{"@type":"BreadcrumbList","@id":"https:\/\/blackmusicfestival.com\/theswingcats\/#breadcrumb","itemListElement":[{"@type":"ListItem","position":1,"name":"Inici","item":"https:\/\/blackmusicfestival.com\/"},{"@type":"ListItem","position":2,"name":"Esdeveniments","item":"https:\/\/blackmusicfestival.com\/events\/"},{"@type":"ListItem","position":3,"name":"The Swing Cats"}]},{"@type":"WebSite","@id":"https:\/\/blackmusicfestival.com\/#website","url":"https:\/\/blackmusicfestival.com\/","name":"Black Music Festival","description":"El Festival de M\u00fasica Negra de Catalunya","potentialAction":[{"@type":"SearchAction","target":{"@type":"EntryPoint","urlTemplate":"https:\/\/blackmusicfestival.com\/?s={search_term_string}"},"query-input":{"@type":"PropertyValueSpecification","valueRequired":true,"valueName":"search_term_string"}}],"inLanguage":"es"}]}},"_links":{"self":[{"href":"https:\/\/blackmusicfestival.com\/es\/wp-json\/wp\/v2\/tribe_events\/2439","targetHints":{"allow":["GET"]}}],"collection":[{"href":"https:\/\/blackmusicfestival.com\/es\/wp-json\/wp\/v2\/tribe_events"}],"about":[{"href":"https:\/\/blackmusicfestival.com\/es\/wp-json\/wp\/v2\/types\/tribe_events"}],"author":[{"embeddable":true,"href":"https:\/\/blackmusicfestival.com\/es\/wp-json\/wp\/v2\/users\/3"}],"version-history":[{"count":0,"href":"https:\/\/blackmusicfestival.com\/es\/wp-json\/wp\/v2\/tribe_events\/2439\/revisions"}],"wp:featuredmedia":[{"embeddable":true,"href":"https:\/\/blackmusicfestival.com\/es\/wp-json\/wp\/v2\/media\/2316"}],"wp:attachment":[{"href":"https:\/\/blackmusicfestival.com\/es\/wp-json\/wp\/v2\/media?parent=2439"}],"wp:term":[{"taxonomy":"post_tag","embeddable":true,"href":"https:\/\/blackmusicfestival.com\/es\/wp-json\/wp\/v2\/tags?post=2439"},{"taxonomy":"tribe_events_cat","embeddable":true,"href":"https:\/\/blackmusicfestival.com\/es\/wp-json\/wp\/v2\/tribe_events_cat?post=2439"}],"curies":[{"name":"wp","href":"https:\/\/api.w.org\/{rel}","templated":true}]}}

<p><iframe loading="lazy" width="100%" height="500" src="https://www.youtube.com/embed/ZfkDCPz1KnY?si=SJLhNmkaJyTipSFG" title="YouTube video player" frameborder="0" allow="accelerometer; autoplay; clipboard-write; encrypted-media; gyroscope; picture-in-picture; web-share" referrerpolicy="strict-origin-when-cross-origin" allowfullscreen></iframe></p>
<p>The Swing Cats representan una de las propuestas vocales más versátiles y seductoras que han aparecido en el panorama jazzístico del país, evocando las grandes voces y compositores de jazz de los años 30 y 40 del siglo pasado, como Billie Holiday, Ella Fitzgerald, Duke Ellington, George Gershwin e incluso Chet Baker.</p>
<p>El concierto tendrá servicio de bar a cargo de Oncolliga Fornells.</p>

<p>The Swing Cats representan una de las propuestas vocales más versátiles y seductoras que han aparecido en el panorama jazzístico del país, evocando las grandes voces y compositores de jazz [&hellip;]</p>

<!-- This site is optimized with the Yoast SEO plugin v26.3 - https://yoast.com/wordpress/plugins/seo/ -->
<title>The Swing Cats - Black Music Festival</title>
<meta name="robots" content="index, follow, max-snippet:-1, max-image-preview:large, max-video-preview:-1" />
<link rel="canonical" href="https://blackmusicfestival.com/theswingcats/" />
<meta property="og:locale" content="es_ES" />
<meta property="og:type" content="article" />
<meta property="og:title" content="The Swing Cats - Black Music Festival" />
<meta property="og:description" content="The Swing Cats representan una de las propuestas vocales más versátiles y seductoras que han aparecido en el panorama jazzístico del país, evocando las grandes voces y compositores de jazz [&hellip;]" />
<meta property="og:url" content="https://blackmusicfestival.com/theswingcats/" />
<meta property="og:site_name" content="Black Music Festival" />
<meta property="og:image" content="https://blackmusicfestival.com/wp-content/uploads/2025/01/P1220646-scaled.jpeg" />
	<meta property="og:image:width" content="2560" />
	<meta property="og:image:height" content="1920" />
	<meta property="og:image:type" content="image/jpeg" />
<meta name="twitter:card" content="summary_large_image" />
<script type="application/ld+json" class="yoast-schema-graph">{"@context":"https://schema.org","@graph":[{"@type":"WebPage","@id":"https://blackmusicfestival.com/theswingcats/","url":"https://blackmusicfestival.com/theswingcats/","name":"The Swing Cats - Black Music Festival","isPartOf":{"@id":"https://blackmusicfestival.com/#website"},"primaryImageOfPage":{"@id":"https://blackmusicfestival.com/theswingcats/#primaryimage"},"image":{"@id":"https://blackmusicfestival.com/theswingcats/#primaryimage"},"thumbnailUrl":"https://blackmusicfestival.com/wp-content/uploads/2025/01/P1220646-scaled.jpeg","datePublished":"2025-01-21T12:14:11+00:00","breadcrumb":{"@id":"https://blackmusicfestival.com/theswingcats/#breadcrumb"},"inLanguage":"es","potentialAction":[{"@type":"ReadAction","target":["https://blackmusicfestival.com/theswingcats/"]}]},{"@type":"ImageObject","inLanguage":"es","@id":"https://blackmusicfestival.com/theswingcats/#primaryimage","url":"https://blackmusicfestival.com/wp-content/uploads/2025/01/P1220646-scaled.jpeg","contentUrl":"https://blackmusicfestival.com/wp-content/uploads/2025/01/P1220646-scaled.jpeg","width":2560,"height":1920,"caption":"OLYMPUS DIGITAL CAMERA"},{"@type":"BreadcrumbList","@id":"https://blackmusicfestival.com/theswingcats/#breadcrumb","itemListElement":[{"@type":"ListItem","position":1,"name":"Inici","item":"https://blackmusicfestival.com/"},{"@type":"ListItem","position":2,"name":"Esdeveniments","item":"https://blackmusicfestival.com/events/"},{"@type":"ListItem","position":3,"name":"The Swing Cats"}]},{"@type":"WebSite","@id":"https://blackmusicfestival.com/#website","url":"https://blackmusicfestival.com/","name":"Black Music Festival","description":"El Festival de Música Negra de Catalunya","potentialAction":[{"@type":"SearchAction","target":{"@type":"EntryPoint","urlTemplate":"https://blackmusicfestival.com/?s={search_term_string}"},"query-input":{"@type":"PropertyValueSpecification","valueRequired":true,"valueName":"search_term_string"}}],"inLanguage":"es"}]}</script>
<!-- / Yoast SEO plugin. -->

The Swing Cats representan una de las propuestas vocales más versátiles y seductoras que han aparecido en el panorama jazzístico del país, evocando las grandes voces y compositores de jazz [&hellip;]

El Festival de Música Negra de Catalunya
