{"id":3204,"date":"2025-12-15T13:21:36","date_gmt":"2025-12-15T11:21:36","guid":{"rendered":"https:\/\/blackmusicfestival.com\/olana-liss\/"},"modified":"2025-12-17T12:20:34","modified_gmt":"2025-12-17T10:20:34","slug":"olana-liss","status":"publish","type":"tribe_events","link":"https:\/\/blackmusicfestival.com\/es\/olana-liss\/","title":{"rendered":"Olana Liss"},"content":{"rendered":"<p>[et_pb_section fb_built=\u00bb1&#8243; _builder_version=\u00bb4.16&#8243; global_colors_info=\u00bb{}\u00bb][et_pb_row _builder_version=\u00bb4.16&#8243; background_size=\u00bbinitial\u00bb background_position=\u00bbtop_left\u00bb background_repeat=\u00bbrepeat\u00bb global_colors_info=\u00bb{}\u00bb][et_pb_column type=\u00bb4_4&#8243; _builder_version=\u00bb4.16&#8243; custom_padding=\u00bb|||\u00bb global_colors_info=\u00bb{}\u00bb custom_padding__hover=\u00bb|||\u00bb][et_pb_video src=\u00bbhttps:\/\/youtu.be\/irRBPFAT_Zw?si=_I0Qr9O21xA3lq0d\u00bb _builder_version=\u00bb4.27.4&#8243; _module_preset=\u00bbdefault\u00bb global_colors_info=\u00bb{}\u00bb][\/et_pb_video][et_pb_text _builder_version=\u00bb4.27.4&#8243; background_size=\u00bbinitial\u00bb background_position=\u00bbtop_left\u00bb background_repeat=\u00bbrepeat\u00bb global_colors_info=\u00bb{}\u00bb]La artista \u00abAfrome\u00f1a\u00bb Olana Liss continua la gira de su segundo trabajo discogr\u00e1fico \u201cEsencia Humana\u201d, un espect\u00e1culo incluido en el Libro n\u00ba 32 de la Red de Teatros, donde fusiona soul, funk y R&#038;B cl\u00e1sico en castellano y una identidad sonora profundamente personal, respaldando as\u00ed la solidez de su propuesta art\u00edstica, que encuentra su m\u00e1xima expresi\u00f3n en \u00abEsencia Humana\u00bb.[\/et_pb_text][\/et_pb_column][\/et_pb_row][\/et_pb_section]<\/p>\n","protected":false},"excerpt":{"rendered":"<p>+ Las Panteras<\/p>\n","protected":false},"author":3,"featured_media":3194,"template":"","meta":{"_et_pb_use_builder":"on","_et_pb_old_content":"","_et_gb_content_width":"","_tribe_events_status":"","_tribe_events_status_reason":"","footnotes":""},"tags":[],"tribe_events_cat":[337],"class_list":["post-3204","tribe_events","type-tribe_events","status-publish","has-post-thumbnail","hentry","tribe_events_cat-olana-liss","cat_olana-liss"],"yoast_head":"<!-- This site is optimized with the Yoast SEO plugin v26.3 - https:\/\/yoast.com\/wordpress\/plugins\/seo\/ -->\n<title>Olana Liss - Black Music Festival<\/title>\n<meta name=\"description\" content=\"La artista &quot;Afrome\u00f1a&quot; Olana Liss continua la gira de su segundo trabajo discogr\u00e1fico \u201cEsencia Humana\u201d, un espect\u00e1culo incluido en el Libro n\u00ba 32 de la Red de Teatros, donde fusiona soul, funk y R&amp;B cl\u00e1sico en castellano y una identidad sonora profundamente personal, respaldando as\u00ed la solidez de su propuesta art\u00edstica, que encuentra su m\u00e1xima expresi\u00f3n en &quot;Esencia Humana&quot;.\" \/>\n<meta name=\"robots\" content=\"index, follow, max-snippet:-1, max-image-preview:large, max-video-preview:-1\" \/>\n<link rel=\"canonical\" href=\"https:\/\/blackmusicfestival.com\/olanaliss\/\" \/>\n<meta property=\"og:locale\" content=\"es_ES\" \/>\n<meta property=\"og:type\" content=\"article\" \/>\n<meta property=\"og:title\" content=\"Olana Liss - Black Music Festival\" \/>\n<meta property=\"og:description\" content=\"La artista &quot;Afrome\u00f1a&quot; Olana Liss continua la gira de su segundo trabajo discogr\u00e1fico \u201cEsencia Humana\u201d, un espect\u00e1culo incluido en el Libro n\u00ba 32 de la Red de Teatros, donde fusiona soul, funk y R&amp;B cl\u00e1sico en castellano y una identidad sonora profundamente personal, respaldando as\u00ed la solidez de su propuesta art\u00edstica, que encuentra su m\u00e1xima expresi\u00f3n en &quot;Esencia Humana&quot;.\" \/>\n<meta property=\"og:url\" content=\"https:\/\/blackmusicfestival.com\/olanaliss\/\" \/>\n<meta property=\"og:site_name\" content=\"Black Music Festival\" \/>\n<meta property=\"article:modified_time\" content=\"2025-12-17T10:20:34+00:00\" \/>\n<meta property=\"og:image\" content=\"https:\/\/blackmusicfestival.com\/wp-content\/uploads\/2025\/12\/Promo-Olana-Liss-scaled.jpg\" \/>\n\t<meta property=\"og:image:width\" content=\"2560\" \/>\n\t<meta property=\"og:image:height\" content=\"1829\" \/>\n\t<meta property=\"og:image:type\" content=\"image\/jpeg\" \/>\n<meta name=\"twitter:card\" content=\"summary_large_image\" \/>\n<meta name=\"twitter:label1\" content=\"Tiempo de lectura\" \/>\n\t<meta name=\"twitter:data1\" content=\"1 minuto\" \/>\n<script type=\"application\/ld+json\" class=\"yoast-schema-graph\">{\"@context\":\"https:\/\/schema.org\",\"@graph\":[{\"@type\":\"WebPage\",\"@id\":\"https:\/\/blackmusicfestival.com\/olanaliss\/\",\"url\":\"https:\/\/blackmusicfestival.com\/olanaliss\/\",\"name\":\"Olana Liss - Black Music Festival\",\"isPartOf\":{\"@id\":\"https:\/\/blackmusicfestival.com\/#website\"},\"primaryImageOfPage\":{\"@id\":\"https:\/\/blackmusicfestival.com\/olanaliss\/#primaryimage\"},\"image\":{\"@id\":\"https:\/\/blackmusicfestival.com\/olanaliss\/#primaryimage\"},\"thumbnailUrl\":\"https:\/\/blackmusicfestival.com\/wp-content\/uploads\/2025\/12\/Promo-Olana-Liss-scaled.jpg\",\"datePublished\":\"2025-12-15T11:21:36+00:00\",\"dateModified\":\"2025-12-17T10:20:34+00:00\",\"description\":\"La artista \\\"Afrome\u00f1a\\\" Olana Liss continua la gira de su segundo trabajo discogr\u00e1fico \u201cEsencia Humana\u201d, un espect\u00e1culo incluido en el Libro n\u00ba 32 de la Red de Teatros, donde fusiona soul, funk y R&B cl\u00e1sico en castellano y una identidad sonora profundamente personal, respaldando as\u00ed la solidez de su propuesta art\u00edstica, que encuentra su m\u00e1xima expresi\u00f3n en \\\"Esencia Humana\\\".\",\"breadcrumb\":{\"@id\":\"https:\/\/blackmusicfestival.com\/olanaliss\/#breadcrumb\"},\"inLanguage\":\"es\",\"potentialAction\":[{\"@type\":\"ReadAction\",\"target\":[\"https:\/\/blackmusicfestival.com\/olanaliss\/\"]}]},{\"@type\":\"ImageObject\",\"inLanguage\":\"es\",\"@id\":\"https:\/\/blackmusicfestival.com\/olanaliss\/#primaryimage\",\"url\":\"https:\/\/blackmusicfestival.com\/wp-content\/uploads\/2025\/12\/Promo-Olana-Liss-scaled.jpg\",\"contentUrl\":\"https:\/\/blackmusicfestival.com\/wp-content\/uploads\/2025\/12\/Promo-Olana-Liss-scaled.jpg\",\"width\":2560,\"height\":1829},{\"@type\":\"BreadcrumbList\",\"@id\":\"https:\/\/blackmusicfestival.com\/olanaliss\/#breadcrumb\",\"itemListElement\":[{\"@type\":\"ListItem\",\"position\":1,\"name\":\"Inici\",\"item\":\"https:\/\/blackmusicfestival.com\/\"},{\"@type\":\"ListItem\",\"position\":2,\"name\":\"Esdeveniments\",\"item\":\"https:\/\/blackmusicfestival.com\/events\/\"},{\"@type\":\"ListItem\",\"position\":3,\"name\":\"Olana Liss\"}]},{\"@type\":\"WebSite\",\"@id\":\"https:\/\/blackmusicfestival.com\/#website\",\"url\":\"https:\/\/blackmusicfestival.com\/\",\"name\":\"Black Music Festival\",\"description\":\"El Festival de M\u00fasica Negra de Catalunya\",\"potentialAction\":[{\"@type\":\"SearchAction\",\"target\":{\"@type\":\"EntryPoint\",\"urlTemplate\":\"https:\/\/blackmusicfestival.com\/?s={search_term_string}\"},\"query-input\":{\"@type\":\"PropertyValueSpecification\",\"valueRequired\":true,\"valueName\":\"search_term_string\"}}],\"inLanguage\":\"es\"}]}<\/script>\n<!-- \/ Yoast SEO plugin. -->","yoast_head_json":{"title":"Olana Liss - Black Music Festival","description":"La artista \"Afrome\u00f1a\" Olana Liss continua la gira de su segundo trabajo discogr\u00e1fico \u201cEsencia Humana\u201d, un espect\u00e1culo incluido en el Libro n\u00ba 32 de la Red de Teatros, donde fusiona soul, funk y R&B cl\u00e1sico en castellano y una identidad sonora profundamente personal, respaldando as\u00ed la solidez de su propuesta art\u00edstica, que encuentra su m\u00e1xima expresi\u00f3n en \"Esencia Humana\".","robots":{"index":"index","follow":"follow","max-snippet":"max-snippet:-1","max-image-preview":"max-image-preview:large","max-video-preview":"max-video-preview:-1"},"canonical":"https:\/\/blackmusicfestival.com\/olanaliss\/","og_locale":"es_ES","og_type":"article","og_title":"Olana Liss - Black Music Festival","og_description":"La artista \"Afrome\u00f1a\" Olana Liss continua la gira de su segundo trabajo discogr\u00e1fico \u201cEsencia Humana\u201d, un espect\u00e1culo incluido en el Libro n\u00ba 32 de la Red de Teatros, donde fusiona soul, funk y R&B cl\u00e1sico en castellano y una identidad sonora profundamente personal, respaldando as\u00ed la solidez de su propuesta art\u00edstica, que encuentra su m\u00e1xima expresi\u00f3n en \"Esencia Humana\".","og_url":"https:\/\/blackmusicfestival.com\/olanaliss\/","og_site_name":"Black Music Festival","article_modified_time":"2025-12-17T10:20:34+00:00","og_image":[{"width":2560,"height":1829,"url":"https:\/\/blackmusicfestival.com\/wp-content\/uploads\/2025\/12\/Promo-Olana-Liss-scaled.jpg","type":"image\/jpeg"}],"twitter_card":"summary_large_image","twitter_misc":{"Tiempo de lectura":"1 minuto"},"schema":{"@context":"https:\/\/schema.org","@graph":[{"@type":"WebPage","@id":"https:\/\/blackmusicfestival.com\/olanaliss\/","url":"https:\/\/blackmusicfestival.com\/olanaliss\/","name":"Olana Liss - Black Music Festival","isPartOf":{"@id":"https:\/\/blackmusicfestival.com\/#website"},"primaryImageOfPage":{"@id":"https:\/\/blackmusicfestival.com\/olanaliss\/#primaryimage"},"image":{"@id":"https:\/\/blackmusicfestival.com\/olanaliss\/#primaryimage"},"thumbnailUrl":"https:\/\/blackmusicfestival.com\/wp-content\/uploads\/2025\/12\/Promo-Olana-Liss-scaled.jpg","datePublished":"2025-12-15T11:21:36+00:00","dateModified":"2025-12-17T10:20:34+00:00","description":"La artista \"Afrome\u00f1a\" Olana Liss continua la gira de su segundo trabajo discogr\u00e1fico \u201cEsencia Humana\u201d, un espect\u00e1culo incluido en el Libro n\u00ba 32 de la Red de Teatros, donde fusiona soul, funk y R&B cl\u00e1sico en castellano y una identidad sonora profundamente personal, respaldando as\u00ed la solidez de su propuesta art\u00edstica, que encuentra su m\u00e1xima expresi\u00f3n en \"Esencia Humana\".","breadcrumb":{"@id":"https:\/\/blackmusicfestival.com\/olanaliss\/#breadcrumb"},"inLanguage":"es","potentialAction":[{"@type":"ReadAction","target":["https:\/\/blackmusicfestival.com\/olanaliss\/"]}]},{"@type":"ImageObject","inLanguage":"es","@id":"https:\/\/blackmusicfestival.com\/olanaliss\/#primaryimage","url":"https:\/\/blackmusicfestival.com\/wp-content\/uploads\/2025\/12\/Promo-Olana-Liss-scaled.jpg","contentUrl":"https:\/\/blackmusicfestival.com\/wp-content\/uploads\/2025\/12\/Promo-Olana-Liss-scaled.jpg","width":2560,"height":1829},{"@type":"BreadcrumbList","@id":"https:\/\/blackmusicfestival.com\/olanaliss\/#breadcrumb","itemListElement":[{"@type":"ListItem","position":1,"name":"Inici","item":"https:\/\/blackmusicfestival.com\/"},{"@type":"ListItem","position":2,"name":"Esdeveniments","item":"https:\/\/blackmusicfestival.com\/events\/"},{"@type":"ListItem","position":3,"name":"Olana Liss"}]},{"@type":"WebSite","@id":"https:\/\/blackmusicfestival.com\/#website","url":"https:\/\/blackmusicfestival.com\/","name":"Black Music Festival","description":"El Festival de M\u00fasica Negra de Catalunya","potentialAction":[{"@type":"SearchAction","target":{"@type":"EntryPoint","urlTemplate":"https:\/\/blackmusicfestival.com\/?s={search_term_string}"},"query-input":{"@type":"PropertyValueSpecification","valueRequired":true,"valueName":"search_term_string"}}],"inLanguage":"es"}]}},"_links":{"self":[{"href":"https:\/\/blackmusicfestival.com\/es\/wp-json\/wp\/v2\/tribe_events\/3204","targetHints":{"allow":["GET"]}}],"collection":[{"href":"https:\/\/blackmusicfestival.com\/es\/wp-json\/wp\/v2\/tribe_events"}],"about":[{"href":"https:\/\/blackmusicfestival.com\/es\/wp-json\/wp\/v2\/types\/tribe_events"}],"author":[{"embeddable":true,"href":"https:\/\/blackmusicfestival.com\/es\/wp-json\/wp\/v2\/users\/3"}],"version-history":[{"count":6,"href":"https:\/\/blackmusicfestival.com\/es\/wp-json\/wp\/v2\/tribe_events\/3204\/revisions"}],"predecessor-version":[{"id":3337,"href":"https:\/\/blackmusicfestival.com\/es\/wp-json\/wp\/v2\/tribe_events\/3204\/revisions\/3337"}],"wp:featuredmedia":[{"embeddable":true,"href":"https:\/\/blackmusicfestival.com\/es\/wp-json\/wp\/v2\/media\/3194"}],"wp:attachment":[{"href":"https:\/\/blackmusicfestival.com\/es\/wp-json\/wp\/v2\/media?parent=3204"}],"wp:term":[{"taxonomy":"post_tag","embeddable":true,"href":"https:\/\/blackmusicfestival.com\/es\/wp-json\/wp\/v2\/tags?post=3204"},{"taxonomy":"tribe_events_cat","embeddable":true,"href":"https:\/\/blackmusicfestival.com\/es\/wp-json\/wp\/v2\/tribe_events_cat?post=3204"}],"curies":[{"name":"wp","href":"https:\/\/api.w.org\/{rel}","templated":true}]}}

<p>[et_pb_section fb_built=»1&#8243; _builder_version=»4.16&#8243; global_colors_info=»{}»][et_pb_row _builder_version=»4.16&#8243; background_size=»initial» background_position=»top_left» background_repeat=»repeat» global_colors_info=»{}»][et_pb_column type=»4_4&#8243; _builder_version=»4.16&#8243; custom_padding=»|||» global_colors_info=»{}» custom_padding__hover=»|||»][et_pb_video src=»https://youtu.be/irRBPFAT_Zw?si=_I0Qr9O21xA3lq0d» _builder_version=»4.27.4&#8243; _module_preset=»default» global_colors_info=»{}»][/et_pb_video][et_pb_text _builder_version=»4.27.4&#8243; background_size=»initial» background_position=»top_left» background_repeat=»repeat» global_colors_info=»{}»]La artista «Afromeña» Olana Liss continua la gira de su segundo trabajo discográfico “Esencia Humana”, un espectáculo incluido en el Libro nº 32 de la Red de Teatros, donde fusiona soul, funk y R&#038;B clásico en castellano y una identidad sonora profundamente personal, respaldando así la solidez de su propuesta artística, que encuentra su máxima expresión en «Esencia Humana».[/et_pb_text][/et_pb_column][/et_pb_row][/et_pb_section]</p>

<!-- This site is optimized with the Yoast SEO plugin v26.3 - https://yoast.com/wordpress/plugins/seo/ -->
<title>Olana Liss - Black Music Festival</title>
<meta name="description" content="La artista &quot;Afromeña&quot; Olana Liss continua la gira de su segundo trabajo discográfico “Esencia Humana”, un espectáculo incluido en el Libro nº 32 de la Red de Teatros, donde fusiona soul, funk y R&amp;B clásico en castellano y una identidad sonora profundamente personal, respaldando así la solidez de su propuesta artística, que encuentra su máxima expresión en &quot;Esencia Humana&quot;." />
<meta name="robots" content="index, follow, max-snippet:-1, max-image-preview:large, max-video-preview:-1" />
<link rel="canonical" href="https://blackmusicfestival.com/olanaliss/" />
<meta property="og:locale" content="es_ES" />
<meta property="og:type" content="article" />
<meta property="og:title" content="Olana Liss - Black Music Festival" />
<meta property="og:description" content="La artista &quot;Afromeña&quot; Olana Liss continua la gira de su segundo trabajo discográfico “Esencia Humana”, un espectáculo incluido en el Libro nº 32 de la Red de Teatros, donde fusiona soul, funk y R&amp;B clásico en castellano y una identidad sonora profundamente personal, respaldando así la solidez de su propuesta artística, que encuentra su máxima expresión en &quot;Esencia Humana&quot;." />
<meta property="og:url" content="https://blackmusicfestival.com/olanaliss/" />
<meta property="og:site_name" content="Black Music Festival" />
<meta property="article:modified_time" content="2025-12-17T10:20:34+00:00" />
<meta property="og:image" content="https://blackmusicfestival.com/wp-content/uploads/2025/12/Promo-Olana-Liss-scaled.jpg" />
	<meta property="og:image:width" content="2560" />
	<meta property="og:image:height" content="1829" />
	<meta property="og:image:type" content="image/jpeg" />
<meta name="twitter:card" content="summary_large_image" />
<meta name="twitter:label1" content="Tiempo de lectura" />
	<meta name="twitter:data1" content="1 minuto" />
<script type="application/ld+json" class="yoast-schema-graph">{"@context":"https://schema.org","@graph":[{"@type":"WebPage","@id":"https://blackmusicfestival.com/olanaliss/","url":"https://blackmusicfestival.com/olanaliss/","name":"Olana Liss - Black Music Festival","isPartOf":{"@id":"https://blackmusicfestival.com/#website"},"primaryImageOfPage":{"@id":"https://blackmusicfestival.com/olanaliss/#primaryimage"},"image":{"@id":"https://blackmusicfestival.com/olanaliss/#primaryimage"},"thumbnailUrl":"https://blackmusicfestival.com/wp-content/uploads/2025/12/Promo-Olana-Liss-scaled.jpg","datePublished":"2025-12-15T11:21:36+00:00","dateModified":"2025-12-17T10:20:34+00:00","description":"La artista \"Afromeña\" Olana Liss continua la gira de su segundo trabajo discográfico “Esencia Humana”, un espectáculo incluido en el Libro nº 32 de la Red de Teatros, donde fusiona soul, funk y R&B clásico en castellano y una identidad sonora profundamente personal, respaldando así la solidez de su propuesta artística, que encuentra su máxima expresión en \"Esencia Humana\".","breadcrumb":{"@id":"https://blackmusicfestival.com/olanaliss/#breadcrumb"},"inLanguage":"es","potentialAction":[{"@type":"ReadAction","target":["https://blackmusicfestival.com/olanaliss/"]}]},{"@type":"ImageObject","inLanguage":"es","@id":"https://blackmusicfestival.com/olanaliss/#primaryimage","url":"https://blackmusicfestival.com/wp-content/uploads/2025/12/Promo-Olana-Liss-scaled.jpg","contentUrl":"https://blackmusicfestival.com/wp-content/uploads/2025/12/Promo-Olana-Liss-scaled.jpg","width":2560,"height":1829},{"@type":"BreadcrumbList","@id":"https://blackmusicfestival.com/olanaliss/#breadcrumb","itemListElement":[{"@type":"ListItem","position":1,"name":"Inici","item":"https://blackmusicfestival.com/"},{"@type":"ListItem","position":2,"name":"Esdeveniments","item":"https://blackmusicfestival.com/events/"},{"@type":"ListItem","position":3,"name":"Olana Liss"}]},{"@type":"WebSite","@id":"https://blackmusicfestival.com/#website","url":"https://blackmusicfestival.com/","name":"Black Music Festival","description":"El Festival de Música Negra de Catalunya","potentialAction":[{"@type":"SearchAction","target":{"@type":"EntryPoint","urlTemplate":"https://blackmusicfestival.com/?s={search_term_string}"},"query-input":{"@type":"PropertyValueSpecification","valueRequired":true,"valueName":"search_term_string"}}],"inLanguage":"es"}]}</script>
<!-- / Yoast SEO plugin. -->

La artista "Afromeña" Olana Liss continua la gira de su segundo trabajo discográfico “Esencia Humana”, un espectáculo incluido en el Libro nº 32 de la Red de Teatros, donde fusiona soul, funk y R&B clásico en castellano y una identidad sonora profundamente personal, respaldando así la solidez de su propuesta artística, que encuentra su máxima expresión en "Esencia Humana".

El Festival de Música Negra de Catalunya
